-- Table structure for table `ps_hook_alias`
--

CREATE TABLE `ps_hook_alias` (
  `id_hook_alias` int(10) unsigned NOT NULL AUTO_INCREMENT,
  `alias` varchar(64) NOT NULL,
  `name` varchar(64) NOT NULL,
  PRIMARY KEY (`id_hook_alias`),
  UNIQUE KEY `alias` (`alias`)
) ENGINE=InnoDB AUTO_INCREMENT=84 DEFAULT CHARSET=utf8;

--
-- Dumping data for table `ps_hook_alias`
--

INSERT INTO `ps_hook_alias` VALUES (1,'newOrder','actionValidateOrder'),(2,'paymentConfirm','actionPaymentConfirmation'),(3,'paymentReturn','displayPaymentReturn'),(4,'updateQuantity','actionUpdateQuantity'),(5,'rightColumn','displayRightColumn'),(6,'leftColumn','displayLeftColumn'),(7,'home','displayHome'),(8,'displayHeader','Header'),(9,'cart','actionCartSave'),(10,'authentication','actionAuthentication'),(11,'addproduct','actionProductAdd'),(12,'updateproduct','actionProductUpdate'),(13,'top','displayTop'),(14,'extraRight','displayRightColumnProduct'),(15,'deleteproduct','actionProductDelete'),(16,'productfooter','displayFooterProduct'),(17,'invoice','displayInvoice'),(18,'updateOrderStatus','actionOrderStatusUpdate'),(19,'adminOrder','displayAdminOrder'),(20,'footer','displayFooter'),(21,'PDFInvoice','displayPDFInvoice'),(22,'adminCustomers','displayAdminCustomers'),(23,'orderConfirmation','displayOrderConfirmation'),(24,'createAccount','actionCustomerAccountAdd'),(25,'customerAccount','displayCustomerAccount'),(26,'orderSlip','actionOrderSlipAdd'),(27,'shoppingCart','displayShoppingCartFooter'),(28,'createAccountForm','displayCustomerAccountForm'),(29,'AdminStatsModules','displayAdminStatsModules'),(30,'GraphEngine','displayAdminStatsGraphEngine'),(31,'orderReturn','actionOrderReturn'),(32,'productActions','displayProductAdditionalInfo'),(33,'displayProductButtons','displayProductAdditionalInfo'),(34,'backOfficeHome','displayBackOfficeHome'),(35,'GridEngine','displayAdminStatsGridEngine'),(36,'watermark','actionWatermark'),(37,'cancelProduct','actionProductCancel'),(38,'extraLeft','displayLeftColumnProduct'),(39,'productOutOfStock','actionProductOutOfStock'),(40,'updateProductAttribute','actionProductAttributeUpdate'),(41,'extraCarrier','displayCarrierList'),(42,'shoppingCartExtra','displayShoppingCart'),(43,'updateCarrier','actionCarrierUpdate'),(44,'postUpdateOrderStatus','actionOrderStatusPostUpdate'),(45,'createAccountTop','displayCustomerAccountFormTop'),(46,'backOfficeHeader','displayBackOfficeHeader'),(47,'backOfficeTop','displayBackOfficeTop'),(48,'backOfficeFooter','displayBackOfficeFooter'),(49,'deleteProductAttribute','actionProductAttributeDelete'),(50,'processCarrier','actionCarrierProcess'),(51,'beforeCarrier','displayBeforeCarrier'),(52,'orderDetailDisplayed','displayOrderDetail'),(53,'paymentCCAdded','actionPaymentCCAdd'),(54,'categoryAddition','actionCategoryAdd'),(55,'categoryUpdate','actionCategoryUpdate'),(56,'categoryDeletion','actionCategoryDelete'),(57,'paymentTop','displayPaymentTop'),(58,'afterCreateHtaccess','actionHtaccessCreate'),(59,'afterSaveAdminMeta','actionAdminMetaSave'),(60,'attributeGroupForm','displayAttributeGroupForm'),(61,'afterSaveAttributeGroup','actionAttributeGroupSave'),(62,'afterDeleteAttributeGroup','actionAttributeGroupDelete'),(63,'featureForm','displayFeatureForm'),(64,'afterSaveFeature','actionFeatureSave'),(65,'afterDeleteFeature','actionFeatureDelete'),(66,'afterSaveProduct','actionProductSave'),(67,'postProcessAttributeGroup','displayAttributeGroupPostProcess'),(68,'postProcessFeature','displayFeaturePostProcess'),(69,'featureValueForm','displayFeatureValueForm'),(70,'postProcessFeatureValue','displayFeatureValuePostProcess'),(71,'afterDeleteFeatureValue','actionFeatureValueDelete'),(72,'afterSaveFeatureValue','actionFeatureValueSave'),(73,'attributeForm','displayAttributeForm'),(74,'postProcessAttribute','actionAttributePostProcess'),(75,'afterDeleteAttribute','actionAttributeDelete'),(76,'afterSaveAttribute','actionAttributeSave'),(77,'taxManager','actionTaxManager'),(78,'myAccountBlock','displayMyAccountBlock'),(79,'actionBeforeCartUpdateQty','actionCartUpdateQuantityBefore'),(80,'actionBeforeAjaxDie','actionAjaxDieBefore'),(81,'actionBeforeAuthentication','actionAuthenticationBefore'),(82,'actionBeforeSubmitAccount','actionSubmitAccountBefore'),(83,'actionAfterDeleteProductInCart','actionDeleteProductInCartAfter');

--
-- Table structure for table `ps_hook_module`
--

CREATE TABLE `ps_hook_module` (
  `id_module` int(10) unsigned NOT NULL,
  `id_shop` int(11) unsigned NOT NULL DEFAULT '1',
  `id_hook` int(10) unsigned NOT NULL,
  `position` tinyint(2) unsigned NOT NULL,
  PRIMARY KEY (`id_module`,`id_hook`,`id_shop`),
  KEY `id_hook` (`id_hook`),
  KEY `id_module` (`id_module`),
  KEY `position` (`id_shop`,`position`)
) ENGINE=InnoDB DEFAULT CHARSET=utf8;

--
-- Dumping data for table `ps_hook_module`
--

INSERT INTO `ps_hook_module` VALUES (1,1,394,1),(2,1,396,1),(2,1,397,1),(2,1,398,1),(2,1,399,1),(2,1,400,1),(2,1,401,1),(2,1,402,1),(3,1,63,1),(3,1,403,1),(5,1,404,1),(6,1,50,1),(7,1,54,1),(9,1,406,1),(9,1,441,1),(10,1,12,1),(11,1,5,1),(11,1,407,1),(12,1,409,1),(13,1,410,1),(14,1,411,1),(14,1,412,1),(16,1,413,1),(17,1,41,1),(17,1,114,1),(17,1,414,1),(17,1,416,1),(17,1,417,1),(20,1,17,1),(20,1,18,1),(20,1,24,1),(20,1,76,1),(20,1,419,1),(20,1,420,1),(20,1,421,1),(21,1,13,1),(21,1,14,1),(22,1,105,1),(23,1,133,1),(24,1,422,1),(24,1,423,1),(24,1,424,1),(24,1,425,1),(24,1,426,1),(24,1,427,1),(24,1,428,1),(24,1,429,1),(24,1,430,1),(24,1,431,1),(24,1,432,1),(24,1,433,1),(24,1,434,1),(24,1,435,1),(24,1,436,1),(25,1,437,1),(26,1,52,1),(31,1,49,1),(41,1,16,1),(41,1,20,1),(54,1,438,1),(54,1,439,1),(55,1,1,1),(55,1,29,1),(55,1,101,1),(55,1,443,1),(55,1,444,1),(55,1,445,1),(55,1,446,1),(55,1,447,1),(55,1,448,1),(55,1,449,1),(55,1,450,1),(55,1,451,1),(55,1,452,1),(55,1,453,1),(55,1,454,1),(55,1,455,1),(55,1,456,1),(55,1,457,1),(56,1,395,1),(57,1,43,1),(57,1,440,1),(58,1,67,1),(58,1,151,1),(58,1,152,1),(60,1,19,1),(60,1,22,1),(60,1,442,1),(60,1,493,1),(61,1,75,1),(61,1,77,1),(61,1,81,1),(61,1,82,1),(61,1,83,1),(61,1,84,1),(61,1,85,1),(61,1,86,1),(61,1,87,1),(61,1,88,1),(61,1,89,1),(61,1,90,1),(61,1,91,1),(61,1,92,1),(61,1,93,1),(61,1,94,1),(61,1,95,1),(61,1,97,1),(61,1,418,1),(61,1,488,1),(61,1,489,1),(61,1,490,1),(61,1,491,1),(61,1,492,1),(62,1,23,1),(63,1,27,1),(65,1,459,1),(65,1,460,1),(65,1,461,1),(65,1,462,1),(65,1,463,1),(66,1,464,1),(67,1,466,1),(68,1,467,1),(69,1,102,1),(70,1,21,1),(70,1,408,1),(70,1,468,1),(70,1,469,1),(70,1,470,1),(70,1,471,1),(70,1,472,1),(70,1,473,1),(70,1,474,1),(70,1,486,1),(70,1,487,1),(71,1,35,1),(71,1,65,1),(71,1,458,1),(71,1,475,1),(71,1,476,1),(71,1,477,1),(71,1,478,1),(73,1,480,1),(79,1,481,1),(79,1,482,1),(80,1,483,1),(80,1,484,1),(80,1,485,1),(2,1,395,2),(3,1,396,2),(3,1,402,2),(4,1,403,2),(5,1,397,2),(13,1,105,2),(17,1,394,2),(20,1,13,2),(21,1,413,2),(23,1,35,2),(24,1,76,2),(25,1,14,2),(28,1,478,2),(30,1,5,2),(30,1,407,2),(32,1,49,2),(41,1,41,2),(51,1,404,2),(55,1,398,2),(55,1,400,2),(55,1,409,2),(55,1,427,2),(55,1,436,2),(57,1,114,2),(57,1,416,2),(58,1,438,2),(60,1,133,2),(61,1,12,2),(63,1,17,2),(63,1,18,2),(63,1,24,2),(64,1,458,2),(70,1,65,2),(70,1,102,2),(71,1,414,2),(72,1,469,2),(73,1,468,2),(75,1,21,2),(80,1,20,2),(81,1,471,2),(4,1,396,3),(4,1,402,3),(5,1,403,3),(14,1,35,3),(16,1,13,3),(24,1,413,3),(27,1,14,3),(27,1,21,3),(33,1,49,3),(55,1,397,3),(57,1,41,3),(57,1,394,3),(60,1,414,3),(60,1,478,3),(61,1,76,3),(62,1,12,3),(64,1,17,3),(64,1,18,3),(64,1,24,3),(70,1,105,3),(74,1,469,3),(76,1,471,3),(78,1,468,3),(5,1,396,4),(6,1,402,4),(15,1,105,4),(34,1,49,4),(64,1,14,4),(69,1,413,4),(77,1,12,4),(77,1,17,4),(77,1,18,4),(77,1,24,4),(77,1,76,4),(35,1,49,5),(55,1,402,5),(65,1,14,5),(78,1,17,5),(78,1,18,5),(78,1,24,5),(36,1,49,6),(57,1,402,6),(66,1,14,6),(37,1,49,7),(67,1,14,7),(38,1,49,8),(68,1,14,8),(39,1,49,9),(69,1,14,9),(40,1,49,10),(70,1,14,10),(42,1,49,11),(72,1,14,11),(43,1,49,12),(73,1,14,12),(44,1,49,13),(74,1,14,13),(45,1,49,14),(75,1,14,14),(46,1,49,15),(76,1,14,15),(47,1,49,16),(77,1,14,16),(48,1,49,17),(78,1,14,17),(49,1,49,18),(79,1,14,18),(50,1,49,19),(80,1,14,19),(51,1,49,20),(81,1,14,20),(52,1,49,21),(53,1,49,22);

--
-- Table structure for table `ps_hook_module_exceptions`
--

CREATE TABLE `ps_hook_module_exceptions` (
  `id_hook_module_exceptions` int(10) unsigned NOT NULL AUTO_INCREMENT,
  `id_shop` int(11) unsigned NOT NULL DEFAULT '1',
  `id_module` int(10) unsigned NOT NULL,
  `id_hook` int(10) unsigned NOT NULL,
  `file_name` varchar(255) DEFAULT NULL,
  PRIMARY KEY (`id_hook_module_exceptions`),
  KEY `id_module` (`id_module`),
  KEY `id_hook` (`id_hook`)
) ENGINE=InnoDB DEFAULT CHARSET=utf8;

--
-- Dumping data for table `ps_hook_module_exceptions`
--


--
-- Table structure for table `ps_image`
--

CREATE TABLE `ps_image` (
  `id_image` int(10) unsigned NOT NULL AUTO_INCREMENT,
  `id_product` int(10) unsigned NOT NULL,
  `position` smallint(2) unsigned NOT NULL DEFAULT '0',
  `cover` tinyint(1) unsigned DEFAULT NULL,
  PRIMARY KEY (`id_image`),
  UNIQUE KEY `id_product_cover` (`id_product`,`cover`),
  UNIQUE KEY `idx_product_image` (`id_image`,`id_product`,`cover`),
  KEY `image_product` (`id_product`)
) ENGINE=InnoDB AUTO_INCREMENT=24 DEFAULT CHARSET=utf8;

--
-- Dumping data for table `ps_image`
--

INSERT INTO `ps_image` VALUES (1,1,1,1),(2,1,2,NULL),(3,3,1,1),(4,4,1,1),(5,5,1,1),(6,6,1,1),(7,7,1,1),(8,8,1,1),(9,9,1,1),(10,9,2,NULL),(11,10,1,1),(12,10,2,NULL),(13,11,1,1),(14,11,2,NULL),(15,12,1,1),(16,13,1,1),(17,14,1,1),(18,16,1,1),(19,17,1,1),(20,18,1,1),(21,2,1,1),(22,19,1,1),(23,15,1,1);

--
-- Table structure for table `ps_image_lang`
--

CREATE TABLE `ps_image_lang` (
  `id_image` int(10) unsigned NOT NULL,
  `id_lang` int(10) unsigned NOT NULL,
  `legend` varchar(128) DEFAULT NULL,
  PRIMARY KEY (`id_image`,`id_lang`),
  KEY `id_image` (`id_image`)
) ENGINE=InnoDB DEFAULT CHARSET=utf8;

--
-- Dumping data for table `ps_image_lang`
--

INSERT INTO `ps_image_lang` VALUES (1,1,'Hummingbird printed t-shirt'),(2,1,'Hummingbird printed t-shirt'),(3,1,'The best is yet to come\' Framed poster'),(4,1,'The adventure begins Framed poster'),(5,1,'Today is a good day Framed poster'),(6,1,'Mug The best is yet to come'),(7,1,'Mug The adventure begins'),(8,1,'Mug Today is a good day'),(9,1,'Mountain fox cushion'),(10,1,'Mountain fox cushion'),(11,1,'Brown bear cushion'),(12,1,'Brown bear cushion'),(13,1,'Hummingbird cushion'),(14,1,'Hummingbird cushion'),(15,1,'Mountain fox - Vector graphics'),(16,1,'Brown bear - Vector graphics'),(17,1,'Hummingbird - Vector graphics'),(18,1,'Mountain fox notebook'),(19,1,'Mountain fox notebook'),(20,1,'Mountain fox notebook'),(21,1,'Brown bear printed sweater'),(22,1,'Customizable mug'),(23,1,'Pack Mug + Framed poster');

--
-- Table structure for table `ps_image_shop`
--

CREATE TABLE `ps_image_shop` (
  `id_product` int(10) unsigned NOT NULL,
  `id_image` int(11) unsigned NOT NULL,
  `id_shop` int(11) unsigned NOT NULL,
  `cover` tinyint(1) unsigned DEFAULT NULL,
  PRIMARY KEY (`id_image`,`id_shop`),
  UNIQUE KEY `id_product` (`id_product`,`id_shop`,`cover`),
  KEY `id_shop` (`id_shop`)
) ENGINE=InnoDB DEFAULT CHARSET=utf8;

--
-- Dumping data for table `ps_image_shop`
--

INSERT INTO `ps_image_shop` VALUES (1,2,1,NULL),(1,1,1,1),(2,21,1,1),(3,3,1,1),(4,4,1,1),(5,5,1,1),(6,6,1,1),(7,7,1,1),(8,8,1,1),(9,10,1,NULL),(9,9,1,1),(10,12,1,NULL),(10,11,1,1),(11,14,1,NULL),(11,13,1,1),(12,15,1,1),(13,16,1,1),(14,17,1,1),(15,23,1,1),(16,18,1,1),(17,19,1,1),(18,20,1,1),(19,22,1,1);

--
-- Table structure for table `ps_image_type`
--

CREATE TABLE `ps_image_type` (
  `id_image_type` int(10) unsigned NOT NULL AUTO_INCREMENT,
  `name` varchar(64) NOT NULL,
  `width` int(10) unsigned NOT NULL,
  `height` int(10) unsigned NOT NULL,
  `products` tinyint(1) NOT NULL DEFAULT '1',
  `categories` tinyint(1) NOT NULL DEFAULT '1',
  `manufacturers` tinyint(1) NOT NULL DEFAULT '1',
  `suppliers` tinyint(1) NOT NULL DEFAULT '1',
  `stores` tinyint(1) NOT NULL DEFAULT '1',
  PRIMARY KEY (`id_image_type`),
  KEY `image_type_name` (`name`)
) ENGINE=InnoDB AUTO_INCREMENT=9 DEFAULT CHARSET=utf8;

--
-- Dumping data for table `ps_image_type`
--

INSERT INTO `ps_image_type` VALUES (1,'cart_default',125,99,1,0,0,0,0),(2,'small_default',98,78,1,1,1,1,0),(3,'medium_default',460,365,1,0,1,1,0),(4,'home_default',300,238,1,0,0,0,0),(5,'large_default',630,500,1,0,1,1,0),(6,'category_default',870,282,0,1,0,0,0),(7,'stores_default',170,115,0,0,0,0,1),(8,'side_default',70,92,1,0,0,0,0);

--
-- Table structure for table `ps_import_match`
--

CREATE TABLE `ps_import_match` (
  `id_import_match` int(10) NOT NULL AUTO_INCREMENT,
  `name` varchar(32) NOT NULL,
  `match` text NOT NULL,
  `skip` int(2) NOT NULL,
  PRIMARY KEY (`id_import_match`)
) ENGINE=InnoDB DEFAULT CHARSET=utf8;

--
-- Dumping data for table `ps_import_match`
--


--
-- Table structure for table `ps_info`
--

CREATE TABLE `ps_info` (
  `id_info` int(10) unsigned NOT NULL AUTO_INCREMENT,
  PRIMARY KEY (`id_info`)
) ENGINE=InnoDB AUTO_INCREMENT=2 DEFAULT CHARSET=utf8;

--
-- Dumping data for table `ps_info`
--

INSERT INTO `ps_info` VALUES (1);

--
-- Table structure for table `ps_info_lang`
--

CREATE TABLE `ps_info_lang` (
  `id_info` int(10) unsigned NOT NULL,
  `id_shop` int(10) unsigned NOT NULL,
  `id_lang` int(10) unsigned NOT NULL,
  `text` text NOT NULL,
  PRIMARY KEY (`id_info`,`id_lang`,`id_shop`)
) ENGINE=InnoDB DEFAULT CHARSET=utf8;

--
-- Dumping data for table `ps_info_lang`
--

INSERT INTO `ps_info_lang` VALUES (1,1,1,'<h2>Custom Text Block</h2>\n<p><strong class=\"dark\">Lorem ipsum dolor sit amet conse ctetu</strong></p>\n<p>Sit amet conse ctetur adipisicing elit, sed do eiusmod tempor incididunt ut labore et dolore magna aliqua. Ut enim ad minim veniam, quis nostrud exercitation ullamco laboris nisi ut aliquip ex ea commodo consequat. Duis aute irure dolor in reprehenderit.</p>');

--
-- Table structure for table `ps_info_shop`
--

CREATE TABLE `ps_info_shop` (
  `id_info` int(10) unsigned NOT NULL,
  `id_shop` int(10) unsigned NOT NULL,
  PRIMARY KEY (`id_info`,`id_shop`)
) ENGINE=InnoDB DEFAULT CHARSET=utf8;

--
-- Dumping data for table `ps_info_shop`
--

INSERT INTO `ps_info_shop` VALUES (1,1);

--
-- Table structure for table `ps_lang`
--

CREATE TABLE `ps_lang` (
  `id_lang` int(11) NOT NULL AUTO_INCREMENT,
  `name` varchar(32) COLLATE utf8_unicode_ci NOT NULL,
  `active` tinyint(1) NOT NULL,
  `iso_code` varchar(2) COLLATE utf8_unicode_ci NOT NULL,
  `language_code` varchar(5) COLLATE utf8_unicode_ci NOT NULL,
  `locale` varchar(5) COLLATE utf8_unicode_ci NOT NULL,
  `date_format_lite` varchar(32) COLLATE utf8_unicode_ci NOT NULL,
  `date_format_full` varchar(32) COLLATE utf8_unicode_ci NOT NULL,
  `is_rtl` tinyint(1) NOT NULL,
  PRIMARY KEY (`id_lang`)
) ENGINE=InnoDB AUTO_INCREMENT=2 DEFAULT CHARSET=utf8 COLLATE=utf8_unicode_ci;

--
-- Dumping data for table `ps_lang`
--

INSERT INTO `ps_lang` VALUES (1,'English (English)',1,'en','en-us','en-US','m/d/Y','m/d/Y H:i:s',0);

--
-- Table structure for table `ps_lang_shop`
--

CREATE TABLE `ps_lang_shop` (
  `id_lang` int(11) NOT NULL,
  `id_shop` int(11) NOT NULL,
  PRIMARY KEY (`id_lang`,`id_shop`),
  KEY `IDX_2F43BFC7BA299860` (`id_lang`),
  KEY `IDX_2F43BFC7274A50A0` (`id_shop`)
) ENGINE=InnoDB DEFAULT CHARSET=utf8 COLLATE=utf8_unicode_ci;

--
-- Dumping data for table `ps_lang_shop`
--

INSERT INTO `ps_lang_shop` VALUES (1,1);

--
-- Table structure for table `ps_layered_category`
--

CREATE TABLE `ps_layered_category` (
  `id_layered_category` int(10) unsigned NOT NULL AUTO_INCREMENT,
  `id_shop` int(11) unsigned NOT NULL,
  `id_category` int(10) unsigned NOT NULL,
  `id_value` int(10) unsigned DEFAULT '0',
  `type` enum('category','id_feature','id_attribute_group','quantity','condition','manufacturer','weight','price') NOT NULL,
  `position` int(10) unsigned NOT NULL,
  `filter_type` int(10) unsigned NOT NULL DEFAULT '0',
  `filter_show_limit` int(10) unsigned NOT NULL DEFAULT '0',
  PRIMARY KEY (`id_layered_category`),
  KEY `id_category_shop` (`id_category`,`id_shop`,`type`,`id_value`,`position`),
  KEY `id_category` (`id_category`,`type`)
) ENGINE=InnoDB AUTO_INCREMENT=97 DEFAULT CHARSET=utf8;

--
-- Dumping data for table `ps_layered_category`
--

INSERT INTO `ps_layered_category` VALUES (1,1,2,NULL,'category',1,0,0),(2,1,2,2,'id_attribute_group',2,0,0),(3,1,2,1,'id_attribute_group',3,0,0),(4,1,2,1,'id_feature',4,0,0),(5,1,2,2,'id_feature',5,0,0),(6,1,2,NULL,'quantity',6,0,0),(7,1,2,NULL,'manufacturer',7,0,0),(8,1,2,NULL,'condition',8,0,0),(9,1,2,NULL,'weight',9,0,0),(10,1,2,NULL,'price',10,0,0),(11,1,2,3,'id_attribute_group',11,0,0),(12,1,2,4,'id_attribute_group',12,0,0),(13,1,3,NULL,'category',1,0,0),(14,1,3,2,'id_attribute_group',2,0,0),(15,1,3,1,'id_attribute_group',3,0,0),(16,1,3,1,'id_feature',4,0,0),(17,1,3,2,'id_feature',5,0,0),(18,1,3,NULL,'quantity',6,0,0),(19,1,3,NULL,'manufacturer',7,0,0),(20,1,3,NULL,'condition',8,0,0),(21,1,3,NULL,'weight',9,0,0),(22,1,3,NULL,'price',10,0,0),(23,1,3,3,'id_attribute_group',11,0,0),(24,1,3,4,'id_attribute_group',12,0,0),(25,1,4,NULL,'category',1,0,0),(26,1,4,2,'id_attribute_group',2,0,0),(27,1,4,1,'id_attribute_group',3,0,0),(28,1,4,1,'id_feature',4,0,0),(29,1,4,2,'id_feature',5,0,0),(30,1,4,NULL,'quantity',6,0,0),(31,1,4,NULL,'manufacturer',7,0,0),(32,1,4,NULL,'condition',8,0,0),(33,1,4,NULL,'weight',9,0,0),(34,1,4,NULL,'price',10,0,0),(35,1,4,3,'id_attribute_group',11,0,0),(36,1,4,4,'id_attribute_group',12,0,0),(37,1,5,NULL,'category',1,0,0),(38,1,5,2,'id_attribute_group',2,0,0),(39,1,5,1,'id_attribute_group',3,0,0),(40,1,5,1,'id_feature',4,0,0),(41,1,5,2,'id_feature',5,0,0),(42,1,5,NULL,'quantity',6,0,0),(43,1,5,NULL,'manufacturer',7,0,0),(44,1,5,NULL,'condition',8,0,0),(45,1,5,NULL,'weight',9,0,0),(46,1,5,NULL,'price',10,0,0),(47,1,5,3,'id_attribute_group',11,0,0),(48,1,5,4,'id_attribute_group',12,0,0),(49,1,9,NULL,'category',1,0,0),(50,1,9,2,'id_attribute_group',2,0,0),(51,1,9,1,'id_attribute_group',3,0,0),(52,1,9,1,'id_feature',4,0,0),(53,1,9,2,'id_feature',5,0,0),(54,1,9,NULL,'quantity',6,0,0),(55,1,9,NULL,'manufacturer',7,0,0),(56,1,9,NULL,'condition',8,0,0),(57,1,9,NULL,'weight',9,0,0),(58,1,9,NULL,'price',10,0,0),(59,1,9,3,'id_attribute_group',11,0,0),(60,1,9,4,'id_attribute_group',12,0,0),(61,1,6,NULL,'category',1,0,0),(62,1,6,2,'id_attribute_group',2,0,0),(63,1,6,1,'id_attribute_group',3,0,0),(64,1,6,1,'id_feature',4,0,0),(65,1,6,2,'id_feature',5,0,0),(66,1,6,NULL,'quantity',6,0,0),(67,1,6,NULL,'manufacturer',7,0,0),(68,1,6,NULL,'condition',8,0,0),(69,1,6,NULL,'weight',9,0,0),(70,1,6,NULL,'price',10,0,0),(71,1,6,3,'id_attribute_group',11,0,0),(72,1,6,4,'id_attribute_group',12,0,0),(73,1,8,NULL,'category',1,0,0),(74,1,8,2,'id_attribute_group',2,0,0),(75,1,8,1,'id_attribute_group',3,0,0),(76,1,8,1,'id_feature',4,0,0),(77,1,8,2,'id_feature',5,0,0),(78,1,8,NULL,'quantity',6,0,0),(79,1,8,NULL,'manufacturer',7,0,0),(80,1,8,NULL,'condition',8,0,0),(81,1,8,NULL,'weight',9,0,0),(82,1,8,NULL,'price',10,0,0),(83,1,8,3,'id_attribute_group',11,0,0),(84,1,8,4,'id_attribute_group',12,0,0),(85,1,7,NULL,'category',1,0,0),(86,1,7,2,'id_attribute_group',2,0,0),(87,1,7,1,'id_attribute_group',3,0,0),(88,1,7,1,'id_feature',4,0,0),(89,1,7,2,'id_feature',5,0,0),(90,1,7,NULL,'quantity',6,0,0),(91,1,7,NULL,'manufacturer',7,0,0),(92,1,7,NULL,'condition',8,0,0),(93,1,7,NULL,'weight',9,0,0),(94,1,7,NULL,'price',10,0,0),(95,1,7,3,'id_attribute_group',11,0,0),(96,1,7,4,'id_attribute_group',12,0,0);

--
-- Table structure for table `ps_layered_filter`
--

CREATE TABLE `ps_layered_filter` (
  `id_layered_filter` int(10) unsigned NOT NULL AUTO_INCREMENT,
  `name` varchar(64) NOT NULL,
  `filters` longtext,
  `n_categories` int(10) unsigned NOT NULL,
  `date_add` datetime NOT NULL,
  PRIMARY KEY (`id_layered_filter`)
) ENGINE=InnoDB AUTO_INCREMENT=2 DEFAULT CHARSET=utf8;

--
-- Dumping data for table `ps_layered_filter`
--

INSERT INTO `ps_layered_filter` VALUES (1,'My template 2019-11-13','a:14:{s:10:\"categories\";a:8:{i:0;i:2;i:1;i:3;i:2;i:4;i:3;i:5;i:4;i:9;i:5;i:6;i:6;i:8;i:7;i:7;}s:9:\"shop_list\";a:1:{i:1;i:1;}s:31:\"layered_selection_subcategories\";a:2:{s:11:\"filter_type\";i:0;s:17:\"filter_show_limit\";i:0;}s:22:\"layered_selection_ag_2\";a:2:{s:11:\"filter_type\";i:0;s:17:\"filter_show_limit\";i:0;}s:22:\"layered_selection_ag_1\";a:2:{s:11:\"filter_type\";i:0;s:17:\"filter_show_limit\";i:0;}s:24:\"layered_selection_feat_1\";a:2:{s:11:\"filter_type\";i:0;s:17:\"filter_show_limit\";i:0;}s:24:\"layered_selection_feat_2\";a:2:{s:11:\"filter_type\";i:0;s:17:\"filter_show_limit\";i:0;}s:23:\"layered_selection_stock\";a:2:{s:11:\"filter_type\";i:0;s:17:\"filter_show_limit\";i:0;}s:30:\"layered_selection_manufacturer\";a:2:{s:11:\"filter_type\";i:0;s:17:\"filter_show_limit\";i:0;}s:27:\"layered_selection_condition\";a:2:{s:11:\"filter_type\";i:0;s:17:\"filter_show_limit\";i:0;}s:31:\"layered_selection_weight_slider\";a:2:{s:11:\"filter_type\";i:0;s:17:\"filter_show_limit\";i:0;}s:30:\"layered_selection_price_slider\";a:2:{s:11:\"filter_type\";i:0;s:17:\"filter_show_limit\";i:0;}s:22:\"layered_selection_ag_3\";a:2:{s:11:\"filter_type\";i:0;s:17:\"filter_show_limit\";i:0;}s:22:\"layered_selection_ag_4\";a:2:{s:11:\"filter_type\";i:0;s:17:\"filter_show_limit\";i:0;}}',8,'2019-11-13 12:26:48');

--
-- Table structure for table `ps_layered_filter_block`
--

CREATE TABLE `ps_layered_filter_block` (
  `hash` char(32) NOT NULL DEFAULT '',
  `data` text,
  PRIMARY KEY (`hash`)
) ENGINE=InnoDB DEFAULT CHARSET=utf8;

--
-- Dumping data for table `ps_layered_filter_block`
--

INSERT INTO `ps_layered_filter_block` VALUES ('169bae4489f24b262f210aa28c567dc4','a:1:{s:7:\"filters\";a:8:{i:0;a:7:{s:9:\"type_lite\";s:8:\"category\";s:4:\"type\";s:8:\"category\";s:6:\"id_key\";i:0;s:4:\"name\";s:10:\"Categories\";s:6:\"values\";a:0:{}s:17:\"filter_show_limit\";i:0;s:11:\"filter_type\";s:1:\"0\";}i:1;a:9:{s:9:\"type_lite\";s:10:\"id_feature\";s:4:\"type\";s:10:\"id_feature\";s:6:\"id_key\";s:1:\"1\";s:6:\"values\";a:1:{i:6;a:4:{s:3:\"nbr\";s:1:\"3\";s:4:\"name\";s:10:\"Matt paper\";s:8:\"url_name\";N;s:10:\"meta_title\";N;}}s:4:\"name\";s:11:\"Composition\";s:8:\"url_name\";N;s:10:\"meta_title\";N;s:17:\"filter_show_limit\";i:0;s:11:\"filter_type\";s:1:\"0\";}i:2;a:7:{s:9:\"type_lite\";s:8:\"quantity\";s:4:\"type\";s:8:\"quantity\";s:6:\"id_key\";i:0;s:4:\"name\";s:12:\"Availability\";s:6:\"values\";a:2:{i:0;a:2:{s:4:\"name\";s:13:\"Not available\";s:3:\"nbr\";i:0;}i:1;a:2:{s:4:\"name\";s:8:\"In stock\";s:3:\"nbr\";i:7;}}s:17:\"filter_show_limit\";i:0;s:11:\"filter_type\";s:1:\"0\";}i:3;a:7:{s:9:\"type_lite\";s:12:\"manufacturer\";s:4:\"type\";s:12:\"manufacturer\";s:6:\"id_key\";i:0;s:4:\"name\";s:5:\"Brand\";s:6:\"values\";a:1:{i:2;a:2:{s:4:\"name\";s:14:\"Graphic Corner\";s:3:\"nbr\";s:1:\"6\";}}s:17:\"filter_show_limit\";i:0;s:11:\"filter_type\";s:1:\"0\";}i:4;a:7:{s:9:\"type_lite\";s:9:\"condition\";s:4:\"type\";s:9:\"condition\";s:6:\"id_key\";i:0;s:4:\"name\";s:9:\"Condition\";s:6:\"values\";a:3:{s:3:\"new\";a:2:{s:4:\"name\";s:3:\"New\";s:3:\"nbr\";s:1:\"7\";}s:4:\"used\";a:2:{s:4:\"name\";s:4:\"Used\";s:3:\"nbr\";i:0;}s:11:\"refurbished\";a:2:{s:4:\"name\";s:11:\"Refurbished\";s:3:\"nbr\";i:0;}}s:17:\"filter_show_limit\";i:0;s:11:\"filter_type\";s:1:\"0\";}i:5;a:0:{}i:6;a:12:{s:9:\"type_lite\";s:5:\"price\";s:4:\"type\";s:5:\"price\";s:6:\"id_key\";i:0;s:4:\"name\";s:5:\"Price\";s:3:\"max\";d:0;s:3:\"min\";d:0;s:4:\"unit\";s:1:\"$\";s:14:\"specifications\";a:10:{s:6:\"symbol\";a:11:{i:0;s:1:\".\";i:1;s:1:\",\";i:2;s:1:\";\";i:3;s:1:\"%\";i:4;s:1:\"-\";i:5;s:1:\"+\";i:6;s:1:\"E\";i:7;s:2:\"×\";i:8;s:3:\"‰\";i:9;s:3:\"∞\";i:10;s:3:\"NaN\";}s:12:\"currencyCode\";s:3:\"USD\";s:14:\"currencySymbol\";s:1:\"$\";s:15:\"positivePattern\";s:10:\"¤#,##0.00\";s:15:\"negativePattern\";s:11:\"-¤#,##0.00\";s:17:\"maxFractionDigits\";i:2;s:17:\"minFractionDigits\";i:2;s:12:\"groupingUsed\";b:1;s:16:\"primaryGroupSize\";i:3;s:18:\"secondaryGroupSize\";i:3;}s:17:\"filter_show_limit\";i:0;s:11:\"filter_type\";i:3;s:3:\"nbr\";i:7;s:5:\"value\";N;}i:7;a:10:{s:9:\"type_lite\";s:18:\"id_attribute_group\";s:4:\"type\";s:18:\"id_attribute_group\";s:6:\"id_key\";s:1:\"3\";s:4:\"name\";s:9:\"Dimension\";s:14:\"is_color_group\";b:0;s:6:\"values\";a:3:{i:19;a:4:{s:4:\"name\";s:7:\"40x60cm\";s:3:\"nbr\";s:1:\"3\";s:8:\"url_name\";N;s:10:\"meta_title\";N;}i:20;a:4:{s:4:\"name\";s:7:\"60x90cm\";s:3:\"nbr\";s:1:\"3\";s:8:\"url_name\";N;s:10:\"meta_title\";N;}i:21;a:4:{s:4:\"name\";s:8:\"80x120cm\";s:3:\"nbr\";s:1:\"3\";s:8:\"url_name\";N;s:10:\"meta_title\";N;}}s:8:\"url_name\";N;s:10:\"meta_title\";N;s:17:\"filter_show_limit\";i:0;s:11:\"filter_type\";s:1:\"0\";}}}'),('21906d304c0f53eeeba57bf8dfae9deb','a:1:{s:7:\"filters\";a:9:{i:0;a:7:{s:9:\"type_lite\";s:8:\"category\";s:4:\"type\";s:8:\"category\";s:6:\"id_key\";i:0;s:4:\"name\";s:10:\"Categories\";s:6:\"values\";a:0:{}s:17:\"filter_show_limit\";i:0;s:11:\"filter_type\";s:1:\"0\";}i:1;a:10:{s:9:\"type_lite\";s:18:\"id_attribute_group\";s:4:\"type\";s:18:\"id_attribute_group\";s:6:\"id_key\";s:1:\"1\";s:4:\"name\";s:4:\"Size\";s:14:\"is_color_group\";b:0;s:6:\"values\";a:4:{i:1;a:4:{s:4:\"name\";s:1:\"S\";s:3:\"nbr\";s:1:\"1\";s:8:\"url_name\";N;s:10:\"meta_title\";N;}i:2;a:4:{s:4:\"name\";s:1:\"M\";s:3:\"nbr\";s:1:\"1\";s:8:\"url_name\";N;s:10:\"meta_title\";N;}i:3;a:4:{s:4:\"name\";s:1:\"L\";s:3:\"nbr\";s:1:\"1\";s:8:\"url_name\";N;s:10:\"meta_title\";N;}i:4;a:4:{s:4:\"name\";s:2:\"XL\";s:3:\"nbr\";s:1:\"1\";s:8:\"url_name\";N;s:10:\"meta_title\";N;}}s:8:\"url_name\";N;s:10:\"meta_title\";N;s:17:\"filter_show_limit\";i:0;s:11:\"filter_type\";s:1:\"0\";}i:2;a:9:{s:9:\"type_lite\";s:10:\"id_feature\";s:4:\"type\";s:10:\"id_feature\";s:6:\"id_key\";s:1:\"1\";s:6:\"values\";a:1:{i:4;a:4:{s:3:\"nbr\";s:1:\"1\";s:4:\"name\";s:6:\"Cotton\";s:8:\"url_name\";N;s:10:\"meta_title\";N;}}s:4:\"name\";s:11:\"Composition\";s:8:\"url_name\";N;s:10:\"meta_title\";N;s:17:\"filter_show_limit\";i:0;s:11:\"filter_type\";s:1:\"0\";}i:3;a:9:{s:9:\"type_lite\";s:10:\"id_feature\";s:4:\"type\";s:10:\"id_feature\";s:6:\"id_key\";s:1:\"2\";s:6:\"values\";a:1:{i:7;a:4:{s:3:\"nbr\";s:1:\"1\";s:4:\"name\";s:12:\"Long sleeves\";s:8:\"url_name\";N;s:10:\"meta_title\";N;}}s:4:\"name\";s:8:\"Property\";s:8:\"url_name\";N;s:10:\"meta_title\";N;s:17:\"filter_show_limit\";i:0;s:11:\"filter_type\";s:1:\"0\";}i:4;a:7:{s:9:\"type_lite\";s:8:\"quantity\";s:4:\"type\";s:8:\"quantity\";s:6:\"id_key\";i:0;s:4:\"name\";s:12:\"Availability\";s:6:\"values\";a:2:{i:0;a:2:{s:4:\"name\";s:13:\"Not available\";s:3:\"nbr\";i:0;}i:1;a:2:{s:4:\"name\";s:8:\"In stock\";s:3:\"nbr\";i:1;}}s:17:\"filter_show_limit\";i:0;s:11:\"filter_type\";s:1:\"0\";}i:5;a:7:{s:9:\"type_lite\";s:12:\"manufacturer\";s:4:\"type\";s:12:\"manufacturer\";s:6:\"id_key\";i:0;s:4:\"name\";s:5:\"Brand\";s:6:\"values\";a:1:{i:1;a:2:{s:4:\"name\";s:13:\"Studio Design\";s:3:\"nbr\";s:1:\"1\";}}s:17:\"filter_show_limit\";i:0;s:11:\"filter_type\";s:1:\"0\";}i:6;a:7:{s:9:\"type_lite\";s:9:\"condition\";s:4:\"type\";s:9:\"condition\";s:6:\"id_key\";i:0;s:4:\"name\";s:9:\"Condition\";s:6:\"values\";a:3:{s:3:\"new\";a:2:{s:4:\"name\";s:3:\"New\";s:3:\"nbr\";s:1:\"1\";}s:4:\"used\";a:2:{s:4:\"name\";s:4:\"Used\";s:3:\"nbr\";i:0;}s:11:\"refurbished\";a:2:{s:4:\"name\";s:11:\"Refurbished\";s:3:\"nbr\";i:0;}}s:17:\"filter_show_limit\";i:0;s:11:\"filter_type\";s:1:\"0\";}i:7;a:0:{}i:8;a:12:{s:9:\"type_lite\";s:5:\"price\";s:4:\"type\";s:5:\"price\";s:6:\"id_key\";i:0;s:4:\"name\";s:5:\"Price\";s:3:\"max\";d:0;s:3:\"min\";d:0;s:4:\"unit\";s:1:\"$\";s:14:\"specifications\";a:10:{s:6:\"symbol\";a:11:{i:0;s:1:\".\";i:1;s:1:\",\";i:2;s:1:\";\";i:3;s:1:\"%\";i:4;s:1:\"-\";i:5;s:1:\"+\";i:6;s:1:\"E\";i:7;s:2:\"×\";i:8;s:3:\"‰\";i:9;s:3:\"∞\";i:10;s:3:\"NaN\";}s:12:\"currencyCode\";s:3:\"USD\";s:14:\"currencySymbol\";s:1:\"$\";s:15:\"positivePattern\";s:10:\"¤#,##0.00\";s:15:\"negativePattern\";s:11:\"-¤#,##0.00\";s:17:\"maxFractionDigits\";i:2;s:17:\"minFractionDigits\";i:2;s:12:\"groupingUsed\";b:1;s:16:\"primaryGroupSize\";i:3;s:18:\"secondaryGroupSize\";i:3;}s:17:\"filter_show_limit\";i:0;s:11:\"filter_type\";i:3;s:3:\"nbr\";i:1;s:5:\"value\";N;}}}'),('2faea48fce5c14b82a2c83182d2d9691','a:1:{s:7:\"filters\";a:10:{i:0;a:7:{s:9:\"type_lite\";s:8:\"category\";s:4:\"type\";s:8:\"category\";s:6:\"id_key\";i:0;s:4:\"name\";s:10:\"Categories\";s:6:\"values\";a:0:{}s:17:\"filter_show_limit\";i:0;s:11:\"filter_type\";s:1:\"0\";}i:1;a:10:{s:9:\"type_lite\";s:18:\"id_attribute_group\";s:4:\"type\";s:18:\"id_attribute_group\";s:6:\"id_key\";s:1:\"2\";s:4:\"name\";s:5:\"Color\";s:14:\"is_color_group\";b:1;s:6:\"values\";a:2:{i:8;a:5:{s:4:\"name\";s:5:\"White\";s:3:\"nbr\";s:1:\"1\";s:8:\"url_name\";N;s:10:\"meta_title\";N;s:5:\"color\";s:7:\"#ffffff\";}i:11;a:5:{s:4:\"name\";s:5:\"Black\";s:3:\"nbr\";s:1:\"1\";s:8:\"url_name\";N;s:10:\"meta_title\";N;s:5:\"color\";s:7:\"#434A54\";}}s:8:\"url_name\";N;s:10:\"meta_title\";N;s:17:\"filter_show_limit\";i:0;s:11:\"filter_type\";s:1:\"0\";}i:2;a:10:{s:9:\"type_lite\";s:18:\"id_attribute_group\";s:4:\"type\";s:18:\"id_attribute_group\";s:6:\"id_key\";s:1:\"1\";s:4:\"name\";s:4:\"Size\";s:14:\"is_color_group\";b:0;s:6:\"values\";a:4:{i:1;a:4:{s:4:\"name\";s:1:\"S\";s:3:\"nbr\";s:1:\"1\";s:8:\"url_name\";N;s:10:\"meta_title\";N;}i:2;a:4:{s:4:\"name\";s:1:\"M\";s:3:\"nbr\";s:1:\"1\";s:8:\"url_name\";N;s:10:\"meta_title\";N;}i:3;a:4:{s:4:\"name\";s:1:\"L\";s:3:\"nbr\";s:1:\"1\";s:8:\"url_name\";N;s:10:\"meta_title\";N;}i:4;a:4:{s:4:\"name\";s:2:\"XL\";s:3:\"nbr\";s:1:\"1\";s:8:\"url_name\";N;s:10:\"meta_title\";N;}}s:8:\"url_name\";N;s:10:\"meta_title\";N;s:17:\"filter_show_limit\";i:0;s:11:\"filter_type\";s:1:\"0\";}i:3;a:9:{s:9:\"type_lite\";s:10:\"id_feature\";s:4:\"type\";s:10:\"id_feature\";s:6:\"id_key\";s:1:\"1\";s:6:\"values\";a:1:{i:4;a:4:{s:3:\"nbr\";s:1:\"1\";s:4:\"name\";s:6:\"Cotton\";s:8:\"url_name\";N;s:10:\"meta_title\";N;}}s:4:\"name\";s:11:\"Composition\";s:8:\"url_name\";N;s:10:\"meta_title\";N;s:17:\"filter_show_limit\";i:0;s:11:\"filter_type\";s:1:\"0\";}i:4;a:9:{s:9:\"type_lite\";s:10:\"id_feature\";s:4:\"type\";s:10:\"id_feature\";s:6:\"id_key\";s:1:\"2\";s:6:\"values\";a:1:{i:8;a:4:{s:3:\"nbr\";s:1:\"1\";s:4:\"name\";s:13:\"Short sleeves\";s:8:\"url_name\";N;s:10:\"meta_title\";N;}}s:4:\"name\";s:8:\"Property\";s:8:\"url_name\";N;s:10:\"meta_title\";N;s:17:\"filter_show_limit\";i:0;s:11:\"filter_type\";s:1:\"0\";}i:5;a:7:{s:9:\"type_lite\";s:8:\"quantity\";s:4:\"type\";s:8:\"quantity\";s:6:\"id_key\";i:0;s:4:\"name\";s:12:\"Availability\";s:6:\"values\";a:2:{i:0;a:2:{s:4:\"name\";s:13:\"Not available\";s:3:\"nbr\";i:0;}i:1;a:2:{s:4:\"name\";s:8:\"In stock\";s:3:\"nbr\";i:1;}}s:17:\"filter_show_limit\";i:0;s:11:\"filter_type\";s:1:\"0\";}i:6;a:7:{s:9:\"type_lite\";s:12:\"manufacturer\";s:4:\"type\";s:12:\"manufacturer\";s:6:\"id_key\";i:0;s:4:\"name\";s:5:\"Brand\";s:6:\"values\";a:1:{i:1;a:2:{s:4:\"name\";s:13:\"Studio Design\";s:3:\"nbr\";s:1:\"1\";}}s:17:\"filter_show_limit\";i:0;s:11:\"filter_type\";s:1:\"0\";}i:7;a:7:{s:9:\"type_lite\";s:9:\"condition\";s:4:\"type\";s:9:\"condition\";s:6:\"id_key\";i:0;s:4:\"name\";s:9:\"Condition\";s:6:\"values\";a:3:{s:3:\"new\";a:2:{s:4:\"name\";s:3:\"New\";s:3:\"nbr\";s:1:\"1\";}s:4:\"used\";a:2:{s:4:\"name\";s:4:\"Used\";s:3:\"nbr\";i:0;}s:11:\"refurbished\";a:2:{s:4:\"name\";s:11:\"Refurbished\";s:3:\"nbr\";i:0;}}s:17:\"filter_show_limit\";i:0;s:11:\"filter_type\";s:1:\"0\";}i:8;a:0:{}i:9;a:12:{s:9:\"type_lite\";s:5:\"price\";s:4:\"type\";s:5:\"price\";s:6:\"id_key\";i:0;s:4:\"name\";s:5:\"Price\";s:3:\"max\";d:0;s:3:\"min\";d:0;s:4:\"unit\";s:1:\"$\";s:14:\"specifications\";a:10:{s:6:\"symbol\";a:11:{i:0;s:1:\".\";i:1;s:1:\",\";i:2;s:1:\";\";i:3;s:1:\"%\";i:4;s:1:\"-\";i:5;s:1:\"+\";i:6;s:1:\"E\";i:7;s:2:\"×\";i:8;s:3:\"‰\";i:9;s:3:\"∞\";i:10;s:3:\"NaN\";}s:12:\"currencyCode\";s:3:\"USD\";s:14:\"currencySymbol\";s:1:\"$\";s:15:\"positivePattern\";s:10:\"¤#,##0.00\";s:15:\"negativePattern\";s:11:\"-¤#,##0.00\";s:17:\"maxFractionDigits\";i:2;s:17:\"minFractionDigits\";i:2;s:12:\"groupingUsed\";b:1;s:16:\"primaryGroupSize\";i:3;s:18:\"secondaryGroupSize\";i:3;}s:17:\"filter_show_limit\";i:0;s:11:\"filter_type\";i:3;s:3:\"nbr\";i:1;s:5:\"value\";N;}}}'),('6e1ffe29c51f9f162465e7b65932ebf6','a:1:{s:7:\"filters\";a:9:{i:0;a:7:{s:9:\"type_lite\";s:8:\"category\";s:4:\"type\";s:8:\"category\";s:6:\"id_key\";i:0;s:4:\"name\";s:10:\"Categories\";s:6:\"values\";a:0:{}s:17:\"filter_show_limit\";i:0;s:11:\"filter_type\";s:1:\"0\";}i:1;a:10:{s:9:\"type_lite\";s:18:\"id_attribute_group\";s:4:\"type\";s:18:\"id_attribute_group\";s:6:\"id_key\";s:1:\"2\";s:4:\"name\";s:5:\"Color\";s:14:\"is_color_group\";b:1;s:6:\"values\";a:2:{i:8;a:5:{s:4:\"name\";s:5:\"White\";s:3:\"nbr\";s:1:\"3\";s:8:\"url_name\";N;s:10:\"meta_title\";N;s:5:\"color\";s:7:\"#ffffff\";}i:11;a:5:{s:4:\"name\";s:5:\"Black\";s:3:\"nbr\";s:1:\"3\";s:8:\"url_name\";N;s:10:\"meta_title\";N;s:5:\"color\";s:7:\"#434A54\";}}s:8:\"url_name\";N;s:10:\"meta_title\";N;s:17:\"filter_show_limit\";i:0;s:11:\"filter_type\";s:1:\"0\";}i:2;a:9:{s:9:\"type_lite\";s:10:\"id_feature\";s:4:\"type\";s:10:\"id_feature\";s:6:\"id_key\";s:1:\"1\";s:6:\"values\";a:2:{i:3;a:4:{s:3:\"nbr\";s:1:\"4\";s:4:\"name\";s:7:\"Ceramic\";s:8:\"url_name\";N;s:10:\"meta_title\";N;}i:1;a:4:{s:3:\"nbr\";s:1:\"3\";s:4:\"name\";s:9:\"Polyester\";s:8:\"url_name\";N;s:10:\"meta_title\";N;}}s:4:\"name\";s:11:\"Composition\";s:8:\"url_name\";N;s:10:\"meta_title\";N;s:17:\"filter_show_limit\";i:0;s:11:\"filter_type\";s:1:\"0\";}i:3;a:9:{s:9:\"type_lite\";s:10:\"id_feature\";s:4:\"type\";s:10:\"id_feature\";s:6:\"id_key\";s:1:\"2\";s:6:\"values\";a:1:{i:9;a:4:{s:3:\"nbr\";s:1:\"3\";s:4:\"name\";s:15:\"Removable cover\";s:8:\"url_name\";N;s:10:\"meta_title\";N;}}s:4:\"name\";s:8:\"Property\";s:8:\"url_name\";N;s:10:\"meta_title\";N;s:17:\"filter_show_limit\";i:0;s:11:\"filter_type\";s:1:\"0\";}i:4;a:7:{s:9:\"type_lite\";s:8:\"quantity\";s:4:\"type\";s:8:\"quantity\";s:6:\"id_key\";i:0;s:4:\"name\";s:12:\"Availability\";s:6:\"values\";a:2:{i:0;a:2:{s:4:\"name\";s:13:\"Not available\";s:3:\"nbr\";i:0;}i:1;a:2:{s:4:\"name\";s:8:\"In stock\";s:3:\"nbr\";i:8;}}s:17:\"filter_show_limit\";i:0;s:11:\"filter_type\";s:1:\"0\";}i:5;a:7:{s:9:\"type_lite\";s:12:\"manufacturer\";s:4:\"type\";s:12:\"manufacturer\";s:6:\"id_key\";i:0;s:4:\"name\";s:5:\"Brand\";s:6:\"values\";a:1:{i:1;a:2:{s:4:\"name\";s:13:\"Studio Design\";s:3:\"nbr\";s:1:\"7\";}}s:17:\"filter_show_limit\";i:0;s:11:\"filter_type\";s:1:\"0\";}i:6;a:7:{s:9:\"type_lite\";s:9:\"condition\";s:4:\"type\";s:9:\"condition\";s:6:\"id_key\";i:0;s:4:\"name\";s:9:\"Condition\";s:6:\"values\";a:3:{s:3:\"new\";a:2:{s:4:\"name\";s:3:\"New\";s:3:\"nbr\";s:1:\"8\";}s:4:\"used\";a:2:{s:4:\"name\";s:4:\"Used\";s:3:\"nbr\";i:0;}s:11:\"refurbished\";a:2:{s:4:\"name\";s:11:\"Refurbished\";s:3:\"nbr\";i:0;}}s:17:\"filter_show_limit\";i:0;s:11:\"filter_type\";s:1:\"0\";}i:7;a:0:{}i:8;a:12:{s:9:\"type_lite\";s:5:\"price\";s:4:\"type\";s:5:\"price\";s:6:\"id_key\";i:0;s:4:\"name\";s:5:\"Price\";s:3:\"max\";d:0;s:3:\"min\";d:0;s:4:\"unit\";s:1:\"$\";s:14:\"specifications\";a:10:{s:6:\"symbol\";a:11:{i:0;s:1:\".\";i:1;s:1:\",\";i:2;s:1:\";\";i:3;s:1:\"%\";i:4;s:1:\"-\";i:5;s:1:\"+\";i:6;s:1:\"E\";i:7;s:2:\"×\";i:8;s:3:\"‰\";i:9;s:3:\"∞\";i:10;s:3:\"NaN\";}s:12:\"currencyCode\";s:3:\"USD\";s:14:\"currencySymbol\";s:1:\"$\";s:15:\"positivePattern\";s:10:\"¤#,##0.00\";s:15:\"negativePattern\";s:11:\"-¤#,##0.00\";s:17:\"maxFractionDigits\";i:2;s:17:\"minFractionDigits\";i:2;s:12:\"groupingUsed\";b:1;s:16:\"primaryGroupSize\";i:3;s:18:\"secondaryGroupSize\";i:3;}s:17:\"filter_show_limit\";i:0;s:11:\"filter_type\";i:3;s:3:\"nbr\";i:8;s:5:\"value\";N;}}}'),('70e641611a8eecd8afb612a1de4b7489','a:1:{s:7:\"filters\";a:9:{i:0;a:7:{s:9:\"type_lite\";s:8:\"category\";s:4:\"type\";s:8:\"category\";s:6:\"id_key\";i:0;s:4:\"name\";s:10:\"Categories\";s:6:\"values\";a:0:{}s:17:\"filter_show_limit\";i:0;s:11:\"filter_type\";s:1:\"0\";}i:1;a:9:{s:9:\"type_lite\";s:10:\"id_feature\";s:4:\"type\";s:10:\"id_feature\";s:6:\"id_key\";s:1:\"1\";s:6:\"values\";a:1:{i:5;a:4:{s:3:\"nbr\";s:1:\"3\";s:4:\"name\";s:18:\"Recycled cardboard\";s:8:\"url_name\";N;s:10:\"meta_title\";N;}}s:4:\"name\";s:11:\"Composition\";s:8:\"url_name\";N;s:10:\"meta_title\";N;s:17:\"filter_show_limit\";i:0;s:11:\"filter_type\";s:1:\"0\";}i:2;a:9:{s:9:\"type_lite\";s:10:\"id_feature\";s:4:\"type\";s:10:\"id_feature\";s:6:\"id_key\";s:1:\"2\";s:6:\"values\";a:1:{i:10;a:4:{s:3:\"nbr\";s:1:\"3\";s:4:\"name\";s:9:\"120 pages\";s:8:\"url_name\";N;s:10:\"meta_title\";N;}}s:4:\"name\";s:8:\"Property\";s:8:\"url_name\";N;s:10:\"meta_title\";N;s:17:\"filter_show_limit\";i:0;s:11:\"filter_type\";s:1:\"0\";}i:3;a:7:{s:9:\"type_lite\";s:8:\"quantity\";s:4:\"type\";s:8:\"quantity\";s:6:\"id_key\";i:0;s:4:\"name\";s:12:\"Availability\";s:6:\"values\";a:2:{i:0;a:2:{s:4:\"name\";s:13:\"Not available\";s:3:\"nbr\";i:0;}i:1;a:2:{s:4:\"name\";s:8:\"In stock\";s:3:\"nbr\";i:3;}}s:17:\"filter_show_limit\";i:0;s:11:\"filter_type\";s:1:\"0\";}i:4;a:7:{s:9:\"type_lite\";s:12:\"manufacturer\";s:4:\"type\";s:12:\"manufacturer\";s:6:\"id_key\";i:0;s:4:\"name\";s:5:\"Brand\";s:6:\"values\";a:1:{i:2;a:2:{s:4:\"name\";s:14:\"Graphic Corner\";s:3:\"nbr\";s:1:\"3\";}}s:17:\"filter_show_limit\";i:0;s:11:\"filter_type\";s:1:\"0\";}i:5;a:7:{s:9:\"type_lite\";s:9:\"condition\";s:4:\"type\";s:9:\"condition\";s:6:\"id_key\";i:0;s:4:\"name\";s:9:\"Condition\";s:6:\"values\";a:3:{s:3:\"new\";a:2:{s:4:\"name\";s:3:\"New\";s:3:\"nbr\";s:1:\"3\";}s:4:\"used\";a:2:{s:4:\"name\";s:4:\"Used\";s:3:\"nbr\";i:0;}s:11:\"refurbished\";a:2:{s:4:\"name\";s:11:\"Refurbished\";s:3:\"nbr\";i:0;}}s:17:\"filter_show_limit\";i:0;s:11:\"filter_type\";s:1:\"0\";}i:6;a:0:{}i:7;a:12:{s:9:\"type_lite\";s:5:\"price\";s:4:\"type\";s:5:\"price\";s:6:\"id_key\";i:0;s:4:\"name\";s:5:\"Price\";s:3:\"max\";d:0;s:3:\"min\";d:0;s:4:\"unit\";s:1:\"$\";s:14:\"specifications\";a:10:{s:6:\"symbol\";a:11:{i:0;s:1:\".\";i:1;s:1:\",\";i:2;s:1:\";\";i:3;s:1:\"%\";i:4;s:1:\"-\";i:5;s:1:\"+\";i:6;s:1:\"E\";i:7;s:2:\"×\";i:8;s:3:\"‰\";i:9;s:3:\"∞\";i:10;s:3:\"NaN\";}s:12:\"currencyCode\";s:3:\"USD\";s:14:\"currencySymbol\";s:1:\"$\";s:15:\"positivePattern\";s:10:\"¤#,##0.00\";s:15:\"negativePattern\";s:11:\"-¤#,##0.00\";s:17:\"maxFractionDigits\";i:2;s:17:\"minFractionDigits\";i:2;s:12:\"groupingUsed\";b:1;s:16:\"primaryGroupSize\";i:3;s:18:\"secondaryGroupSize\";i:3;}s:17:\"filter_show_limit\";i:0;s:11:\"filter_type\";i:3;s:3:\"nbr\";i:3;s:5:\"value\";N;}i:8;a:10:{s:9:\"type_lite\";s:18:\"id_attribute_group\";s:4:\"type\";s:18:\"id_attribute_group\";s:6:\"id_key\";s:1:\"4\";s:4:\"name\";s:10:\"Paper Type\";s:14:\"is_color_group\";b:0;s:6:\"values\";a:4:{i:22;a:4:{s:4:\"name\";s:5:\"Ruled\";s:3:\"nbr\";s:1:\"3\";s:8:\"url_name\";N;s:10:\"meta_title\";N;}i:23;a:4:{s:4:\"name\";s:5:\"Plain\";s:3:\"nbr\";s:1:\"3\";s:8:\"url_name\";N;s:10:\"meta_title\";N;}i:24;a:4:{s:4:\"name\";s:8:\"Squarred\";s:3:\"nbr\";s:1:\"3\";s:8:\"url_name\";N;s:10:\"meta_title\";N;}i:25;a:4:{s:4:\"name\";s:5:\"Doted\";s:3:\"nbr\";s:1:\"3\";s:8:\"url_name\";N;s:10:\"meta_title\";N;}}s:8:\"url_name\";N;s:10:\"meta_title\";N;s:17:\"filter_show_limit\";i:0;s:11:\"filter_type\";s:1:\"0\";}}}'),('7e1987952e0f8f125cb91a9d2b17c3f6','a:1:{s:7:\"filters\";a:10:{i:0;a:7:{s:9:\"type_lite\";s:8:\"category\";s:4:\"type\";s:8:\"category\";s:6:\"id_key\";i:0;s:4:\"name\";s:10:\"Categories\";s:6:\"values\";a:2:{i:4;a:2:{s:4:\"name\";s:3:\"Men\";s:3:\"nbr\";s:1:\"1\";}i:5;a:2:{s:4:\"name\";s:5:\"Women\";s:3:\"nbr\";s:1:\"1\";}}s:17:\"filter_show_limit\";i:0;s:11:\"filter_type\";s:1:\"0\";}i:1;a:10:{s:9:\"type_lite\";s:18:\"id_attribute_group\";s:4:\"type\";s:18:\"id_attribute_group\";s:6:\"id_key\";s:1:\"2\";s:4:\"name\";s:5:\"Color\";s:14:\"is_color_group\";b:1;s:6:\"values\";a:2:{i:8;a:5:{s:4:\"name\";s:5:\"White\";s:3:\"nbr\";s:1:\"1\";s:8:\"url_name\";N;s:10:\"meta_title\";N;s:5:\"color\";s:7:\"#ffffff\";}i:11;a:5:{s:4:\"name\";s:5:\"Black\";s:3:\"nbr\";s:1:\"1\";s:8:\"url_name\";N;s:10:\"meta_title\";N;s:5:\"color\";s:7:\"#434A54\";}}s:8:\"url_name\";N;s:10:\"meta_title\";N;s:17:\"filter_show_limit\";i:0;s:11:\"filter_type\";s:1:\"0\";}i:2;a:10:{s:9:\"type_lite\";s:18:\"id_attribute_group\";s:4:\"type\";s:18:\"id_attribute_group\";s:6:\"id_key\";s:1:\"1\";s:4:\"name\";s:4:\"Size\";s:14:\"is_color_group\";b:0;s:6:\"values\";a:4:{i:1;a:4:{s:4:\"name\";s:1:\"S\";s:3:\"nbr\";s:1:\"2\";s:8:\"url_name\";N;s:10:\"meta_title\";N;}i:2;a:4:{s:4:\"name\";s:1:\"M\";s:3:\"nbr\";s:1:\"2\";s:8:\"url_name\";N;s:10:\"meta_title\";N;}i:3;a:4:{s:4:\"name\";s:1:\"L\";s:3:\"nbr\";s:1:\"2\";s:8:\"url_name\";N;s:10:\"meta_title\";N;}i:4;a:4:{s:4:\"name\";s:2:\"XL\";s:3:\"nbr\";s:1:\"2\";s:8:\"url_name\";N;s:10:\"meta_title\";N;}}s:8:\"url_name\";N;s:10:\"meta_title\";N;s:17:\"filter_show_limit\";i:0;s:11:\"filter_type\";s:1:\"0\";}i:3;a:9:{s:9:\"type_lite\";s:10:\"id_feature\";s:4:\"type\";s:10:\"id_feature\";s:6:\"id_key\";s:1:\"1\";s:6:\"values\";a:1:{i:4;a:4:{s:3:\"nbr\";s:1:\"2\";s:4:\"name\";s:6:\"Cotton\";s:8:\"url_name\";N;s:10:\"meta_title\";N;}}s:4:\"name\";s:11:\"Composition\";s:8:\"url_name\";N;s:10:\"meta_title\";N;s:17:\"filter_show_limit\";i:0;s:11:\"filter_type\";s:1:\"0\";}i:4;a:9:{s:9:\"type_lite\";s:10:\"id_feature\";s:4:\"type\";s:10:\"id_feature\";s:6:\"id_key\";s:1:\"2\";s:6:\"values\";a:2:{i:7;a:4:{s:3:\"nbr\";s:1:\"1\";s:4:\"name\";s:12:\"Long sleeves\";s:8:\"url_name\";N;s:10:\"meta_title\";N;}i:8;a:4:{s:3:\"nbr\";s:1:\"1\";s:4:\"name\";s:13:\"Short sleeves\";s:8:\"url_name\";N;s:10:\"meta_title\";N;}}s:4:\"name\";s:8:\"Property\";s:8:\"url_name\";N;s:10:\"meta_title\";N;s:17:\"filter_show_limit\";i:0;s:11:\"filter_type\";s:1:\"0\";}i:5;a:7:{s:9:\"type_lite\";s:8:\"quantity\";s:4:\"type\";s:8:\"quantity\";s:6:\"id_key\";i:0;s:4:\"name\";s:12:\"Availability\";s:6:\"values\";a:2:{i:0;a:2:{s:4:\"name\";s:13:\"Not available\";s:3:\"nbr\";i:0;}i:1;a:2:{s:4:\"name\";s:8:\"In stock\";s:3:\"nbr\";i:2;}}s:17:\"filter_show_limit\";i:0;s:11:\"filter_type\";s:1:\"0\";}i:6;a:7:{s:9:\"type_lite\";s:12:\"manufacturer\";s:4:\"type\";s:12:\"manufacturer\";s:6:\"id_key\";i:0;s:4:\"name\";s:5:\"Brand\";s:6:\"values\";a:1:{i:1;a:2:{s:4:\"name\";s:13:\"Studio Design\";s:3:\"nbr\";s:1:\"2\";}}s:17:\"filter_show_limit\";i:0;s:11:\"filter_type\";s:1:\"0\";}i:7;a:7:{s:9:\"type_lite\";s:9:\"condition\";s:4:\"type\";s:9:\"condition\";s:6:\"id_key\";i:0;s:4:\"name\";s:9:\"Condition\";s:6:\"values\";a:3:{s:3:\"new\";a:2:{s:4:\"name\";s:3:\"New\";s:3:\"nbr\";s:1:\"2\";}s:4:\"used\";a:2:{s:4:\"name\";s:4:\"Used\";s:3:\"nbr\";i:0;}s:11:\"refurbished\";a:2:{s:4:\"name\";s:11:\"Refurbished\";s:3:\"nbr\";i:0;}}s:17:\"filter_show_limit\";i:0;s:11:\"filter_type\";s:1:\"0\";}i:8;a:0:{}i:9;a:12:{s:9:\"type_lite\";s:5:\"price\";s:4:\"type\";s:5:\"price\";s:6:\"id_key\";i:0;s:4:\"name\";s:5:\"Price\";s:3:\"max\";d:0;s:3:\"min\";d:0;s:4:\"unit\";s:1:\"$\";s:14:\"specifications\";a:10:{s:6:\"symbol\";a:11:{i:0;s:1:\".\";i:1;s:1:\",\";i:2;s:1:\";\";i:3;s:1:\"%\";i:4;s:1:\"-\";i:5;s:1:\"+\";i:6;s:1:\"E\";i:7;s:2:\"×\";i:8;s:3:\"‰\";i:9;s:3:\"∞\";i:10;s:3:\"NaN\";}s:12:\"currencyCode\";s:3:\"USD\";s:14:\"currencySymbol\";s:1:\"$\";s:15:\"positivePattern\";s:10:\"¤#,##0.00\";s:15:\"negativePattern\";s:11:\"-¤#,##0.00\";s:17:\"maxFractionDigits\";i:2;s:17:\"minFractionDigits\";i:2;s:12:\"groupingUsed\";b:1;s:16:\"primaryGroupSize\";i:3;s:18:\"secondaryGroupSize\";i:3;}s:17:\"filter_show_limit\";i:0;s:11:\"filter_type\";i:3;s:3:\"nbr\";i:2;s:5:\"value\";N;}}}'),('8ee0bdc89601efcdf3d647aa41bd657d','a:1:{s:7:\"filters\";a:10:{i:0;a:7:{s:9:\"type_lite\";s:8:\"category\";s:4:\"type\";s:8:\"category\";s:6:\"id_key\";i:0;s:4:\"name\";s:10:\"Categories\";s:6:\"values\";a:2:{i:7;a:2:{s:4:\"name\";s:10:\"Stationery\";s:3:\"nbr\";s:1:\"3\";}i:8;a:2:{s:4:\"name\";s:16:\"Home Accessories\";s:3:\"nbr\";s:1:\"8\";}}s:17:\"filter_show_limit\";i:0;s:11:\"filter_type\";s:1:\"0\";}i:1;a:10:{s:9:\"type_lite\";s:18:\"id_attribute_group\";s:4:\"type\";s:18:\"id_attribute_group\";s:6:\"id_key\";s:1:\"2\";s:4:\"name\";s:5:\"Color\";s:14:\"is_color_group\";b:1;s:6:\"values\";a:2:{i:8;a:5:{s:4:\"name\";s:5:\"White\";s:3:\"nbr\";s:1:\"3\";s:8:\"url_name\";N;s:10:\"meta_title\";N;s:5:\"color\";s:7:\"#ffffff\";}i:11;a:5:{s:4:\"name\";s:5:\"Black\";s:3:\"nbr\";s:1:\"3\";s:8:\"url_name\";N;s:10:\"meta_title\";N;s:5:\"color\";s:7:\"#434A54\";}}s:8:\"url_name\";N;s:10:\"meta_title\";N;s:17:\"filter_show_limit\";i:0;s:11:\"filter_type\";s:1:\"0\";}i:2;a:9:{s:9:\"type_lite\";s:10:\"id_feature\";s:4:\"type\";s:10:\"id_feature\";s:6:\"id_key\";s:1:\"1\";s:6:\"values\";a:3:{i:3;a:4:{s:3:\"nbr\";s:1:\"4\";s:4:\"name\";s:7:\"Ceramic\";s:8:\"url_name\";N;s:10:\"meta_title\";N;}i:1;a:4:{s:3:\"nbr\";s:1:\"3\";s:4:\"name\";s:9:\"Polyester\";s:8:\"url_name\";N;s:10:\"meta_title\";N;}i:5;a:4:{s:3:\"nbr\";s:1:\"3\";s:4:\"name\";s:18:\"Recycled cardboard\";s:8:\"url_name\";N;s:10:\"meta_title\";N;}}s:4:\"name\";s:11:\"Composition\";s:8:\"url_name\";N;s:10:\"meta_title\";N;s:17:\"filter_show_limit\";i:0;s:11:\"filter_type\";s:1:\"0\";}i:3;a:9:{s:9:\"type_lite\";s:10:\"id_feature\";s:4:\"type\";s:10:\"id_feature\";s:6:\"id_key\";s:1:\"2\";s:6:\"values\";a:2:{i:10;a:4:{s:3:\"nbr\";s:1:\"3\";s:4:\"name\";s:9:\"120 pages\";s:8:\"url_name\";N;s:10:\"meta_title\";N;}i:9;a:4:{s:3:\"nbr\";s:1:\"3\";s:4:\"name\";s:15:\"Removable cover\";s:8:\"url_name\";N;s:10:\"meta_title\";N;}}s:4:\"name\";s:8:\"Property\";s:8:\"url_name\";N;s:10:\"meta_title\";N;s:17:\"filter_show_limit\";i:0;s:11:\"filter_type\";s:1:\"0\";}i:4;a:7:{s:9:\"type_lite\";s:8:\"quantity\";s:4:\"type\";s:8:\"quantity\";s:6:\"id_key\";i:0;s:4:\"name\";s:12:\"Availability\";s:6:\"values\";a:2:{i:0;a:2:{s:4:\"name\";s:13:\"Not available\";s:3:\"nbr\";i:0;}i:1;a:2:{s:4:\"name\";s:8:\"In stock\";s:3:\"nbr\";i:11;}}s:17:\"filter_show_limit\";i:0;s:11:\"filter_type\";s:1:\"0\";}i:5;a:7:{s:9:\"type_lite\";s:12:\"manufacturer\";s:4:\"type\";s:12:\"manufacturer\";s:6:\"id_key\";i:0;s:4:\"name\";s:5:\"Brand\";s:6:\"values\";a:2:{i:1;a:2:{s:4:\"name\";s:13:\"Studio Design\";s:3:\"nbr\";s:1:\"7\";}i:2;a:2:{s:4:\"name\";s:14:\"Graphic Corner\";s:3:\"nbr\";s:1:\"3\";}}s:17:\"filter_show_limit\";i:0;s:11:\"filter_type\";s:1:\"0\";}i:6;a:7:{s:9:\"type_lite\";s:9:\"condition\";s:4:\"type\";s:9:\"condition\";s:6:\"id_key\";i:0;s:4:\"name\";s:9:\"Condition\";s:6:\"values\";a:3:{s:3:\"new\";a:2:{s:4:\"name\";s:3:\"New\";s:3:\"nbr\";s:2:\"11\";}s:4:\"used\";a:2:{s:4:\"name\";s:4:\"Used\";s:3:\"nbr\";i:0;}s:11:\"refurbished\";a:2:{s:4:\"name\";s:11:\"Refurbished\";s:3:\"nbr\";i:0;}}s:17:\"filter_show_limit\";i:0;s:11:\"filter_type\";s:1:\"0\";}i:7;a:0:{}i:8;a:12:{s:9:\"type_lite\";s:5:\"price\";s:4:\"type\";s:5:\"price\";s:6:\"id_key\";i:0;s:4:\"name\";s:5:\"Price\";s:3:\"max\";d:0;s:3:\"min\";d:0;s:4:\"unit\";s:1:\"$\";s:14:\"specifications\";a:10:{s:6:\"symbol\";a:11:{i:0;s:1:\".\";i:1;s:1:\",\";i:2;s:1:\";\";i:3;s:1:\"%\";i:4;s:1:\"-\";i:5;s:1:\"+\";i:6;s:1:\"E\";i:7;s:2:\"×\";i:8;s:3:\"‰\";i:9;s:3:\"∞\";i:10;s:3:\"NaN\";}s:12:\"currencyCode\";s:3:\"USD\";s:14:\"currencySymbol\";s:1:\"$\";s:15:\"positivePattern\";s:10:\"¤#,##0.00\";s:15:\"negativePattern\";s:11:\"-¤#,##0.00\";s:17:\"maxFractionDigits\";i:2;s:17:\"minFractionDigits\";i:2;s:12:\"groupingUsed\";b:1;s:16:\"primaryGroupSize\";i:3;s:18:\"secondaryGroupSize\";i:3;}s:17:\"filter_show_limit\";i:0;s:11:\"filter_type\";i:3;s:3:\"nbr\";i:11;s:5:\"value\";N;}i:9;a:10:{s:9:\"type_lite\";s:18:\"id_attribute_group\";s:4:\"type\";s:18:\"id_attribute_group\";s:6:\"id_key\";s:1:\"4\";s:4:\"name\";s:10:\"Paper Type\";s:14:\"is_color_group\";b:0;s:6:\"values\";a:4:{i:22;a:4:{s:4:\"name\";s:5:\"Ruled\";s:3:\"nbr\";s:1:\"3\";s:8:\"url_name\";N;s:10:\"meta_title\";N;}i:23;a:4:{s:4:\"name\";s:5:\"Plain\";s:3:\"nbr\";s:1:\"3\";s:8:\"url_name\";N;s:10:\"meta_title\";N;}i:24;a:4:{s:4:\"name\";s:8:\"Squarred\";s:3:\"nbr\";s:1:\"3\";s:8:\"url_name\";N;s:10:\"meta_title\";N;}i:25;a:4:{s:4:\"name\";s:5:\"Doted\";s:3:\"nbr\";s:1:\"3\";s:8:\"url_name\";N;s:10:\"meta_title\";N;}}s:8:\"url_name\";N;s:10:\"meta_title\";N;s:17:\"filter_show_limit\";i:0;s:11:\"filter_type\";s:1:\"0\";}}}');

--
-- Table structure for table `ps_layered_filter_shop`
--

CREATE TABLE `ps_layered_filter_shop` (
  `id_layered_filter` int(10) unsigned NOT NULL,
  `id_shop` int(11) unsigned NOT NULL,
  PRIMARY KEY (`id_layered_filter`,`id_shop`),
  KEY `id_shop` (`id_shop`)
) ENGINE=InnoDB DEFAULT CHARSET=utf8;

--
-- Dumping data for table `ps_layered_filter_shop`
--

INSERT INTO `ps_layered_filter_shop` VALUES (1,1);

--
-- Table structure for table `ps_layered_indexable_attribute_group`
--

CREATE TABLE `ps_layered_indexable_attribute_group` (
  `id_attribute_group` int(11) NOT NULL,
  `indexable` tinyint(1) NOT NULL DEFAULT '0',
  PRIMARY KEY (`id_attribute_group`)
) ENGINE=InnoDB DEFAULT CHARSET=utf8;

--
-- Dumping data for table `ps_layered_indexable_attribute_group`
--

INSERT INTO `ps_layered_indexable_attribute_group` VALUES (1,1),(2,1),(3,1),(4,1);

--
-- Table structure for table `ps_layered_indexable_attribute_group_lang_value`
--

CREATE TABLE `ps_layered_indexable_attribute_group_lang_value` (
  `id_attribute_group` int(11) NOT NULL,
  `id_lang` int(11) NOT NULL,
  `url_name` varchar(128) DEFAULT NULL,
  `meta_title` varchar(128) DEFAULT NULL,
  PRIMARY KEY (`id_attribute_group`,`id_lang`)
) ENGINE=InnoDB DEFAULT CHARSET=utf8;

--
-- Dumping data for table `ps_layered_indexable_attribute_group_lang_value`
--


--
-- Table structure for table `ps_layered_indexable_attribute_lang_value`
--

CREATE TABLE `ps_layered_indexable_attribute_lang_value` (
  `id_attribute` int(11) NOT NULL,
  `id_lang` int(11) NOT NULL,
  `url_name` varchar(128) DEFAULT NULL,
  `meta_title` varchar(128) DEFAULT NULL,
  PRIMARY KEY (`id_attribute`,`id_lang`)
) ENGINE=InnoDB DEFAULT CHARSET=utf8;

--
-- Dumping data for table `ps_layered_indexable_attribute_lang_value`
--


--
-- Table structure for table `ps_layered_indexable_feature`
--

CREATE TABLE `ps_layered_indexable_feature` (
  `id_feature` int(11) NOT NULL,
  `indexable` tinyint(1) NOT NULL DEFAULT '0',
  PRIMARY KEY (`id_feature`)
) ENGINE=InnoDB DEFAULT CHARSET=utf8;

--
-- Dumping data for table `ps_layered_indexable_feature`
--

INSERT INTO `ps_layered_indexable_feature` VALUES (1,1),(2,1);

--
-- Table structure for table `ps_layered_indexable_feature_lang_value`
--

CREATE TABLE `ps_layered_indexable_feature_lang_value` (
  `id_feature` int(11) NOT NULL,
  `id_lang` int(11) NOT NULL,
  `url_name` varchar(128) NOT NULL,
  `meta_title` varchar(128) DEFAULT NULL,
  PRIMARY KEY (`id_feature`,`id_lang`)
) ENGINE=InnoDB DEFAULT CHARSET=utf8;

--
-- Dumping data for table `ps_layered_indexable_feature_lang_value`
--


--
-- Table structure for table `ps_layered_indexable_feature_value_lang_value`
--

CREATE TABLE `ps_layered_indexable_feature_value_lang_value` (
  `id_feature_value` int(11) NOT NULL,
  `id_lang` int(11) NOT NULL,
  `url_name` varchar(128) DEFAULT NULL,
  `meta_title` varchar(128) DEFAULT NULL,
  PRIMARY KEY (`id_feature_value`,`id_lang`)
) ENGINE=InnoDB DEFAULT CHARSET=utf8;

--
-- Dumping data for table `ps_layered_indexable_feature_value_lang_value`
--


--
-- Table structure for table `ps_layered_price_index`
--

CREATE TABLE `ps_layered_price_index` (
  `id_product` int(11) NOT NULL,
  `id_currency` int(11) NOT NULL,
  `id_shop` int(11) NOT NULL,
  `price_min` decimal(11,5) NOT NULL,
  `price_max` decimal(11,5) NOT NULL,
  `id_country` int(11) NOT NULL,
  PRIMARY KEY (`id_product`,`id_currency`,`id_shop`,`id_country`),
  KEY `id_currency` (`id_currency`),
  KEY `price_min` (`price_min`),
  KEY `price_max` (`price_max`)
) ENGINE=InnoDB DEFAULT CHARSET=utf8;

--
-- Dumping data for table `ps_layered_price_index`
--


--
-- Table structure for table `ps_layered_product_attribute`
--

CREATE TABLE `ps_layered_product_attribute` (
  `id_attribute` int(10) unsigned NOT NULL,
  `id_product` int(10) unsigned NOT NULL,
  `id_attribute_group` int(10) unsigned NOT NULL DEFAULT '0',
  `id_shop` int(10) unsigned NOT NULL DEFAULT '1',
  PRIMARY KEY (`id_attribute`,`id_product`,`id_shop`),
  UNIQUE KEY `id_attribute_group` (`id_attribute_group`,`id_attribute`,`id_product`,`id_shop`)
) ENGINE=InnoDB DEFAULT CHARSET=utf8;

--
-- Dumping data for table `ps_layered_product_attribute`
--

INSERT INTO `ps_layered_product_attribute` VALUES (1,1,1,1),(1,2,1,1),(2,1,1,1),(2,2,1,1),(3,1,1,1),(3,2,1,1),(4,1,1,1),(4,2,1,1),(8,1,2,1),(8,9,2,1),(8,10,2,1),(8,11,2,1),(11,1,2,1),(11,9,2,1),(11,10,2,1),(11,11,2,1),(19,3,3,1),(19,4,3,1),(19,5,3,1),(20,3,3,1),(20,4,3,1),(20,5,3,1),(21,3,3,1),(21,4,3,1),(21,5,3,1),(22,16,4,1),(22,17,4,1),(22,18,4,1),(23,16,4,1),(23,17,4,1),(23,18,4,1),(24,16,4,1),(24,17,4,1),(24,18,4,1),(25,16,4,1),(25,17,4,1),(25,18,4,1);

--
-- Table structure for table `ps_link_block`
--

CREATE TABLE `ps_link_block` (
  `id_link_block` int(10) unsigned NOT NULL AUTO_INCREMENT,
  `id_hook` int(1) unsigned DEFAULT NULL,
  `position` int(10) unsigned NOT NULL DEFAULT '0',
  `content` text,
  PRIMARY KEY (`id_link_block`)
) ENGINE=InnoDB AUTO_INCREMENT=3 DEFAULT CHARSET=utf8;

--
-- Dumping data for table `ps_link_block`
--

INSERT INTO `ps_link_block` VALUES (1,35,0,'{\"cms\":[\"5\",\"6\",\"8\"],\"static\":[\"contact\",\"sitemap\"],\"product\":[false]}'),(2,35,1,'{\"cms\":{\"2\":\"3\",\"3\":\"4\",\"5\":\"7\"},\"static\":[false],\"product\":[false]}');

--
-- Table structure for table `ps_link_block_lang`
--

CREATE TABLE `ps_link_block_lang` (
  `id_link_block` int(10) unsigned NOT NULL,
  `id_lang` int(10) unsigned NOT NULL,
  `name` varchar(40) NOT NULL DEFAULT '',
  `custom_content` text,
  PRIMARY KEY (`id_link_block`,`id_lang`)
) ENGINE=InnoDB DEFAULT CHARSET=utf8;

--
-- Dumping data for table `ps_link_block_lang`
--

INSERT INTO `ps_link_block_lang` VALUES (1,1,'INFORMATION',NULL),(2,1,'LEGAL',NULL);

--
-- Table structure for table `ps_link_block_shop`
--

CREATE TABLE `ps_link_block_shop` (
  `id_link_block` int(10) unsigned NOT NULL AUTO_INCREMENT,
  `id_shop` int(10) unsigned NOT NULL,
  PRIMARY KEY (`id_link_block`,`id_shop`)
) ENGINE=InnoDB DEFAULT CHARSET=utf8;

--
-- Dumping data for table `ps_link_block_shop`
--


--
-- Table structure for table `ps_linksmegatop`
--

CREATE TABLE `ps_linksmegatop` (
  `id_linksmegatop` int(10) unsigned NOT NULL AUTO_INCREMENT,
  `id_shop` int(11) unsigned NOT NULL,
  `new_window` tinyint(1) NOT NULL,
  PRIMARY KEY (`id_linksmegatop`),
  KEY `id_shop` (`id_shop`)
) ENGINE=InnoDB AUTO_INCREMENT=2 DEFAULT CHARSET=utf8;

--
-- Dumping data for table `ps_linksmegatop`
--

INSERT INTO `ps_linksmegatop` VALUES (1,1,0);

--
-- Table structure for table `ps_linksmegatop_lang`
--

CREATE TABLE `ps_linksmegatop_lang` (
  `id_linksmegatop` int(11) unsigned NOT NULL,
  `id_lang` int(11) unsigned NOT NULL,
  `id_shop` int(11) unsigned NOT NULL,
  `label` varchar(128) NOT NULL,
  `link` varchar(128) NOT NULL,
  KEY `id_linksmegatop` (`id_linksmegatop`,`id_lang`,`id_shop`)
) ENGINE=InnoDB DEFAULT CHARSET=utf8;

--
-- Dumping data for table `ps_linksmegatop_lang`
--

INSERT INTO `ps_linksmegatop_lang` VALUES (1,1,1,'Customer Support','http://www.fmdollc.com/contact-us');

--
-- Table structure for table `ps_linksmenutop`
--

CREATE TABLE `ps_linksmenutop` (
  `id_linksmenutop` int(10) unsigned NOT NULL AUTO_INCREMENT,
  `id_shop` int(11) unsigned NOT NULL,
  `new_window` tinyint(1) NOT NULL,
  PRIMARY KEY (`id_linksmenutop`),
  KEY `id_shop` (`id_shop`)
) ENGINE=InnoDB DEFAULT CHARSET=utf8;

--
-- Dumping data for table `ps_linksmenutop`
--


--
-- Table structure for table `ps_linksmenutop_lang`
--

CREATE TABLE `ps_linksmenutop_lang` (
  `id_linksmenutop` int(11) unsigned NOT NULL,
  `id_lang` int(11) unsigned NOT NULL,
  `id_shop` int(11) unsigned NOT NULL,
  `label` varchar(128) NOT NULL,
  `link` varchar(128) NOT NULL,
  KEY `id_linksmenutop` (`id_linksmenutop`,`id_lang`,`id_shop`)
) ENGINE=InnoDB DEFAULT CHARSET=utf8;

--
-- Dumping data for table `ps_linksmenutop_lang`
--


--
-- Table structure for table `ps_linksvegatop`
--

CREATE TABLE `ps_linksvegatop` (
  `id_linksvegatop` int(10) unsigned NOT NULL AUTO_INCREMENT,
  `id_shop` int(11) unsigned NOT NULL,
  `new_window` tinyint(1) NOT NULL,
  PRIMARY KEY (`id_linksvegatop`),
  KEY `id_shop` (`id_shop`)
) ENGINE=InnoDB DEFAULT CHARSET=utf8;

--
-- Dumping data for table `ps_linksvegatop`
--


--
-- Table structure for table `ps_linksvegatop_lang`
--

CREATE TABLE `ps_linksvegatop_lang` (
  `id_linksvegatop` int(11) unsigned NOT NULL,
  `id_lang` int(11) unsigned NOT NULL,
  `id_shop` int(11) unsigned NOT NULL,
  `label` varchar(128) NOT NULL,
  `link` varchar(128) NOT NULL,
  KEY `id_linksvegatop` (`id_linksvegatop`,`id_lang`,`id_shop`)
) ENGINE=InnoDB DEFAULT CHARSET=utf8;

--
-- Dumping data for table `ps_linksvegatop_lang`
--


--
-- Table structure for table `ps_log`
--

CREATE TABLE `ps_log` (
  `id_log` int(10) unsigned NOT NULL AUTO_INCREMENT,
  `severity` tinyint(1) NOT NULL,
  `error_code` int(11) DEFAULT NULL,
  `message` text NOT NULL,
  `object_type` varchar(32) DEFAULT NULL,
  `object_id` int(10) unsigned DEFAULT NULL,
  `id_employee` int(10) unsigned DEFAULT NULL,
  `date_add` datetime NOT NULL,
  `date_upd` datetime NOT NULL,
  PRIMARY KEY (`id_log`)
) ENGINE=InnoDB AUTO_INCREMENT=148 DEFAULT CHARSET=utf8;

--
-- Dumping data for table `ps_log`
--

INSERT INTO `ps_log` VALUES (1,1,0,'Exporting mail with theme modern for language English (English)','',0,0,'2019-11-13 12:25:49','2019-11-13 12:25:49'),(2,1,0,'Core output folder: /home/fmdollc/public_html/mails','',0,0,'2019-11-13 12:25:49','2019-11-13 12:25:49'),(3,1,0,'Modules output folder: /home/fmdollc/public_html/modules/','',0,0,'2019-11-13 12:25:49','2019-11-13 12:25:49'),(4,1,0,'Generate html template account at /home/fmdollc/public_html/mails/en/account.html','',0,0,'2019-11-13 12:25:50','2019-11-13 12:25:50'),(5,1,0,'Generate txt template account at /home/fmdollc/public_html/mails/en/account.txt','',0,0,'2019-11-13 12:25:50','2019-11-13 12:25:50'),(6,1,0,'Generate html template backoffice_order at /home/fmdollc/public_html/mails/en/backoffice_order.html','',0,0,'2019-11-13 12:25:50','2019-11-13 12:25:50'),(7,1,0,'Generate txt template backoffice_order at /home/fmdollc/public_html/mails/en/backoffice_order.txt','',0,0,'2019-11-13 12:25:50','2019-11-13 12:25:50'),(8,1,0,'Generate html template bankwire at /home/fmdollc/public_html/mails/en/bankwire.html','',0,0,'2019-11-13 12:25:50','2019-11-13 12:25:50'),(9,1,0,'Generate txt template bankwire at /home/fmdollc/public_html/mails/en/bankwire.txt','',0,0,'2019-11-13 12:25:50','2019-11-13 12:25:50'),(10,1,0,'Generate html template cheque at /home/fmdollc/public_html/mails/en/cheque.html','',0,0,'2019-11-13 12:25:50','2019-11-13 12:25:50'),(11,1,0,'Generate txt template cheque at /home/fmdollc/public_html/mails/en/cheque.txt','',0,0,'2019-11-13 12:25:50','2019-11-13 12:25:50'),(12,1,0,'Generate html template contact at /home/fmdollc/public_html/mails/en/contact.html','',0,0,'2019-11-13 12:25:50','2019-11-13 12:25:50'),(13,1,0,'Generate txt template contact at /home/fmdollc/public_html/mails/en/contact.txt','',0,0,'2019-11-13 12:25:50','2019-11-13 12:25:50'),(14,1,0,'Generate html template contact_form at /home/fmdollc/public_html/mails/en/contact_form.html','',0,0,'2019-11-13 12:25:50','2019-11-13 12:25:50'),(15,1,0,'Generate txt template contact_form at /home/fmdollc/public_html/mails/en/contact_form.txt','',0,0,'2019-11-13 12:25:50','2019-11-13 12:25:50'),(16,1,0,'Generate html template credit_slip at /home/fmdollc/public_html/mails/en/credit_slip.html','',0,0,'2019-11-13 12:25:50','2019-11-13 12:25:50'),(17,1,0,'Generate txt template credit_slip at /home/fmdollc/public_html/mails/en/credit_slip.txt','',0,0,'2019-11-13 12:25:50','2019-11-13 12:25:50'),(18,1,0,'Generate html template download_product at /home/fmdollc/public_html/mails/en/download_product.html','',0,0,'2019-11-13 12:25:50','2019-11-13 12:25:50'),(19,1,0,'Generate txt template download_product at /home/fmdollc/public_html/mails/en/download_product.txt','',0,0,'2019-11-13 12:25:50','2019-11-13 12:25:50'),(20,1,0,'Generate html template employee_password at /home/fmdollc/public_html/mails/en/employee_password.html','',0,0,'2019-11-13 12:25:50','2019-11-13 12:25:50'),(21,1,0,'Generate txt template employee_password at /home/fmdollc/public_html/mails/en/employee_password.txt','',0,0,'2019-11-13 12:25:50','2019-11-13 12:25:50'),(22,1,0,'Generate html template forward_msg at /home/fmdollc/public_html/mails/en/forward_msg.html','',0,0,'2019-11-13 12:25:50','2019-11-13 12:25:50'),(23,1,0,'Generate txt template forward_msg at /home/fmdollc/public_html/mails/en/forward_msg.txt','',0,0,'2019-11-13 12:25:50','2019-11-13 12:25:50'),(24,1,0,'Generate html template guest_to_customer at /home/fmdollc/public_html/mails/en/guest_to_customer.html','',0,0,'2019-11-13 12:25:50','2019-11-13 12:25:50'),(25,1,0,'Generate txt template guest_to_customer at /home/fmdollc/public_html/mails/en/guest_to_customer.txt','',0,0,'2019-11-13 12:25:50','2019-11-13 12:25:50'),(26,1,0,'Generate html template import at /home/fmdollc/public_html/mails/en/import.html','',0,0,'2019-11-13 12:25:50','2019-11-13 12:25:50'),(27,1,0,'Generate txt template import at /home/fmdollc/public_html/mails/en/import.txt','',0,0,'2019-11-13 12:25:50','2019-11-13 12:25:50'),(28,1,0,'Generate html template in_transit at /home/fmdollc/public_html/mails/en/in_transit.html','',0,0,'2019-11-13 12:25:50','2019-11-13 12:25:50'),(29,1,0,'Generate txt template in_transit at /home/fmdollc/public_html/mails/en/in_transit.txt','',0,0,'2019-11-13 12:25:50','2019-11-13 12:25:50'),(30,1,0,'Generate html template log_alert at /home/fmdollc/public_html/mails/en/log_alert.html','',0,0,'2019-11-13 12:25:50','2019-11-13 12:25:50'),(31,1,0,'Generate txt template log_alert at /home/fmdollc/public_html/mails/en/log_alert.txt','',0,0,'2019-11-13 12:25:50','2019-11-13 12:25:50'),(32,1,0,'Generate html template newsletter at /home/fmdollc/public_html/mails/en/newsletter.html','',0,0,'2019-11-13 12:25:50','2019-11-13 12:25:50'),(33,1,0,'Generate txt template newsletter at /home/fmdollc/public_html/mails/en/newsletter.txt','',0,0,'2019-11-13 12:25:50','2019-11-13 12:25:50'),(34,1,0,'Generate html template order_canceled at /home/fmdollc/public_html/mails/en/order_canceled.html','',0,0,'2019-11-13 12:25:50','2019-11-13 12:25:50'),(35,1,0,'Generate txt template order_canceled at /home/fmdollc/public_html/mails/en/order_canceled.txt','',0,0,'2019-11-13 12:25:50','2019-11-13 12:25:50'),(36,1,0,'Generate html template order_changed at /home/fmdollc/public_html/mails/en/order_changed.html','',0,0,'2019-11-13 12:25:50','2019-11-13 12:25:50'),(37,1,0,'Generate txt template order_changed at /home/fmdollc/public_html/mails/en/order_changed.txt','',0,0,'2019-11-13 12:25:50','2019-11-13 12:25:50'),(38,1,0,'Generate html template order_conf at /home/fmdollc/public_html/mails/en/order_conf.html','',0,0,'2019-11-13 12:25:50','2019-11-13 12:25:50'),(39,1,0,'Generate txt template order_conf at /home/fmdollc/public_html/mails/en/order_conf.txt','',0,0,'2019-11-13 12:25:50','2019-11-13 12:25:50'),(40,1,0,'Generate html template order_customer_comment at /home/fmdollc/public_html/mails/en/order_customer_comment.html','',0,0,'2019-11-13 12:25:50','2019-11-13 12:25:50'),(41,1,0,'Generate txt template order_customer_comment at /home/fmdollc/public_html/mails/en/order_customer_comment.txt','',0,0,'2019-11-13 12:25:50','2019-11-13 12:25:50'),(42,1,0,'Generate html template order_merchant_comment at /home/fmdollc/public_html/mails/en/order_merchant_comment.html','',0,0,'2019-11-13 12:25:50','2019-11-13 12:25:50'),(43,1,0,'Generate txt template order_merchant_comment at /home/fmdollc/public_html/mails/en/order_merchant_comment.txt','',0,0,'2019-11-13 12:25:50','2019-11-13 12:25:50'),(44,1,0,'Generate html template order_return_state at /home/fmdollc/public_html/mails/en/order_return_state.html','',0,0,'2019-11-13 12:25:50','2019-11-13 12:25:50'),(45,1,0,'Generate txt template order_return_state at /home/fmdollc/public_html/mails/en/order_return_state.txt','',0,0,'2019-11-13 12:25:50','2019-11-13 12:25:50'),(46,1,0,'Generate html template outofstock at /home/fmdollc/public_html/mails/en/outofstock.html','',0,0,'2019-11-13 12:25:50','2019-11-13 12:25:50'),(47,1,0,'Generate txt template outofstock at /home/fmdollc/public_html/mails/en/outofstock.txt','',0,0,'2019-11-13 12:25:50','2019-11-13 12:25:50'),(48,1,0,'Generate html template password at /home/fmdollc/public_html/mails/en/password.html','',0,0,'2019-11-13 12:25:50','2019-11-13 12:25:50'),(49,1,0,'Generate txt template password at /home/fmdollc/public_html/mails/en/password.txt','',0,0,'2019-11-13 12:25:50','2019-11-13 12:25:50'),(50,1,0,'Generate html template password_query at /home/fmdollc/public_html/mails/en/password_query.html','',0,0,'2019-11-13 12:25:50','2019-11-13 12:25:50'),(51,1,0,'Generate txt template password_query at /home/fmdollc/public_html/mails/en/password_query.txt','',0,0,'2019-11-13 12:25:51','2019-11-13 12:25:51'),(52,1,0,'Generate html template payment at /home/fmdollc/public_html/mails/en/payment.html','',0,0,'2019-11-13 12:25:51','2019-11-13 12:25:51'),(53,1,0,'Generate txt template payment at /home/fmdollc/public_html/mails/en/payment.txt','',0,0,'2019-11-13 12:25:51','2019-11-13 12:25:51'),(54,1,0,'Generate html template payment_error at /home/fmdollc/public_html/mails/en/payment_error.html','',0,0,'2019-11-13 12:25:51','2019-11-13 12:25:51'),(55,1,0,'Generate txt template payment_error at /home/fmdollc/public_html/mails/en/payment_error.txt','',0,0,'2019-11-13 12:25:51','2019-11-13 12:25:51'),(56,1,0,'Generate html template preparation at /home/fmdollc/public_html/mails/en/preparation.html','',0,0,'2019-11-13 12:25:51','2019-11-13 12:25:51'),(57,1,0,'Generate txt template preparation at /home/fmdollc/public_html/mails/en/preparation.txt','',0,0,'2019-11-13 12:25:51','2019-11-13 12:25:51'),(58,1,0,'Generate html template productoutofstock at /home/fmdollc/public_html/mails/en/productoutofstock.html','',0,0,'2019-11-13 12:25:51','2019-11-13 12:25:51'),(59,1,0,'Generate txt template productoutofstock at /home/fmdollc/public_html/mails/en/productoutofstock.txt','',0,0,'2019-11-13 12:25:51','2019-11-13 12:25:51'),(60,1,0,'Generate html template refund at /home/fmdollc/public_html/mails/en/refund.html','',0,0,'2019-11-13 12:25:51','2019-11-13 12:25:51'),(61,1,0,'Generate txt template refund at /home/fmdollc/public_html/mails/en/refund.txt','',0,0,'2019-11-13 12:25:51','2019-11-13 12:25:51'),(62,1,0,'Generate html template reply_msg at /home/fmdollc/public_html/mails/en/reply_msg.html','',0,0,'2019-11-13 12:25:51','2019-11-13 12:25:51'),(63,1,0,'Generate txt template reply_msg at /home/fmdollc/public_html/mails/en/reply_msg.txt','',0,0,'2019-11-13 12:25:51','2019-11-13 12:25:51'),(64,1,0,'Generate html template shipped at /home/fmdollc/public_html/mails/en/shipped.html','',0,0,'2019-11-13 12:25:51','2019-11-13 12:25:51'),(65,1,0,'Generate txt template shipped at /home/fmdollc/public_html/mails/en/shipped.txt','',0,0,'2019-11-13 12:25:51','2019-11-13 12:25:51'),(66,1,0,'Generate html template test at /home/fmdollc/public_html/mails/en/test.html','',0,0,'2019-11-13 12:25:51','2019-11-13 12:25:51'),(67,1,0,'Generate txt template test at /home/fmdollc/public_html/mails/en/test.txt','',0,0,'2019-11-13 12:25:51','2019-11-13 12:25:51'),(68,1,0,'Generate html template voucher at /home/fmdollc/public_html/mails/en/voucher.html','',0,0,'2019-11-13 12:25:51','2019-11-13 12:25:51'),(69,1,0,'Generate txt template voucher at /home/fmdollc/public_html/mails/en/voucher.txt','',0,0,'2019-11-13 12:25:51','2019-11-13 12:25:51'),(70,1,0,'Generate html template voucher_new at /home/fmdollc/public_html/mails/en/voucher_new.html','',0,0,'2019-11-13 12:25:51','2019-11-13 12:25:51'),(71,1,0,'Generate txt template voucher_new at /home/fmdollc/public_html/mails/en/voucher_new.txt','',0,0,'2019-11-13 12:25:51','2019-11-13 12:25:51'),(72,1,0,'Generate html template followup_1 at /home/fmdollc/public_html/modules//followup/mails/en/followup_1.html','',0,0,'2019-11-13 12:25:51','2019-11-13 12:25:51'),(73,1,0,'Generate txt template followup_1 at /home/fmdollc/public_html/modules//followup/mails/en/followup_1.txt','',0,0,'2019-11-13 12:25:51','2019-11-13 12:25:51'),(74,1,0,'Generate html template followup_2 at /home/fmdollc/public_html/modules//followup/mails/en/followup_2.html','',0,0,'2019-11-13 12:25:51','2019-11-13 12:25:51'),(75,1,0,'Generate txt template followup_2 at /home/fmdollc/public_html/modules//followup/mails/en/followup_2.txt','',0,0,'2019-11-13 12:25:51','2019-11-13 12:25:51'),(76,1,0,'Generate html template followup_3 at /home/fmdollc/public_html/modules//followup/mails/en/followup_3.html','',0,0,'2019-11-13 12:25:51','2019-11-13 12:25:51'),(77,1,0,'Generate txt template followup_3 at /home/fmdollc/public_html/modules//followup/mails/en/followup_3.txt','',0,0,'2019-11-13 12:25:51','2019-11-13 12:25:51'),(78,1,0,'Generate html template followup_4 at /home/fmdollc/public_html/modules//followup/mails/en/followup_4.html','',0,0,'2019-11-13 12:25:51','2019-11-13 12:25:51'),(79,1,0,'Generate txt template followup_4 at /home/fmdollc/public_html/modules//followup/mails/en/followup_4.txt','',0,0,'2019-11-13 12:25:51','2019-11-13 12:25:51'),(80,1,0,'Generate html template referralprogram-congratulations at /home/fmdollc/public_html/modules//referralprogram/mails/en/referralprogram-congratulations.html','',0,0,'2019-11-13 12:25:51','2019-11-13 12:25:51'),(81,1,0,'Generate txt template referralprogram-congratulations at /home/fmdollc/public_html/modules//referralprogram/mails/en/referralprogram-congratulations.txt','',0,0,'2019-11-13 12:25:51','2019-11-13 12:25:51'),(82,1,0,'Generate html template referralprogram-invitation at /home/fmdollc/public_html/modules//referralprogram/mails/en/referralprogram-invitation.html','',0,0,'2019-11-13 12:25:51','2019-11-13 12:25:51'),(83,1,0,'Generate txt template referralprogram-invitation at /home/fmdollc/public_html/modules//referralprogram/mails/en/referralprogram-invitation.txt','',0,0,'2019-11-13 12:25:51','2019-11-13 12:25:51'),(84,1,0,'Generate html template referralprogram-voucher at /home/fmdollc/public_html/modules//referralprogram/mails/en/referralprogram-voucher.html','',0,0,'2019-11-13 12:25:51','2019-11-13 12:25:51'),(85,1,0,'Generate txt template referralprogram-voucher at /home/fmdollc/public_html/modules//referralprogram/mails/en/referralprogram-voucher.txt','',0,0,'2019-11-13 12:25:51','2019-11-13 12:25:51'),(86,1,0,'Generate html template newsletter_conf at /home/fmdollc/public_html/modules//ps_emailsubscription/mails/en/newsletter_conf.html','',0,0,'2019-11-13 12:25:51','2019-11-13 12:25:51'),(87,1,0,'Generate txt template newsletter_conf at /home/fmdollc/public_html/modules//ps_emailsubscription/mails/en/newsletter_conf.txt','',0,0,'2019-11-13 12:25:51','2019-11-13 12:25:51'),(88,1,0,'Generate html template newsletter_verif at /home/fmdollc/public_html/modules//ps_emailsubscription/mails/en/newsletter_verif.html','',0,0,'2019-11-13 12:25:51','2019-11-13 12:25:51'),(89,1,0,'Generate txt template newsletter_verif at /home/fmdollc/public_html/modules//ps_emailsubscription/mails/en/newsletter_verif.txt','',0,0,'2019-11-13 12:25:51','2019-11-13 12:25:51'),(90,1,0,'Generate html template newsletter_voucher at /home/fmdollc/public_html/modules//ps_emailsubscription/mails/en/newsletter_voucher.html','',0,0,'2019-11-13 12:25:51','2019-11-13 12:25:51'),(91,1,0,'Generate txt template newsletter_voucher at /home/fmdollc/public_html/modules//ps_emailsubscription/mails/en/newsletter_voucher.txt','',0,0,'2019-11-13 12:25:51','2019-11-13 12:25:51'),(92,1,0,'Generate html template customer_qty at /home/fmdollc/public_html/modules//ps_emailalerts/mails/en/customer_qty.html','',0,0,'2019-11-13 12:25:51','2019-11-13 12:25:51'),(93,1,0,'Generate txt template customer_qty at /home/fmdollc/public_html/modules//ps_emailalerts/mails/en/customer_qty.txt','',0,0,'2019-11-13 12:25:51','2019-11-13 12:25:51'),(94,1,0,'Generate html template new_order at /home/fmdollc/public_html/modules//ps_emailalerts/mails/en/new_order.html','',0,0,'2019-11-13 12:25:51','2019-11-13 12:25:51'),(95,1,0,'Generate txt template new_order at /home/fmdollc/public_html/modules//ps_emailalerts/mails/en/new_order.txt','',0,0,'2019-11-13 12:25:51','2019-11-13 12:25:51'),(96,1,0,'Generate html template order_changed at /home/fmdollc/public_html/modules//ps_emailalerts/mails/en/order_changed.html','',0,0,'2019-11-13 12:25:51','2019-11-13 12:25:51'),(97,1,0,'Generate txt template order_changed at /home/fmdollc/public_html/modules//ps_emailalerts/mails/en/order_changed.txt','',0,0,'2019-11-13 12:25:51','2019-11-13 12:25:51'),(98,1,0,'Generate html template productcoverage at /home/fmdollc/public_html/modules//ps_emailalerts/mails/en/productcoverage.html','',0,0,'2019-11-13 12:25:51','2019-11-13 12:25:51'),(99,1,0,'Generate txt template productcoverage at /home/fmdollc/public_html/modules//ps_emailalerts/mails/en/productcoverage.txt','',0,0,'2019-11-13 12:25:51','2019-11-13 12:25:51'),(100,1,0,'Generate html template productoutofstock at /home/fmdollc/public_html/modules//ps_emailalerts/mails/en/productoutofstock.html','',0,0,'2019-11-13 12:25:51','2019-11-13 12:25:51'),(101,1,0,'Generate txt template productoutofstock at /home/fmdollc/public_html/modules//ps_emailalerts/mails/en/productoutofstock.txt','',0,0,'2019-11-13 12:25:51','2019-11-13 12:25:51'),(102,1,0,'Generate html template return_slip at /home/fmdollc/public_html/modules//ps_emailalerts/mails/en/return_slip.html','',0,0,'2019-11-13 12:25:51','2019-11-13 12:25:51'),(103,1,0,'Generate txt template return_slip at /home/fmdollc/public_html/modules//ps_emailalerts/mails/en/return_slip.txt','',0,0,'2019-11-13 12:25:51','2019-11-13 12:25:51'),(104,3,0,'Class \\\"AdminLinkWidgetController\\\" not found in controllers/admin','',0,1,'2019-11-13 12:26:01','2019-11-13 12:26:01'),(105,1,0,'Back office connection from 87.116.180.153','',0,1,'2019-11-13 12:28:24','2019-11-13 12:28:24'),(106,1,0,'Back office connection from 87.116.182.44','',0,1,'2019-11-18 05:19:21','2019-11-18 05:19:21'),(107,1,0,'Back office connection from 87.116.182.44','',0,1,'2019-11-18 05:56:39','2019-11-18 05:56:39'),(108,1,0,'Carrier deletion','Carrier',1,1,'2019-11-18 06:10:59','2019-11-18 06:10:59'),(109,1,0,'Zone addition','Zone',9,1,'2019-11-18 06:19:43','2019-11-18 06:19:43'),(110,1,0,'TaxRulesGroup addition','TaxRulesGroup',53,1,'2019-11-18 06:21:38','2019-11-18 06:21:38'),(111,1,0,'Store deletion','Store',1,1,'2019-11-18 06:24:27','2019-11-18 06:24:27'),(112,1,0,'Store deletion','Store',2,1,'2019-11-18 06:24:27','2019-11-18 06:24:27'),(113,1,0,'Store deletion','Store',3,1,'2019-11-18 06:24:27','2019-11-18 06:24:27'),(114,1,0,'Store deletion','Store',4,1,'2019-11-18 06:24:27','2019-11-18 06:24:27'),(115,1,0,'Store deletion','Store',5,1,'2019-11-18 06:24:27','2019-11-18 06:24:27'),(116,1,0,'Logo modification','Logo',1,1,'2019-11-18 06:29:27','2019-11-18 06:29:27'),(117,1,0,'Logo modification','Logo',2,1,'2019-11-18 06:29:38','2019-11-18 06:29:38'),(118,1,0,'Logo modification','Logo',1,1,'2019-11-18 06:30:12','2019-11-18 06:30:12'),(119,1,0,'Logo modification','Logo',2,1,'2019-11-18 06:30:19','2019-11-18 06:30:19'),(120,1,0,'Logo modification','Logo',3,1,'2019-11-18 06:30:29','2019-11-18 06:30:29'),(121,1,0,'Logo modification','Logo',4,1,'2019-11-18 06:30:43','2019-11-18 06:30:43'),(122,1,0,'Logo modification','Logo',5,1,'2019-11-18 06:30:57','2019-11-18 06:30:57'),(123,1,0,'Logo modification','Logo',6,1,'2019-11-18 06:31:10','2019-11-18 06:31:10'),(124,1,0,'Logo modification','Logo',7,1,'2019-11-18 06:31:25','2019-11-18 06:31:25'),(125,1,0,'Back office connection from 87.116.181.245','',0,1,'2019-11-23 11:59:11','2019-11-23 11:59:11'),(126,1,0,'Back office connection from 87.116.181.78','',0,1,'2019-11-24 10:40:22','2019-11-24 10:40:22'),(127,1,0,'Back office connection from 87.116.181.133','',0,1,'2019-11-25 11:16:14','2019-11-25 11:16:14'),(128,1,0,'Staticfooter modification','Staticfooter',1,1,'2019-11-25 11:20:13','2019-11-25 11:20:13'),(129,1,0,'Staticfooter modification','Staticfooter',2,1,'2019-11-25 11:23:58','2019-11-25 11:23:58'),(130,1,0,'Staticfooter modification','Staticfooter',4,1,'2019-11-25 11:25:50','2019-11-25 11:25:50'),(131,1,0,'Staticfooter modification','Staticfooter',3,1,'2019-11-25 11:29:14','2019-11-25 11:29:14'),(132,1,0,'Logo modification','Logo',1,1,'2019-11-25 11:41:14','2019-11-25 11:41:14'),(133,1,0,'Logo modification','Logo',2,1,'2019-11-25 11:41:32','2019-11-25 11:41:32'),(134,1,0,'Logo modification','Logo',3,1,'2019-11-25 11:41:36','2019-11-25 11:41:36'),(135,1,0,'Logo modification','Logo',4,1,'2019-11-25 11:41:41','2019-11-25 11:41:41'),(136,1,0,'Logo modification','Logo',5,1,'2019-11-25 11:41:45','2019-11-25 11:41:45'),(137,1,0,'Logo modification','Logo',6,1,'2019-11-25 11:41:51','2019-11-25 11:41:51'),(138,1,0,'Logo modification','Logo',3,1,'2019-11-25 11:42:52','2019-11-25 11:42:52'),(139,1,0,'Logo modification','Logo',4,1,'2019-11-25 11:42:56','2019-11-25 11:42:56'),(140,1,0,'Logo modification','Logo',5,1,'2019-11-25 11:42:59','2019-11-25 11:42:59'),(141,1,0,'Logo modification','Logo',6,1,'2019-11-25 11:43:04','2019-11-25 11:43:04'),(142,1,0,'Logo modification','Logo',7,1,'2019-11-25 11:43:08','2019-11-25 11:43:08'),(143,1,0,'Logo modification','Logo',3,1,'2019-11-25 11:44:00','2019-11-25 11:44:00'),(144,1,0,'Staticblock modification','Staticblock',1,1,'2019-11-25 11:49:06','2019-11-25 11:49:06'),(145,1,0,'QuickAccess addition','QuickAccess',8,1,'2019-11-25 11:54:07','2019-11-25 11:54:07'),(146,1,0,'Back office connection from 87.116.181.133','',0,1,'2019-11-25 12:06:14','2019-11-25 12:06:14'),(147,1,0,'Back office connection from 87.116.181.133','',0,1,'2019-11-26 11:10:07','2019-11-26 11:10:07');

--
-- Table structure for table `ps_mail`
--

CREATE TABLE `ps_mail` (
  `id_mail` int(11) unsigned NOT NULL AUTO_INCREMENT,
  `recipient` varchar(126) NOT NULL,
  `template` varchar(62) NOT NULL,
  `subject` varchar(254) NOT NULL,
  `id_lang` int(11) unsigned NOT NULL,
  `date_add` timestamp NOT NULL DEFAULT CURRENT_TIMESTAMP,
  PRIMARY KEY (`id_mail`),
  KEY `recipient` (`recipient`(10))
) ENGINE=InnoDB DEFAULT CHARSET=utf8;

--
-- Dumping data for table `ps_mail`
--


--
-- Table structure for table `ps_manufacturer`
--

CREATE TABLE `ps_manufacturer` (
  `id_manufacturer` int(10) unsigned NOT NULL AUTO_INCREMENT,
  `name` varchar(64) NOT NULL,
  `date_add` datetime NOT NULL,
  `date_upd` datetime NOT NULL,
  `active` tinyint(1) NOT NULL DEFAULT '0',
  PRIMARY KEY (`id_manufacturer`)
) ENGINE=InnoDB AUTO_INCREMENT=3 DEFAULT CHARSET=utf8;

--
-- Dumping data for table `ps_manufacturer`
--

INSERT INTO `ps_manufacturer` VALUES (1,'Studio Design','2019-11-13 12:26:43','2019-11-13 12:26:43',1),(2,'Graphic Corner','2019-11-13 12:26:43','2019-11-13 12:26:43',1);

--
-- Table structure for table `ps_manufacturer_lang`
--

CREATE TABLE `ps_manufacturer_lang` (
  `id_manufacturer` int(10) unsigned NOT NULL,
  `id_lang` int(10) unsigned NOT NULL,
  `description` text,
  `short_description` text,
  `meta_title` varchar(255) DEFAULT NULL,
  `meta_keywords` varchar(255) DEFAULT NULL,
  `meta_description` varchar(512) DEFAULT NULL,
  PRIMARY KEY (`id_manufacturer`,`id_lang`)
) ENGINE=InnoDB DEFAULT CHARSET=utf8;

--
-- Dumping data for table `ps_manufacturer_lang`
--

INSERT INTO `ps_manufacturer_lang` VALUES (1,1,'<p><span style=\"font-size:10pt;font-style:normal;\">Studio Design offers a range of items from ready-to-wear collections to contemporary objects. The brand has been presenting new ideas and trends since its creation in 2012.</span></p>','','','',''),(2,1,'<p><span style=\"font-size:10pt;font-style:normal;\">Since 2010, Graphic Corner offers a large choice of quality posters, available on paper and many other formats. </span></p>','','','','');

--
-- Table structure for table `ps_manufacturer_shop`
--

CREATE TABLE `ps_manufacturer_shop` (
  `id_manufacturer` int(11) unsigned NOT NULL,
  `id_shop` int(11) unsigned NOT NULL,
  PRIMARY KEY (`id_manufacturer`,`id_shop`),
  KEY `id_shop` (`id_shop`)
) ENGINE=InnoDB DEFAULT CHARSET=utf8;

--
-- Dumping data for table `ps_manufacturer_shop`
--

INSERT INTO `ps_manufacturer_shop` VALUES (1,1),(2,1);

--
-- Table structure for table `ps_memcached_servers`
--

CREATE TABLE `ps_memcached_servers` (
  `id_memcached_server` int(11) unsigned NOT NULL AUTO_INCREMENT,
  `ip` varchar(254) NOT NULL,
  `port` int(11) unsigned NOT NULL,
  `weight` int(11) unsigned NOT NULL,
  PRIMARY KEY (`id_memcached_server`)
) ENGINE=InnoDB DEFAULT CHARSET=utf8;

--
-- Dumping data for table `ps_memcached_servers`
--


--
-- Table structure for table `ps_message`
--

CREATE TABLE `ps_message` (
  `id_message` int(10) unsigned NOT NULL AUTO_INCREMENT,
  `id_cart` int(10) unsigned DEFAULT NULL,
  `id_customer` int(10) unsigned NOT NULL,
  `id_employee` int(10) unsigned DEFAULT NULL,
  `id_order` int(10) unsigned NOT NULL,
  `message` text NOT NULL,
  `private` tinyint(1) unsigned NOT NULL DEFAULT '1',
  `date_add` datetime NOT NULL,
  PRIMARY KEY (`id_message`),
  KEY `message_order` (`id_order`),
  KEY `id_cart` (`id_cart`),
  KEY `id_customer` (`id_customer`),
  KEY `id_employee` (`id_employee`)
) ENGINE=InnoDB DEFAULT CHARSET=utf8;

--
-- Dumping data for table `ps_message`
--


--
-- Table structure for table `ps_message_readed`
--

CREATE TABLE `ps_message_readed` (
  `id_message` int(10) unsigned NOT NULL,
  `id_employee` int(10) unsigned NOT NULL,
  `date_add` datetime NOT NULL,
  PRIMARY KEY (`id_message`,`id_employee`)
) ENGINE=InnoDB DEFAULT CHARSET=utf8;

--
-- Dumping data for table `ps_message_readed`
--


--
-- Table structure for table `ps_meta`
--

CREATE TABLE `ps_meta` (
  `id_meta` int(10) unsigned NOT NULL AUTO_INCREMENT,
  `page` varchar(64) NOT NULL,
  `configurable` tinyint(1) unsigned NOT NULL DEFAULT '1',
  PRIMARY KEY (`id_meta`),
  UNIQUE KEY `page` (`page`)
) ENGINE=InnoDB AUTO_INCREMENT=46 DEFAULT CHARSET=utf8;

--
-- Dumping data for table `ps_meta`
--

INSERT INTO `ps_meta` VALUES (1,'pagenotfound',1),(2,'best-sales',1),(3,'contact',1),(4,'index',1),(5,'manufacturer',1),(6,'new-products',1),(7,'password',1),(8,'prices-drop',1),(9,'sitemap',1),(10,'supplier',1),(11,'address',1),(12,'addresses',1),(13,'authentication',1),(14,'cart',1),(15,'discount',1),(16,'history',1),(17,'identity',1),(18,'my-account',1),(19,'order-follow',1),(20,'order-slip',1),(21,'order',1),(22,'search',1),(23,'stores',1),(24,'guest-tracking',1),(25,'order-confirmation',1),(26,'product',0),(27,'category',0),(28,'cms',0),(29,'module-cheque-payment',0),(30,'module-cheque-validation',0),(31,'module-bankwire-validation',0),(32,'module-bankwire-payment',0),(33,'module-cashondelivery-validation',0),(34,'module-ps_checkpayment-payment',1),(35,'module-ps_checkpayment-validation',1),(36,'module-ps_emailsubscription-verification',1),(37,'module-ps_emailsubscription-subscription',1),(38,'module-ps_faviconnotificationbo-AdminAjaxFaviconBO',1),(39,'module-ps_shoppingcart-ajax',1),(40,'module-ps_wirepayment-payment',1),(41,'module-ps_wirepayment-validation',1),(42,'module-psgdpr-AdminAjaxPsgdpr',1),(43,'module-psgdpr-AdminDownloadInvoicesPsgdpr',1),(44,'module-xipblog-archive',1),(45,'module-xipblog-single',1);

--
-- Table structure for table `ps_meta_lang`
--

CREATE TABLE `ps_meta_lang` (
  `id_meta` int(10) unsigned NOT NULL,
  `id_shop` int(11) unsigned NOT NULL DEFAULT '1',
  `id_lang` int(10) unsigned NOT NULL,
  `title` varchar(128) DEFAULT NULL,
  `description` varchar(255) DEFAULT NULL,
  `keywords` varchar(255) DEFAULT NULL,
  `url_rewrite` varchar(254) NOT NULL,
  PRIMARY KEY (`id_meta`,`id_shop`,`id_lang`),
  KEY `id_shop` (`id_shop`),
  KEY `id_lang` (`id_lang`)
) ENGINE=InnoDB DEFAULT CHARSET=utf8;

--
-- Dumping data for table `ps_meta_lang`
--

INSERT INTO `ps_meta_lang` VALUES (1,1,1,'404 error','This page cannot be found','','page-not-found'),(2,1,1,'Best sales','Our best sales','','best-sales'),(3,1,1,'Contact us','Use our form to contact us','','contact-us'),(4,1,1,'','Shop powered by PrestaShop','',''),(5,1,1,'Brands','Brands list','','brands'),(6,1,1,'New products','Our new products','','new-products'),(7,1,1,'Forgot your password','Enter the e-mail address you use to sign in to receive an e-mail with a new password','','password-recovery'),(8,1,1,'Prices drop','Our special products','','prices-drop'),(9,1,1,'Sitemap','Lost ? Find what your are looking for','','sitemap'),(10,1,1,'Suppliers','Suppliers list','','supplier'),(11,1,1,'Address','','','address'),(12,1,1,'Addresses','','','addresses'),(13,1,1,'Login','','','login'),(14,1,1,'Cart','','','cart'),(15,1,1,'Discount','','','discount'),(16,1,1,'Order history','','','order-history'),(17,1,1,'Identity','','','identity'),(18,1,1,'My account','','','my-account'),(19,1,1,'Order follow','','','order-follow'),(20,1,1,'Credit slip','','','credit-slip'),(21,1,1,'Order','','','order'),(22,1,1,'Search','','','search'),(23,1,1,'Stores','','','stores'),(24,1,1,'Guest tracking','','','guest-tracking'),(25,1,1,'Order confirmation','','','order-confirmation'),(34,1,1,'','','',''),(35,1,1,'','','',''),(36,1,1,'','','',''),(37,1,1,'','','',''),(38,1,1,'','','',''),(39,1,1,'','','',''),(40,1,1,'','','',''),(41,1,1,'','','',''),(42,1,1,'','','',''),(43,1,1,'','','',''),(44,1,1,'','','',''),(45,1,1,'','','','');

--
-- Table structure for table `ps_module`
--

CREATE TABLE `ps_module` (
  `id_module` int(10) unsigned NOT NULL AUTO_INCREMENT,
  `name` varchar(64) NOT NULL,
  `active` tinyint(1) unsigned NOT NULL DEFAULT '0',
  `version` varchar(8) NOT NULL,
  PRIMARY KEY (`id_module`),
  UNIQUE KEY `name_UNIQUE` (`name`),
  KEY `name` (`name`)
) ENGINE=InnoDB AUTO_INCREMENT=82 DEFAULT CHARSET=utf8;

--
-- Dumping data for table `ps_module`
--

INSERT INTO `ps_module` VALUES (1,'contactform',1,'4.1.1'),(2,'dashactivity',1,'2.0.2'),(3,'dashtrends',1,'2.0.2'),(4,'dashgoals',1,'2.0.2'),(5,'dashproducts',1,'2.0.4'),(6,'graphnvd3',1,'2.0.1'),(7,'gridhtml',1,'2.0.0'),(8,'gsitemap',1,'4.1.0'),(9,'ps_banner',1,'2.1.0'),(10,'ps_categorytree',1,'2.0.0'),(11,'ps_checkpayment',1,'2.0.4'),(12,'ps_contactinfo',1,'3.2.0'),(13,'ps_currencyselector',1,'2.0.0'),(14,'ps_customeraccountlinks',1,'3.1.0'),(15,'ps_customersignin',1,'2.0.2'),(16,'ps_customtext',1,'4.1.0'),(17,'ps_emailsubscription',1,'2.5.1'),(19,'ps_faviconnotificationbo',1,'2.0.0'),(20,'ps_featuredproducts',1,'2.0.0'),(21,'ps_imageslider',1,'3.0.0'),(22,'ps_languageselector',1,'2.0.2'),(23,'ps_linklist',1,'3.0.4'),(24,'ps_mainmenu',1,'2.1.1'),(25,'ps_searchbar',1,'2.0.1'),(26,'ps_sharebuttons',1,'2.0.1'),(27,'ps_shoppingcart',1,'2.0.3'),(28,'ps_socialfollow',1,'2.0.0'),(29,'ps_themecusto',1,'1.0.10'),(30,'ps_wirepayment',1,'2.0.4'),(31,'pagesnotfound',1,'2.0.0'),(32,'sekeywords',1,'2.0.0'),(33,'statsbestcategories',1,'2.0.0'),(34,'statsbestcustomers',1,'2.0.2'),(35,'statsbestproducts',1,'2.0.0'),(36,'statsbestsuppliers',1,'2.0.0'),(37,'statsbestvouchers',1,'2.0.0'),(38,'statscarrier',1,'2.0.0'),(39,'statscatalog',1,'2.0.1'),(40,'statscheckup',1,'2.0.1'),(41,'statsdata',1,'2.0.0'),(42,'statsequipment',1,'2.0.0'),(43,'statsforecast',1,'2.0.3'),(44,'statslive',1,'2.0.2'),(45,'statsnewsletter',1,'2.0.2'),(46,'statsorigin',1,'2.0.2'),(47,'statspersonalinfos',1,'2.0.2'),(48,'statsproduct',1,'2.0.3'),(49,'statsregistrations',1,'2.0.0'),(50,'statssales',1,'2.0.0'),(51,'statssearch',1,'2.0.1'),(52,'statsstock',1,'2.0.0'),(53,'statsvisits',1,'2.0.2'),(54,'welcome',1,'6.0.0'),(55,'gamification',1,'2.3.1'),(56,'psaddonsconnect',1,'2.1.1'),(57,'psgdpr',1,'1.1.3'),(58,'ps_mbo',1,'1.1.1'),(59,'ps_buybuttonlite',1,'1.0.1'),(60,'blockreassurance',1,'4.1.1'),(61,'ps_facetedsearch',1,'3.4.0'),(62,'ps_advertising',1,'1.0.2'),(63,'ps_categoryproducts',1,'1.0.4'),(64,'blocktags',1,'1.3.1'),(65,'productcomments',1,'4.0.1'),(66,'poslogo',1,'1.0'),(67,'posmegamenu',1,'1.0'),(68,'posvegamenu',1,'1.0'),(69,'posslideshows',1,'1.0.0'),(70,'posstaticblocks',1,'1.0'),(71,'posstaticfooter',1,'1.0'),(72,'postabcateslider',1,'1.5'),(73,'postabproductslider',1,'1.7'),(74,'poslistcategories',1,'1.7.0'),(75,'possearchproducts',1,'1.7'),(76,'postestimonials',1,'1.6'),(77,'posrecommendedproducts',1,'1.0.0'),(78,'posspecialproducts',1,'2.0'),(79,'poscountdown',1,'1.6'),(80,'xipblog',1,'2.0.0'),(81,'xipblogdisplayposts',1,'2.0.0');

--
-- Table structure for table `ps_module_access`
--

CREATE TABLE `ps_module_access` (
  `id_profile` int(10) unsigned NOT NULL,
  `id_authorization_role` int(10) unsigned NOT NULL,
  PRIMARY KEY (`id_profile`,`id_authorization_role`)
) ENGINE=InnoDB DEFAULT CHARSET=utf8;

--
-- Dumping data for table `ps_module_access`
--

INSERT INTO `ps_module_access` VALUES (1,477),(1,478),(1,479),(1,480),(1,481),(1,482),(1,483),(1,484),(1,485),(1,486),(1,487),(1,488),(1,493),(1,494),(1,495),(1,496),(1,497),(1,498),(1,499),(1,500),(1,501),(1,502),(1,503),(1,504),(1,505),(1,506),(1,507),(1,508),(1,509),(1,510),(1,511),(1,512),(1,513),(1,514),(1,515),(1,516),(1,517),(1,518),(1,519),(1,520),(1,521),(1,522),(1,523),(1,524),(1,525),(1,526),(1,527),(1,528),(1,529),(1,530),(1,531),(1,532),(1,533),(1,534),(1,535),(1,536),(1,537),(1,538),(1,539),(1,540),(1,541),(1,542),(1,543),(1,544),(1,545),(1,546),(1,547),(1,548),(1,553),(1,554),(1,555),(1,556),(1,561),(1,562),(1,563),(1,564),(1,565),(1,566),(1,567),(1,568),(1,569),(1,570),(1,571),(1,572),(1,577),(1,578),(1,579),(1,580),(1,581),(1,582),(1,583),(1,584),(1,585),(1,586),(1,587),(1,588),(1,589),(1,590),(1,591),(1,592),(1,593),(1,594),(1,595),(1,596),(1,597),(1,598),(1,599),(1,600),(1,601),(1,602),(1,603),(1,604),(1,617),(1,618),(1,619),(1,620),(1,621),(1,622),(1,623),(1,624),(1,625),(1,626),(1,627),(1,628),(1,629),(1,630),(1,631),(1,632),(1,633),(1,634),(1,635),(1,636),(1,637),(1,638),(1,639),(1,640),(1,641),(1,642),(1,643),(1,644),(1,645),(1,646),(1,647),(1,648),(1,649),(1,650),(1,651),(1,652),(1,653),(1,654),(1,655),(1,656),(1,657),(1,658),(1,659),(1,660),(1,661),(1,662),(1,663),(1,664),(1,665),(1,666),(1,667),(1,668),(1,669),(1,670),(1,671),(1,672),(1,673),(1,674),(1,675),(1,676),(1,677),(1,678),(1,679),(1,680),(1,681),(1,682),(1,683),(1,684),(1,685),(1,686),(1,687),(1,688),(1,689),(1,690),(1,691),(1,692),(1,693),(1,694),(1,695),(1,696),(1,697),(1,698),(1,699),(1,700),(1,701),(1,702),(1,703),(1,704),(1,705),(1,706),(1,707),(1,708),(1,709),(1,710),(1,711),(1,712),(1,713),(1,714),(1,715),(1,716),(1,725),(1,726),(1,727),(1,728),(1,729),(1,730),(1,731),(1,732),(1,733),(1,734),(1,735),(1,736),(1,745),(1,746),(1,747),(1,748),(1,757),(1,758),(1,759),(1,760),(1,765),(1,766),(1,767),(1,768),(1,769),(1,770),(1,771),(1,772),(1,773),(1,774),(1,775),(1,776),(1,777),(1,778),(1,779),(1,780),(1,781),(1,782),(1,783),(1,784),(1,785),(1,786),(1,787),(1,788),(1,797),(1,798),(1,799),(1,800),(1,801),(1,802),(1,803),(1,804),(1,805),(1,806),(1,807),(1,808),(1,813),(1,814),(1,815),(1,816),(1,821),(1,822),(1,823),(1,824),(1,829),(1,830),(1,831),(1,832),(1,833),(1,834),(1,835),(1,836),(1,837),(1,838),(1,839),(1,840),(1,841),(1,842),(1,843),(1,844),(1,845),(1,846),(1,847),(1,848),(1,849),(1,850),(1,851),(1,852),(1,857),(1,858),(1,859),(1,860),(1,861),(1,862),(1,863),(1,864),(1,865),(1,866),(1,867),(1,868),(1,869),(1,870),(1,871),(1,872),(1,893),(1,894),(1,895),(1,896);

--
-- Table structure for table `ps_module_carrier`
--

CREATE TABLE `ps_module_carrier` (
  `id_module` int(10) unsigned NOT NULL,
  `id_shop` int(11) unsigned NOT NULL DEFAULT '1',
  `id_reference` int(11) NOT NULL,
  PRIMARY KEY (`id_module`,`id_shop`,`id_reference`)
) ENGINE=InnoDB DEFAULT CHARSET=utf8;

--
-- Dumping data for table `ps_module_carrier`
--

INSERT INTO `ps_module_carrier` VALUES (11,1,1),(11,1,2),(30,1,1),(30,1,2);

--
-- Table structure for table `ps_module_country`
--

CREATE TABLE `ps_module_country` (
  `id_module` int(10) unsigned NOT NULL,
  `id_shop` int(11) unsigned NOT NULL DEFAULT '1',
  `id_country` int(10) unsigned NOT NULL,
  PRIMARY KEY (`id_module`,`id_shop`,`id_country`)
) ENGINE=InnoDB DEFAULT CHARSET=utf8;

--
-- Dumping data for table `ps_module_country`
--

INSERT INTO `ps_module_country` VALUES (11,1,21),(30,1,21);

--
-- Table structure for table `ps_module_currency`
--

CREATE TABLE `ps_module_currency` (
  `id_module` int(10) unsigned NOT NULL,
  `id_shop` int(11) unsigned NOT NULL DEFAULT '1',
  `id_currency` int(11) NOT NULL,
  PRIMARY KEY (`id_module`,`id_shop`,`id_currency`),
  KEY `id_module` (`id_module`)
) ENGINE=InnoDB DEFAULT CHARSET=utf8;

--
-- Dumping data for table `ps_module_currency`
--

INSERT INTO `ps_module_currency` VALUES (11,1,1),(30,1,1);

--
-- Table structure for table `ps_module_group`
--

CREATE TABLE `ps_module_group` (
  `id_module` int(10) unsigned NOT NULL,
  `id_shop` int(11) unsigned NOT NULL DEFAULT '1',
  `id_group` int(11) unsigned NOT NULL,
  PRIMARY KEY (`id_module`,`id_shop`,`id_group`)
) ENGINE=InnoDB DEFAULT CHARSET=utf8;

--
-- Dumping data for table `ps_module_group`
--

INSERT INTO `ps_module_group` VALUES (1,1,1),(1,1,2),(1,1,3),(2,1,1),(2,1,2),(2,1,3),(3,1,1),(3,1,2),(3,1,3),(4,1,1),(4,1,2),(4,1,3),(5,1,1),(5,1,2),(5,1,3),(6,1,1),(6,1,2),(6,1,3),(7,1,1),(7,1,2),(7,1,3),(8,1,1),(8,1,2),(8,1,3),(9,1,1),(9,1,2),(9,1,3),(10,1,1),(10,1,2),(10,1,3),(11,1,1),(11,1,2),(11,1,3),(12,1,1),(12,1,2),(12,1,3),(13,1,1),(13,1,2),(13,1,3),(14,1,1),(14,1,2),(14,1,3),(15,1,1),(15,1,2),(15,1,3),(16,1,1),(16,1,2),(16,1,3),(17,1,1),(17,1,2),(17,1,3),(19,1,1),(19,1,2),(19,1,3),(20,1,1),(20,1,2),(20,1,3),(21,1,1),(21,1,2),(21,1,3),(22,1,1),(22,1,2),(22,1,3),(23,1,1),(23,1,2),(23,1,3),(24,1,1),(24,1,2),(24,1,3),(25,1,1),(25,1,2),(25,1,3),(26,1,1),(26,1,2),(26,1,3),(27,1,1),(27,1,2),(27,1,3),(28,1,1),(28,1,2),(28,1,3),(29,1,1),(29,1,2),(29,1,3),(30,1,1),(30,1,2),(30,1,3),(31,1,1),(31,1,2),(31,1,3),(32,1,1),(32,1,2),(32,1,3),(33,1,1),(33,1,2),(33,1,3),(34,1,1),(34,1,2),(34,1,3),(35,1,1),(35,1,2),(35,1,3),(36,1,1),(36,1,2),(36,1,3),(37,1,1),(37,1,2),(37,1,3),(38,1,1),(38,1,2),(38,1,3),(39,1,1),(39,1,2),(39,1,3),(40,1,1),(40,1,2),(40,1,3),(41,1,1),(41,1,2),(41,1,3),(42,1,1),(42,1,2),(42,1,3),(43,1,1),(43,1,2),(43,1,3),(44,1,1),(44,1,2),(44,1,3),(45,1,1),(45,1,2),(45,1,3),(46,1,1),(46,1,2),(46,1,3),(47,1,1),(47,1,2),(47,1,3),(48,1,1),(48,1,2),(48,1,3),(49,1,1),(49,1,2),(49,1,3),(50,1,1),(50,1,2),(50,1,3),(51,1,1),(51,1,2),(51,1,3),(52,1,1),(52,1,2),(52,1,3),(53,1,1),(53,1,2),(53,1,3),(54,1,1),(54,1,2),(54,1,3),(55,1,1),(55,1,2),(55,1,3),(56,1,1),(56,1,2),(56,1,3),(57,1,1),(57,1,2),(57,1,3),(58,1,1),(58,1,2),(58,1,3),(59,1,1),(59,1,2),(59,1,3),(60,1,1),(60,1,2),(60,1,3),(61,1,1),(61,1,2),(61,1,3),(62,1,1),(62,1,2),(62,1,3),(63,1,1),(63,1,2),(63,1,3),(64,1,1),(64,1,2),(64,1,3),(65,1,1),(65,1,2),(65,1,3),(66,1,1),(66,1,2),(66,1,3),(67,1,1),(67,1,2),(67,1,3),(68,1,1),(68,1,2),(68,1,3),(69,1,1),(69,1,2),(69,1,3),(70,1,1),(70,1,2),(70,1,3),(71,1,1),(71,1,2),(71,1,3),(72,1,1),(72,1,2),(72,1,3),(73,1,1),(73,1,2),(73,1,3),(74,1,1),(74,1,2),(74,1,3),(75,1,1),(75,1,2),(75,1,3),(76,1,1),(76,1,2),(76,1,3),(77,1,1),(77,1,2),(77,1,3),(78,1,1),(78,1,2),(78,1,3),(79,1,1),(79,1,2),(79,1,3),(80,1,1),(80,1,2),(80,1,3),(81,1,1),(81,1,2),(81,1,3);

--
-- Table structure for table `ps_module_history`
--

CREATE TABLE `ps_module_history` (
  `id` int(11) NOT NULL AUTO_INCREMENT,
  `id_employee` int(11) NOT NULL,
  `id_module` int(11) NOT NULL,
  `date_add` datetime NOT NULL,
  `date_upd` datetime NOT NULL,
  PRIMARY KEY (`id`)
) ENGINE=InnoDB AUTO_INCREMENT=15 DEFAULT CHARSET=utf8 COLLATE=utf8_unicode_ci;

--
-- Dumping data for table `ps_module_history`
--

INSERT INTO `ps_module_history` VALUES (1,1,71,'2019-11-25 11:16:47','2019-11-25 11:47:09'),(2,1,66,'2019-11-25 11:47:55','2019-11-25 11:47:55'),(3,1,70,'2019-11-25 11:48:12','2019-11-25 11:48:12'),(4,1,69,'2019-11-25 11:53:53','2019-11-25 11:53:53'),(5,1,60,'2019-11-25 12:07:03','2019-11-25 12:07:03'),(6,1,12,'2019-11-25 12:09:38','2019-11-25 12:13:19'),(7,1,30,'2019-11-25 12:09:50','2019-11-25 12:09:50'),(8,1,67,'2019-11-25 12:10:22','2019-11-25 12:10:22'),(9,1,78,'2019-11-25 12:12:14','2019-11-25 12:12:14'),(10,1,68,'2019-11-25 12:12:29','2019-11-25 12:12:29'),(11,1,10,'2019-11-25 12:13:02','2019-11-25 12:13:02'),(12,1,9,'2019-11-25 12:13:09','2019-11-25 12:13:09'),(13,1,1,'2019-11-25 12:13:26','2019-11-25 12:13:26'),(14,1,23,'2019-11-25 12:14:14','2019-11-25 12:14:14');

--
-- Table structure for table `ps_module_preference`
--

CREATE TABLE `ps_module_preference` (
  `id_module_preference` int(11) NOT NULL AUTO_INCREMENT,
  `id_employee` int(11) NOT NULL,
  `module` varchar(255) NOT NULL,
  `interest` tinyint(1) DEFAULT NULL,
  `favorite` tinyint(1) DEFAULT NULL,
  PRIMARY KEY (`id_module_preference`),
  UNIQUE KEY `employee_module` (`id_employee`,`module`)
) ENGINE=InnoDB DEFAULT CHARSET=utf8;

--
-- Dumping data for table `ps_module_preference`
--


--
-- Table structure for table `ps_module_shop`
--

CREATE TABLE `ps_module_shop` (
  `id_module` int(11) unsigned NOT NULL,
  `id_shop` int(11) unsigned NOT NULL,
  `enable_device` tinyint(1) NOT NULL DEFAULT '7',
  PRIMARY KEY (`id_module`,`id_shop`),
  KEY `id_shop` (`id_shop`)
) ENGINE=InnoDB DEFAULT CHARSET=utf8;

--
-- Dumping data for table `ps_module_shop`
--

INSERT INTO `ps_module_shop` VALUES (1,1,7),(2,1,7),(3,1,7),(4,1,7),(5,1,7),(6,1,7),(7,1,7),(8,1,7),(9,1,3),(10,1,7),(11,1,7),(12,1,7),(13,1,7),(14,1,7),(15,1,7),(19,1,7),(22,1,7),(23,1,7),(25,1,7),(26,1,7),(27,1,7),(28,1,7),(29,1,7),(30,1,7),(31,1,7),(32,1,7),(33,1,7),(34,1,7),(35,1,7),(36,1,7),(37,1,7),(38,1,7),(39,1,7),(40,1,7),(41,1,7),(42,1,7),(43,1,7),(44,1,7),(45,1,7),(46,1,7),(47,1,7),(48,1,7),(49,1,7),(50,1,7),(51,1,7),(52,1,7),(53,1,7),(55,1,7),(56,1,7),(57,1,7),(58,1,7),(59,1,7),(60,1,7),(61,1,7),(62,1,7),(63,1,7),(64,1,7),(65,1,7),(66,1,7),(67,1,7),(68,1,7),(69,1,3),(70,1,7),(71,1,7),(72,1,7),(73,1,7),(74,1,3),(75,1,7),(77,1,7),(78,1,7),(79,1,7),(80,1,7);

--
-- Table structure for table `ps_operating_system`
--

CREATE TABLE `ps_operating_system` (
  `id_operating_system` int(10) unsigned NOT NULL AUTO_INCREMENT,
  `name` varchar(64) DEFAULT NULL,
  PRIMARY KEY (`id_operating_system`)
) ENGINE=InnoDB AUTO_INCREMENT=10 DEFAULT CHARSET=utf8;

--
-- Dumping data for table `ps_operating_system`
--

INSERT INTO `ps_operating_system` VALUES (1,'Windows XP'),(2,'Windows Vista'),(3,'Windows 7'),(4,'Windows 8'),(5,'Windows 8.1'),(6,'Windows 10'),(7,'MacOsX'),(8,'Linux'),(9,'Android');

--
-- Table structure for table `ps_order_carrier`
--

CREATE TABLE `ps_order_carrier` (
  `id_order_carrier` int(11) NOT NULL AUTO_INCREMENT,
  `id_order` int(11) unsigned NOT NULL,
  `id_carrier` int(11) unsigned NOT NULL,
  `id_order_invoice` int(11) unsigned DEFAULT NULL,
  `weight` decimal(20,6) DEFAULT NULL,
  `shipping_cost_tax_excl` decimal(20,6) DEFAULT NULL,
  `shipping_cost_tax_incl` decimal(20,6) DEFAULT NULL,
  `tracking_number` varchar(64) DEFAULT NULL,
  `date_add` datetime NOT NULL,
  PRIMARY KEY (`id_order_carrier`),
  KEY `id_order` (`id_order`),
  KEY `id_carrier` (`id_carrier`),
  KEY `id_order_invoice` (`id_order_invoice`)
) ENGINE=InnoDB AUTO_INCREMENT=6 DEFAULT CHARSET=utf8;

--
-- Dumping data for table `ps_order_carrier`
--

INSERT INTO `ps_order_carrier` VALUES (1,1,2,0,0.000000,2.000000,2.000000,'','2019-11-13 12:26:45'),(2,2,2,0,0.000000,2.000000,2.000000,'','2019-11-13 12:26:45'),(3,3,2,0,0.000000,2.000000,2.000000,'','2019-11-13 12:26:45'),(4,4,2,0,0.000000,2.000000,2.000000,'','2019-11-13 12:26:45'),(5,5,2,0,0.000000,2.000000,2.000000,'','2019-11-13 12:26:45');

--
-- Table structure for table `ps_order_cart_rule`
--

CREATE TABLE `ps_order_cart_rule` (
  `id_order_cart_rule` int(10) unsigned NOT NULL AUTO_INCREMENT,
  `id_order` int(10) unsigned NOT NULL,
  `id_cart_rule` int(10) unsigned NOT NULL,
  `id_order_invoice` int(10) unsigned DEFAULT '0',
  `name` varchar(254) NOT NULL,
  `value` decimal(17,2) NOT NULL DEFAULT '0.00',
  `value_tax_excl` decimal(17,2) NOT NULL DEFAULT '0.00',
  `free_shipping` tinyint(1) NOT NULL DEFAULT '0',
  PRIMARY KEY (`id_order_cart_rule`),
  KEY `id_order` (`id_order`),
  KEY `id_cart_rule` (`id_cart_rule`)
) ENGINE=InnoDB DEFAULT CHARSET=utf8;

--
-- Dumping data for table `ps_order_cart_rule`
--


--
-- Table structure for table `ps_order_detail`
--

CREATE TABLE `ps_order_detail` (
  `id_order_detail` int(10) unsigned NOT NULL AUTO_INCREMENT,
  `id_order` int(10) unsigned NOT NULL,
  `id_order_invoice` int(11) DEFAULT NULL,
  `id_warehouse` int(10) unsigned DEFAULT '0',
  `id_shop` int(11) unsigned NOT NULL,
  `product_id` int(10) unsigned NOT NULL,
  `product_attribute_id` int(10) unsigned DEFAULT NULL,
  `id_customization` int(10) unsigned DEFAULT '0',
  `product_name` varchar(255) NOT NULL,
  `product_quantity` int(10) unsigned NOT NULL DEFAULT '0',
  `product_quantity_in_stock` int(10) NOT NULL DEFAULT '0',
  `product_quantity_refunded` int(10) unsigned NOT NULL DEFAULT '0',
  `product_quantity_return` int(10) unsigned NOT NULL DEFAULT '0',
  `product_quantity_reinjected` int(10) unsigned NOT NULL DEFAULT '0',
  `product_price` decimal(20,6) NOT NULL DEFAULT '0.000000',
  `reduction_percent` decimal(10,2) NOT NULL DEFAULT '0.00',
  `reduction_amount` decimal(20,6) NOT NULL DEFAULT '0.000000',
  `reduction_amount_tax_incl` decimal(20,6) NOT NULL DEFAULT '0.000000',
  `reduction_amount_tax_excl` decimal(20,6) NOT NULL DEFAULT '0.000000',
  `group_reduction` decimal(10,2) NOT NULL DEFAULT '0.00',
  `product_quantity_discount` decimal(20,6) NOT NULL DEFAULT '0.000000',
  `product_ean13` varchar(13) DEFAULT NULL,
  `product_isbn` varchar(32) DEFAULT NULL,
  `product_upc` varchar(12) DEFAULT NULL,
  `product_reference` varchar(64) DEFAULT NULL,
  `product_supplier_reference` varchar(64) DEFAULT NULL,
  `product_weight` decimal(20,6) NOT NULL,
  `id_tax_rules_group` int(11) unsigned DEFAULT '0',
  `tax_computation_method` tinyint(1) unsigned NOT NULL DEFAULT '0',
  `tax_name` varchar(16) NOT NULL,
  `tax_rate` decimal(10,3) NOT NULL DEFAULT '0.000',
  `ecotax` decimal(21,6) NOT NULL DEFAULT '0.000000',
  `ecotax_tax_rate` decimal(5,3) NOT NULL DEFAULT '0.000',
  `discount_quantity_applied` tinyint(1) NOT NULL DEFAULT '0',
  `download_hash` varchar(255) DEFAULT NULL,
  `download_nb` int(10) unsigned DEFAULT '0',
  `download_deadline` datetime DEFAULT NULL,
  `total_price_tax_incl` decimal(20,6) NOT NULL DEFAULT '0.000000',
  `total_price_tax_excl` decimal(20,6) NOT NULL DEFAULT '0.000000',
  `unit_price_tax_incl` decimal(20,6) NOT NULL DEFAULT '0.000000',
  `unit_price_tax_excl` decimal(20,6) NOT NULL DEFAULT '0.000000',
  `total_shipping_price_tax_incl` decimal(20,6) NOT NULL DEFAULT '0.000000',
  `total_shipping_price_tax_excl` decimal(20,6) NOT NULL DEFAULT '0.000000',
  `purchase_supplier_price` decimal(20,6) NOT NULL DEFAULT '0.000000',
  `original_product_price` decimal(20,6) NOT NULL DEFAULT '0.000000',
  `original_wholesale_price` decimal(20,6) NOT NULL DEFAULT '0.000000',
  PRIMARY KEY (`id_order_detail`),
  KEY `order_detail_order` (`id_order`),
  KEY `product_id` (`product_id`,`product_attribute_id`),
  KEY `product_attribute_id` (`product_attribute_id`),
  KEY `id_tax_rules_group` (`id_tax_rules_group`),
  KEY `id_order_id_order_detail` (`id_order`,`id_order_detail`)
) ENGINE=InnoDB AUTO_INCREMENT=8 DEFAULT CHARSET=utf8;

--
-- Dumping data for table `ps_order_detail`
--

INSERT INTO `ps_order_detail` VALUES (1,1,0,0,1,1,1,0,'Hummingbird printed t-shirt - Color : White, Size : S',1,1,0,0,0,23.900000,0.00,0.000000,0.000000,0.000000,0.00,0.000000,'','','','demo_2','',0.000000,0,0,'',0.000,0.000000,0.000,0,'',0,'0000-00-00 00:00:00',27.000000,23.900000,23.900000,23.900000,0.000000,0.000000,0.000000,23.900000,0.000000),(2,1,0,0,1,2,9,0,'Hummingbird printed sweater - Color : White, Size : S',1,1,0,0,0,35.900000,0.00,0.000000,0.000000,0.000000,0.00,0.000000,'','','','demo_3','',0.000000,0,0,'',0.000,0.000000,0.000,0,'',0,'0000-00-00 00:00:00',35.900000,35.900000,35.900000,35.900000,0.000000,0.000000,0.000000,35.900000,0.000000),(3,2,0,0,1,4,18,0,'The adventure begins Framed poster - Size : 80x120cm',2,3,0,0,0,29.000000,0.00,0.000000,0.000000,0.000000,0.00,0.000000,'','','','demo_2','',0.000000,0,0,'',0.000,0.000000,0.000,0,'',0,'0000-00-00 00:00:00',58.000000,29.000000,29.000000,29.000000,0.000000,0.000000,0.000000,29.000000,0.000000),(4,2,0,0,1,8,0,0,'Mug Today is a good day',1,1,0,0,0,11.900000,0.00,0.000000,0.000000,0.000000,0.00,0.000000,'','','','demo_6','',0.000000,0,0,'',0.000,0.000000,0.000,0,'',0,'0000-00-00 00:00:00',11.900000,11.900000,11.900000,11.900000,0.000000,0.000000,0.000000,11.900000,0.000000),(5,3,0,0,1,16,28,0,'Mountain fox notebook Style : Ruled',1,1,0,0,0,12.900000,0.00,0.000000,0.000000,0.000000,0.00,0.000000,'','','','demo_1','',0.000000,0,0,'',0.000,0.000000,0.000,0,'',0,'0000-00-00 00:00:00',12.900000,12.900000,12.900000,12.900000,0.000000,0.000000,0.000000,12.900000,0.000000),(6,4,0,0,1,16,29,0,'Mountain fox notebook Style : Plain',1,1,0,0,0,12.900000,0.00,0.000000,0.000000,0.000000,0.00,0.000000,'','','','demo_1','',0.000000,0,0,'',0.000,0.000000,0.000,0,'',0,'0000-00-00 00:00:00',12.900000,12.900000,12.900000,12.900000,0.000000,0.000000,0.000000,12.900000,0.000000),(7,5,0,0,1,10,25,0,'Brown bear cushion Color : Black',1,1,0,0,0,18.900000,0.00,0.000000,0.000000,0.000000,0.00,0.000000,'','','','demo_1','',0.000000,0,0,'',0.000,0.000000,0.000,0,'',0,'0000-00-00 00:00:00',18.900000,18.900000,18.900000,18.900000,0.000000,0.000000,0.000000,18.900000,0.000000);

--
-- Table structure for table `ps_order_detail_tax`
--

CREATE TABLE `ps_order_detail_tax` (
  `id_order_detail` int(11) NOT NULL,
  `id_tax` int(11) NOT NULL,
  `unit_amount` decimal(16,6) NOT NULL DEFAULT '0.000000',
  `total_amount` decimal(16,6) NOT NULL DEFAULT '0.000000',
  KEY `id_order_detail` (`id_order_detail`),
  KEY `id_tax` (`id_tax`)
) ENGINE=InnoDB DEFAULT CHARSET=utf8;

--
-- Dumping data for table `ps_order_detail_tax`
--


--
-- Table structure for table `ps_order_history`
--

CREATE TABLE `ps_order_history` (
  `id_order_history` int(10) unsigned NOT NULL AUTO_INCREMENT,
  `id_employee` int(10) unsigned NOT NULL,
  `id_order` int(10) unsigned NOT NULL,
  `id_order_state` int(10) unsigned NOT NULL,
  `date_add` datetime NOT NULL,
  PRIMARY KEY (`id_order_history`),
  KEY `order_history_order` (`id_order`),
  KEY `id_employee` (`id_employee`),
  KEY `id_order_state` (`id_order_state`)
) ENGINE=InnoDB AUTO_INCREMENT=8 DEFAULT CHARSET=utf8;

--
-- Dumping data for table `ps_order_history`
--

INSERT INTO `ps_order_history` VALUES (1,0,1,1,'2019-11-13 12:26:44'),(2,0,2,1,'2019-11-13 12:26:44'),(3,0,3,1,'2019-11-13 12:26:44'),(4,0,4,1,'2019-11-13 12:26:44'),(5,0,5,10,'2019-11-13 12:26:44'),(6,1,1,6,'2019-11-13 12:26:44'),(7,1,3,8,'2019-11-13 12:26:44');

--
-- Table structure for table `ps_order_invoice`
--

CREATE TABLE `ps_order_invoice` (
  `id_order_invoice` int(11) unsigned NOT NULL AUTO_INCREMENT,
  `id_order` int(11) NOT NULL,
  `number` int(11) NOT NULL,
  `delivery_number` int(11) NOT NULL,
  `delivery_date` datetime DEFAULT NULL,
  `total_discount_tax_excl` decimal(20,6) NOT NULL DEFAULT '0.000000',
  `total_discount_tax_incl` decimal(20,6) NOT NULL DEFAULT '0.000000',
  `total_paid_tax_excl` decimal(20,6) NOT NULL DEFAULT '0.000000',
  `total_paid_tax_incl` decimal(20,6) NOT NULL DEFAULT '0.000000',
  `total_products` decimal(20,6) NOT NULL DEFAULT '0.000000',
  `total_products_wt` decimal(20,6) NOT NULL DEFAULT '0.000000',
  `total_shipping_tax_excl` decimal(20,6) NOT NULL DEFAULT '0.000000',
  `total_shipping_tax_incl` decimal(20,6) NOT NULL DEFAULT '0.000000',
  `shipping_tax_computation_method` int(10) unsigned NOT NULL,
  `total_wrapping_tax_excl` decimal(20,6) NOT NULL DEFAULT '0.000000',
  `total_wrapping_tax_incl` decimal(20,6) NOT NULL DEFAULT '0.000000',
  `shop_address` text,
  `note` text,
  `date_add` datetime NOT NULL,
  PRIMARY KEY (`id_order_invoice`),
  KEY `id_order` (`id_order`)
) ENGINE=InnoDB DEFAULT CHARSET=utf8;

--
-- Dumping data for table `ps_order_invoice`
--


--
-- Table structure for table `ps_order_invoice_payment`
--

CREATE TABLE `ps_order_invoice_payment` (
  `id_order_invoice` int(11) unsigned NOT NULL,
  `id_order_payment` int(11) unsigned NOT NULL,
  `id_order` int(11) unsigned NOT NULL,
  PRIMARY KEY (`id_order_invoice`,`id_order_payment`),
  KEY `order_payment` (`id_order_payment`),
  KEY `id_order` (`id_order`)
) ENGINE=InnoDB DEFAULT CHARSET=utf8;

--
-- Dumping data for table `ps_order_invoice_payment`
--


--
-- Table structure for table `ps_order_invoice_tax`
--

CREATE TABLE `ps_order_invoice_tax` (
  `id_order_invoice` int(11) NOT NULL,
  `type` varchar(15) NOT NULL,
  `id_tax` int(11) NOT NULL,
  `amount` decimal(10,6) NOT NULL DEFAULT '0.000000',
  KEY `id_tax` (`id_tax`)
) ENGINE=InnoDB DEFAULT CHARSET=utf8;

--
-- Dumping data for table `ps_order_invoice_tax`
--


--
-- Table structure for table `ps_order_message`
--

CREATE TABLE `ps_order_message` (
  `id_order_message` int(10) unsigned NOT NULL AUTO_INCREMENT,
  `date_add` datetime NOT NULL,
  PRIMARY KEY (`id_order_message`)
) ENGINE=InnoDB AUTO_INCREMENT=2 DEFAULT CHARSET=utf8;

--
-- Dumping data for table `ps_order_message`
--

INSERT INTO `ps_order_message` VALUES (1,'2019-11-13 12:26:45');

--
-- Table structure for table `ps_order_message_lang`
--

CREATE TABLE `ps_order_message_lang` (
  `id_order_message` int(10) unsigned NOT NULL,
  `id_lang` int(10) unsigned NOT NULL,
  `name` varchar(128) NOT NULL,
  `message` text NOT NULL,
  PRIMARY KEY (`id_order_message`,`id_lang`)
) ENGINE=InnoDB DEFAULT CHARSET=utf8;

--
-- Dumping data for table `ps_order_message_lang`
--

INSERT INTO `ps_order_message_lang` VALUES (1,1,'Delay','Hi,\n\nUnfortunately, an item on your order is currently out of stock. This may cause a slight delay in delivery.\nPlease accept our apologies and rest assured that we are working hard to rectify this.\n\nBest regards,');

--
-- Table structure for table `ps_order_payment`
--

CREATE TABLE `ps_order_payment` (
  `id_order_payment` int(11) NOT NULL AUTO_INCREMENT,
  `order_reference` varchar(9) DEFAULT NULL,
  `id_currency` int(10) unsigned NOT NULL,
  `amount` decimal(10,2) NOT NULL,
  `payment_method` varchar(255) NOT NULL,
  `conversion_rate` decimal(13,6) NOT NULL DEFAULT '1.000000',
  `transaction_id` varchar(254) DEFAULT NULL,
  `card_number` varchar(254) DEFAULT NULL,
  `card_brand` varchar(254) DEFAULT NULL,
  `card_expiration` char(7) DEFAULT NULL,
  `card_holder` varchar(254) DEFAULT NULL,
  `date_add` datetime NOT NULL,
  PRIMARY KEY (`id_order_payment`),
  KEY `order_reference` (`order_reference`)
) ENGINE=InnoDB DEFAULT CHARSET=utf8;

--
-- Dumping data for table `ps_order_payment`
--


--
-- Table structure for table `ps_order_return`
--

CREATE TABLE `ps_order_return` (
  `id_order_return` int(10) unsigned NOT NULL AUTO_INCREMENT,
  `id_customer` int(10) unsigned NOT NULL,
  `id_order` int(10) unsigned NOT NULL,
  `state` tinyint(1) unsigned NOT NULL DEFAULT '1',
  `question` text NOT NULL,
  `date_add` datetime NOT NULL,
  `date_upd` datetime NOT NULL,
  PRIMARY KEY (`id_order_return`),
  KEY `order_return_customer` (`id_customer`),
  KEY `id_order` (`id_order`)
) ENGINE=InnoDB DEFAULT CHARSET=utf8;

--
-- Dumping data for table `ps_order_return`
--


--
-- Table structure for table `ps_order_return_detail`
--

CREATE TABLE `ps_order_return_detail` (
  `id_order_return` int(10) unsigned NOT NULL,
  `id_order_detail` int(10) unsigned NOT NULL,
  `id_customization` int(10) unsigned NOT NULL DEFAULT '0',
  `product_quantity` int(10) unsigned NOT NULL DEFAULT '0',
  PRIMARY KEY (`id_order_return`,`id_order_detail`,`id_customization`)
) ENGINE=InnoDB DEFAULT CHARSET=utf8;

--
-- Dumping data for table `ps_order_return_detail`
--


--
-- Table structure for table `ps_order_return_state`
--

CREATE TABLE `ps_order_return_state` (
  `id_order_return_state` int(10) unsigned NOT NULL AUTO_INCREMENT,
  `color` varchar(32) DEFAULT NULL,
  PRIMARY KEY (`id_order_return_state`)
) ENGINE=InnoDB AUTO_INCREMENT=6 DEFAULT CHARSET=utf8;

--
-- Dumping data for table `ps_order_return_state`
--

INSERT INTO `ps_order_return_state` VALUES (1,'#4169E1'),(2,'#8A2BE2'),(3,'#32CD32'),(4,'#DC143C'),(5,'#108510');

--
-- Table structure for table `ps_order_return_state_lang`
--

CREATE TABLE `ps_order_return_state_lang` (
  `id_order_return_state` int(10) unsigned NOT NULL,
  `id_lang` int(10) unsigned NOT NULL,
  `name` varchar(64) NOT NULL,
  PRIMARY KEY (`id_order_return_state`,`id_lang`)
) ENGINE=InnoDB DEFAULT CHARSET=utf8;

--
-- Dumping data for table `ps_order_return_state_lang`
--

INSERT INTO `ps_order_return_state_lang` VALUES (1,1,'Waiting for confirmation'),(2,1,'Waiting for package'),(3,1,'Package received'),(4,1,'Return denied'),(5,1,'Return completed');

--
-- Table structure for table `ps_order_slip`
--

CREATE TABLE `ps_order_slip` (
  `id_order_slip` int(10) unsigned NOT NULL AUTO_INCREMENT,
  `conversion_rate` decimal(13,6) NOT NULL DEFAULT '1.000000',
  `id_customer` int(10) unsigned NOT NULL,
  `id_order` int(10) unsigned NOT NULL,
  `total_products_tax_excl` decimal(20,6) DEFAULT NULL,
  `total_products_tax_incl` decimal(20,6) DEFAULT NULL,
  `total_shipping_tax_excl` decimal(20,6) DEFAULT NULL,
  `total_shipping_tax_incl` decimal(20,6) DEFAULT NULL,
  `shipping_cost` tinyint(3) unsigned NOT NULL DEFAULT '0',
  `amount` decimal(10,2) NOT NULL,
  `shipping_cost_amount` decimal(10,2) NOT NULL,
  `partial` tinyint(1) NOT NULL,
  `order_slip_type` tinyint(1) unsigned NOT NULL DEFAULT '0',
  `date_add` datetime NOT NULL,
  `date_upd` datetime NOT NULL,
  PRIMARY KEY (`id_order_slip`),
  KEY `order_slip_customer` (`id_customer`),
  KEY `id_order` (`id_order`)
) ENGINE=InnoDB DEFAULT CHARSET=utf8;

--
-- Dumping data for table `ps_order_slip`
--


--
-- Table structure for table `ps_order_slip_detail`
--

CREATE TABLE `ps_order_slip_detail` (
  `id_order_slip` int(10) unsigned NOT NULL,
  `id_order_detail` int(10) unsigned NOT NULL,
  `product_quantity` int(10) unsigned NOT NULL DEFAULT '0',
  `unit_price_tax_excl` decimal(20,6) DEFAULT NULL,
  `unit_price_tax_incl` decimal(20,6) DEFAULT NULL,
  `total_price_tax_excl` decimal(20,6) DEFAULT NULL,
  `total_price_tax_incl` decimal(20,6) DEFAULT NULL,
  `amount_tax_excl` decimal(20,6) DEFAULT NULL,
  `amount_tax_incl` decimal(20,6) DEFAULT NULL,
  PRIMARY KEY (`id_order_slip`,`id_order_detail`)
) ENGINE=InnoDB DEFAULT CHARSET=utf8;

--
-- Dumping data for table `ps_order_slip_detail`
--


--
-- Table structure for table `ps_order_slip_detail_tax`
--

CREATE TABLE `ps_order_slip_detail_tax` (
  `id_order_slip_detail` int(11) unsigned NOT NULL,
  `id_tax` int(11) unsigned NOT NULL,
  `unit_amount` decimal(16,6) NOT NULL DEFAULT '0.000000',
  `total_amount` decimal(16,6) NOT NULL DEFAULT '0.000000',
  KEY `id_order_slip_detail` (`id_order_slip_detail`),
  KEY `id_tax` (`id_tax`)
) ENGINE=InnoDB DEFAULT CHARSET=utf8;

--
-- Dumping data for table `ps_order_slip_detail_tax`
--


--
-- Table structure for table `ps_order_state`
--

CREATE TABLE `ps_order_state` (
  `id_order_state` int(10) unsigned NOT NULL AUTO_INCREMENT,
  `invoice` tinyint(1) unsigned DEFAULT '0',
  `send_email` tinyint(1) unsigned NOT NULL DEFAULT '0',
  `module_name` varchar(255) DEFAULT NULL,
  `color` varchar(32) DEFAULT NULL,
  `unremovable` tinyint(1) unsigned NOT NULL,
  `hidden` tinyint(1) unsigned NOT NULL DEFAULT '0',
  `logable` tinyint(1) NOT NULL DEFAULT '0',
  `delivery` tinyint(1) unsigned NOT NULL DEFAULT '0',
  `shipped` tinyint(1) unsigned NOT NULL DEFAULT '0',
  `paid` tinyint(1) unsigned NOT NULL DEFAULT '0',
  `pdf_invoice` tinyint(1) unsigned NOT NULL DEFAULT '0',
  `pdf_delivery` tinyint(1) unsigned NOT NULL DEFAULT '0',
  `deleted` tinyint(1) unsigned NOT NULL DEFAULT '0',
  PRIMARY KEY (`id_order_state`),
  KEY `module_name` (`module_name`)
) ENGINE=InnoDB AUTO_INCREMENT=14 DEFAULT CHARSET=utf8;

--
-- Dumping data for table `ps_order_state`
--

INSERT INTO `ps_order_state` VALUES (1,0,1,'ps_checkpayment','#4169E1',1,0,0,0,0,0,0,0,0),(2,1,1,'','#32CD32',1,0,1,0,0,1,1,0,0),(3,1,1,'','#FF8C00',1,0,1,1,0,1,0,0,0),(4,1,1,'','#8A2BE2',1,0,1,1,1,1,0,0,0),(5,1,0,'','#108510',1,0,1,1,1,1,0,0,0),(6,0,1,'','#DC143C',1,0,0,0,0,0,0,0,0),(7,1,1,'','#ec2e15',1,0,0,0,0,0,0,0,0),(8,0,1,'','#8f0621',1,0,0,0,0,0,0,0,0),(9,1,1,'','#FF69B4',1,0,0,0,0,1,0,0,0),(10,0,1,'ps_wirepayment','#4169E1',1,0,0,0,0,0,0,0,0),(11,1,1,'','#32CD32',1,0,1,0,0,1,0,0,0),(12,0,1,'','#FF69B4',1,0,0,0,0,0,0,0,0),(13,0,0,'ps_cashondelivery','#4169E1',1,0,0,0,0,0,0,0,0);

--
-- Table structure for table `ps_order_state_lang`
--

CREATE TABLE `ps_order_state_lang` (
  `id_order_state` int(10) unsigned NOT NULL,
  `id_lang` int(10) unsigned NOT NULL,
  `name` varchar(64) NOT NULL,
  `template` varchar(64) NOT NULL,
  PRIMARY KEY (`id_order_state`,`id_lang`)
) ENGINE=InnoDB DEFAULT CHARSET=utf8;

--
-- Dumping data for table `ps_order_state_lang`
--

INSERT INTO `ps_order_state_lang` VALUES (1,1,'Awaiting check payment','cheque'),(2,1,'Payment accepted','payment'),(3,1,'Processing in progress','preparation'),(4,1,'Shipped','shipped'),(5,1,'Delivered',''),(6,1,'Canceled','order_canceled'),(7,1,'Refunded','refund'),(8,1,'Payment error','payment_error'),(9,1,'On backorder (paid)','outofstock'),(10,1,'Awaiting bank wire payment','bankwire'),(11,1,'Remote payment accepted','payment'),(12,1,'On backorder (not paid)','outofstock'),(13,1,'Awaiting Cash On Delivery validation','cashondelivery');

--
-- Table structure for table `ps_orders`
--

CREATE TABLE `ps_orders` (
  `id_order` int(10) unsigned NOT NULL AUTO_INCREMENT,
  `reference` varchar(9) DEFAULT NULL,
  `id_shop_group` int(11) unsigned NOT NULL DEFAULT '1',
  `id_shop` int(11) unsigned NOT NULL DEFAULT '1',
  `id_carrier` int(10) unsigned NOT NULL,
  `id_lang` int(10) unsigned NOT NULL,
  `id_customer` int(10) unsigned NOT NULL,
  `id_cart` int(10) unsigned NOT NULL,
  `id_currency` int(10) unsigned NOT NULL,
  `id_address_delivery` int(10) unsigned NOT NULL,
  `id_address_invoice` int(10) unsigned NOT NULL,
  `current_state` int(10) unsigned NOT NULL,
  `secure_key` varchar(32) NOT NULL DEFAULT '-1',
  `payment` varchar(255) NOT NULL,
  `conversion_rate` decimal(13,6) NOT NULL DEFAULT '1.000000',
  `module` varchar(255) DEFAULT NULL,
  `recyclable` tinyint(1) unsigned NOT NULL DEFAULT '0',
  `gift` tinyint(1) unsigned NOT NULL DEFAULT '0',
  `gift_message` text,
  `mobile_theme` tinyint(1) NOT NULL DEFAULT '0',
  `shipping_number` varchar(64) DEFAULT NULL,
  `total_discounts` decimal(20,6) NOT NULL DEFAULT '0.000000',
  `total_discounts_tax_incl` decimal(20,6) NOT NULL DEFAULT '0.000000',
  `total_discounts_tax_excl` decimal(20,6) NOT NULL DEFAULT '0.000000',
  `total_paid` decimal(20,6) NOT NULL DEFAULT '0.000000',
  `total_paid_tax_incl` decimal(20,6) NOT NULL DEFAULT '0.000000',
  `total_paid_tax_excl` decimal(20,6) NOT NULL DEFAULT '0.000000',
  `total_paid_real` decimal(20,6) NOT NULL DEFAULT '0.000000',
  `total_products` decimal(20,6) NOT NULL DEFAULT '0.000000',
  `total_products_wt` decimal(20,6) NOT NULL DEFAULT '0.000000',
  `total_shipping` decimal(20,6) NOT NULL DEFAULT '0.000000',
  `total_shipping_tax_incl` decimal(20,6) NOT NULL DEFAULT '0.000000',
  `total_shipping_tax_excl` decimal(20,6) NOT NULL DEFAULT '0.000000',
  `carrier_tax_rate` decimal(10,3) NOT NULL DEFAULT '0.000',
  `total_wrapping` decimal(20,6) NOT NULL DEFAULT '0.000000',
  `total_wrapping_tax_incl` decimal(20,6) NOT NULL DEFAULT '0.000000',
  `total_wrapping_tax_excl` decimal(20,6) NOT NULL DEFAULT '0.000000',
  `round_mode` tinyint(1) NOT NULL DEFAULT '2',
  `round_type` tinyint(1) NOT NULL DEFAULT '1',
  `invoice_number` int(10) unsigned NOT NULL DEFAULT '0',
  `delivery_number` int(10) unsigned NOT NULL DEFAULT '0',
  `invoice_date` datetime NOT NULL,
  `delivery_date` datetime NOT NULL,
  `valid` int(1) unsigned NOT NULL DEFAULT '0',
  `date_add` datetime NOT NULL,
  `date_upd` datetime NOT NULL,
  PRIMARY KEY (`id_order`),
  KEY `reference` (`reference`),
  KEY `id_customer` (`id_customer`),
  KEY `id_cart` (`id_cart`),
  KEY `invoice_number` (`invoice_number`),
  KEY `id_carrier` (`id_carrier`),
  KEY `id_lang` (`id_lang`),
  KEY `id_currency` (`id_currency`),
  KEY `id_address_delivery` (`id_address_delivery`),
  KEY `id_address_invoice` (`id_address_invoice`),
  KEY `id_shop_group` (`id_shop_group`),
  KEY `current_state` (`current_state`),
  KEY `id_shop` (`id_shop`),
  KEY `date_add` (`date_add`)
) ENGINE=InnoDB AUTO_INCREMENT=6 DEFAULT CHARSET=utf8;

--
-- Dumping data for table `ps_orders`
--

INSERT INTO `ps_orders` VALUES (1,'XKBKNABJK',1,1,2,1,2,1,1,5,5,6,'b44a6d9efd7a0076a0fbce6b15eaf3b1','Payment by check',1.000000,'ps_checkpayment',0,0,'',0,'',0.000000,0.000000,0.000000,61.800000,61.800000,61.800000,0.000000,59.800000,59.800000,2.000000,2.000000,2.000000,0.000,0.000000,0.000000,0.000000,0,0,0,0,'0000-00-00 00:00:00','0000-00-00 00:00:00',0,'2019-11-13 12:26:44','2019-11-13 12:26:44'),(2,'OHSATSERP',1,1,2,1,2,2,1,5,5,1,'b44a6d9efd7a0076a0fbce6b15eaf3b1','Payment by check',1.000000,'ps_checkpayment',0,0,'',0,'',0.000000,0.000000,0.000000,69.900000,69.900000,69.900000,0.000000,69.900000,69.900000,0.000000,0.000000,0.000000,0.000,0.000000,0.000000,0.000000,0,0,0,0,'0000-00-00 00:00:00','0000-00-00 00:00:00',0,'2019-11-13 12:26:44','2019-11-13 12:26:44'),(3,'UOYEVOLI',1,1,2,1,2,3,1,5,5,8,'b44a6d9efd7a0076a0fbce6b15eaf3b1','Payment by check',1.000000,'ps_checkpayment',0,0,'',0,'',0.000000,0.000000,0.000000,14.900000,14.900000,14.900000,0.000000,12.900000,12.900000,2.000000,2.000000,2.000000,0.000,0.000000,0.000000,0.000000,0,0,0,0,'0000-00-00 00:00:00','0000-00-00 00:00:00',0,'2019-11-13 12:26:44','2019-11-13 12:26:44'),(4,'FFATNOMMJ',1,1,2,1,2,4,1,5,5,1,'b44a6d9efd7a0076a0fbce6b15eaf3b1','Payment by check',1.000000,'ps_checkpayment',0,0,'',0,'',0.000000,0.000000,0.000000,14.900000,14.900000,14.900000,0.000000,12.900000,12.900000,2.000000,2.000000,2.000000,0.000,0.000000,0.000000,0.000000,0,0,0,0,'0000-00-00 00:00:00','0000-00-00 00:00:00',0,'2019-11-13 12:26:44','2019-11-13 12:26:44'),(5,'KHWLILZLL',1,1,2,1,2,5,1,5,5,10,'b44a6d9efd7a0076a0fbce6b15eaf3b1','Bank wire',1.000000,'ps_wirepayment',0,0,'',0,'',0.000000,0.000000,0.000000,20.900000,20.900000,20.900000,0.000000,18.900000,18.900000,2.000000,2.000000,2.000000,0.000,0.000000,0.000000,0.000000,0,0,0,0,'0000-00-00 00:00:00','0000-00-00 00:00:00',0,'2019-11-13 12:26:44','2019-11-13 12:26:44');

--
-- Table structure for table `ps_pack`
--

CREATE TABLE `ps_pack` (
  `id_product_pack` int(10) unsigned NOT NULL,
  `id_product_item` int(10) unsigned NOT NULL,
  `id_product_attribute_item` int(10) unsigned NOT NULL,
  `quantity` int(10) unsigned NOT NULL DEFAULT '1',
  PRIMARY KEY (`id_product_pack`,`id_product_item`,`id_product_attribute_item`),
  KEY `product_item` (`id_product_item`,`id_product_attribute_item`)
) ENGINE=InnoDB DEFAULT CHARSET=utf8;

--
-- Dumping data for table `ps_pack`
--

INSERT INTO `ps_pack` VALUES (15,5,19,5),(15,7,0,5);

--
-- Table structure for table `ps_page`
--

CREATE TABLE `ps_page` (
  `id_page` int(10) unsigned NOT NULL AUTO_INCREMENT,
  `id_page_type` int(10) unsigned NOT NULL,
  `id_object` int(10) unsigned DEFAULT NULL,
  PRIMARY KEY (`id_page`),
  KEY `id_page_type` (`id_page_type`),
  KEY `id_object` (`id_object`)
) ENGINE=InnoDB AUTO_INCREMENT=44 DEFAULT CHARSET=utf8;

--
-- Dumping data for table `ps_page`
--

INSERT INTO `ps_page` VALUES (1,1,NULL),(2,2,NULL),(3,3,NULL),(4,4,1),(5,4,2),(6,4,3),(7,4,4),(8,4,5),(9,4,6),(10,4,7),(11,4,8),(12,5,2),(13,6,NULL),(14,7,NULL),(15,5,3),(16,5,4),(17,8,1),(18,5,5),(19,5,9),(20,8,2),(21,5,6),(22,5,8),(23,5,7),(24,4,9),(25,4,10),(26,4,11),(27,4,12),(28,9,NULL),(29,8,0),(30,4,19),(31,4,13),(32,4,14),(33,4,15),(34,4,17),(35,4,18),(36,4,16),(37,10,NULL),(38,11,NULL),(39,12,NULL),(40,13,NULL),(41,14,NULL),(42,15,NULL),(43,16,NULL);

--
-- Table structure for table `ps_page_type`
--

CREATE TABLE `ps_page_type` (
  `id_page_type` int(10) unsigned NOT NULL AUTO_INCREMENT,
  `name` varchar(255) NOT NULL,
  PRIMARY KEY (`id_page_type`),
  KEY `name` (`name`)
) ENGINE=InnoDB AUTO_INCREMENT=17 DEFAULT CHARSET=utf8;

--
-- Dumping data for table `ps_page_type`
--

INSERT INTO `ps_page_type` VALUES (6,'authentication'),(14,'bestsales'),(10,'cart'),(5,'category'),(13,'cms'),(3,'contact'),(1,'index'),(8,'manufacturer'),(12,'newproducts'),(2,'pagenotfound'),(9,'password'),(16,'pricesdrop'),(4,'product'),(11,'sitemap'),(7,'stores'),(15,'supplier');

--
-- Table structure for table `ps_page_viewed`
--

CREATE TABLE `ps_page_viewed` (
  `id_page` int(10) unsigned NOT NULL,
  `id_shop_group` int(10) unsigned NOT NULL DEFAULT '1',
  `id_shop` int(10) unsigned NOT NULL DEFAULT '1',
  `id_date_range` int(10) unsigned NOT NULL,
  `counter` int(10) unsigned NOT NULL,
  PRIMARY KEY (`id_page`,`id_date_range`,`id_shop`)
) ENGINE=InnoDB DEFAULT CHARSET=utf8;

--
-- Dumping data for table `ps_page_viewed`
--


--
-- Table structure for table `ps_pagenotfound`
--

CREATE TABLE `ps_pagenotfound` (
  `id_pagenotfound` int(10) unsigned NOT NULL AUTO_INCREMENT,
  `id_shop` int(10) unsigned NOT NULL DEFAULT '1',
  `id_shop_group` int(10) unsigned NOT NULL DEFAULT '1',
  `request_uri` varchar(256) NOT NULL,
  `http_referer` varchar(256) NOT NULL,
  `date_add` datetime NOT NULL,
  PRIMARY KEY (`id_pagenotfound`),
  KEY `date_add` (`date_add`)
) ENGINE=InnoDB DEFAULT CHARSET=utf8;

--
-- Dumping data for table `ps_pagenotfound`
--


--
-- Table structure for table `ps_pos_logo`
--

CREATE TABLE `ps_pos_logo` (
  `id_pos_logo` int(10) NOT NULL AUTO_INCREMENT,
  `title` varchar(250) NOT NULL,
  `link` varchar(250) NOT NULL DEFAULT '#',
  `image` longtext NOT NULL,
  `description` longtext NOT NULL,
  `porder` int(11) NOT NULL,
  PRIMARY KEY (`id_pos_logo`)
) ENGINE=InnoDB AUTO_INCREMENT=8 DEFAULT CHARSET=utf8;

--
-- Dumping data for table `ps_pos_logo`
--

INSERT INTO `ps_pos_logo` VALUES (1,'Logo1','','','',0),(2,'Logo2','','','',0),(3,'Logo3','','','',0),(4,'Logo4','','','',0),(5,'Logo5','','','',0),(6,'Logo6','','','',0),(7,'Logo7','','','',0);

--
-- Table structure for table `ps_pos_logo_shop`
--

CREATE TABLE `ps_pos_logo_shop` (
  `id_pos_logo` int(11) unsigned NOT NULL,
  `id_shop` int(11) unsigned NOT NULL,
  PRIMARY KEY (`id_pos_logo`,`id_shop`)
) ENGINE=InnoDB DEFAULT CHARSET=utf8;

--
-- Dumping data for table `ps_pos_logo_shop`
--

INSERT INTO `ps_pos_logo_shop` VALUES (1,1),(2,1),(3,1),(4,1),(5,1),(6,1),(7,1);

--
-- Table structure for table `ps_pos_staticblock`
--

CREATE TABLE `ps_pos_staticblock` (
  `id_posstaticblock` int(10) unsigned NOT NULL AUTO_INCREMENT,
  `identify` varchar(128) NOT NULL,
  `hook_position` varchar(128) NOT NULL,
  `name_module` varchar(128) NOT NULL,
  `hook_module` varchar(128) NOT NULL,
  `posorder` int(10) unsigned NOT NULL,
  `insert_module` int(10) unsigned NOT NULL,
  `active` int(10) unsigned NOT NULL,
  `showhook` int(10) unsigned NOT NULL,
  PRIMARY KEY (`id_posstaticblock`)
) ENGINE=InnoDB AUTO_INCREMENT=6 DEFAULT CHARSET=utf8;

--
-- Dumping data for table `ps_pos_staticblock`
--

INSERT INTO `ps_pos_staticblock` VALUES (1,'static_nav','displayNav','Chose Module','0',0,0,0,1),(2,'banner_slide','displayTopColumn','','0',0,0,0,1),(3,'home_banner','displayBlockPosition1','','0',0,0,0,1),(4,'home_banner2','displayBlockPosition2','','0',0,0,0,1),(5,'home_banner3','displayBlockPosition3','','0',0,0,0,1);

--
-- Table structure for table `ps_pos_staticblock_lang`
--

CREATE TABLE `ps_pos_staticblock_lang` (
  `id_posstaticblock` int(11) unsigned NOT NULL,
  `id_lang` int(11) unsigned NOT NULL,
  `title` varchar(128) NOT NULL,
  `description` longtext,
  PRIMARY KEY (`id_posstaticblock`,`id_lang`)
) ENGINE=InnoDB DEFAULT CHARSET=utf8;

--
-- Dumping data for table `ps_pos_staticblock_lang`
--

INSERT INTO `ps_pos_staticblock_lang` VALUES (1,1,'Static Nav','<div class=\"welcome\">Welcome to <span>Flea Market Deals Online</span> Store!</div>'),(2,1,'Banner Slide','\n			 \n				<div class=\"col-xs-12 col-md-3 col-md-3 banner-slider\">\n				<div class=\"banner-box\"><a href=\"#\"> <img src=\"/pos_juvento/img/cms/1_8.jpg\" alt=\"\" class=\"img-responsive\" /></a></div>\n				</div>\n			 \n		'),(3,1,'Home Banner','\n			 \n				<div class=\"home-banner\">\n				<div class=\"row\">\n				<div class=\"col-xs-12 col-md-6 col\">\n				<div class=\"banner-box\"><a href=\"#\"> <img src=\"/pos_juvento/img/cms/2_8.jpg\" alt=\"\" class=\"img-responsive\" /></a></div>\n				</div>\n				<div class=\"col-xs-12 col-md-6 col\">\n				<div class=\"banner-box\"><a href=\"#\"> <img src=\"/pos_juvento/img/cms/3_8.jpg\" alt=\"\" class=\"img-responsive\" /></a></div>\n				</div>\n				</div>\n				</div>\n			 \n		'),(4,1,'Home Banner2','\n			 \n				<div class=\"home-banner\">\n				<div class=\"row\">\n				<div class=\"col-xs-12 col-md-6 col\">\n				<div class=\"banner-box\"><a href=\"#\"> <img src=\"/pos_juvento/img/cms/4_8.jpg\" alt=\"\" class=\"img-responsive\" /></a></div>\n				</div>\n				<div class=\"col-xs-12 col-md-6 col\">\n				<div class=\"banner-box\"><a href=\"#\"> <img src=\"/pos_juvento/img/cms/5_8.jpg\" alt=\"\" class=\"img-responsive\" /></a></div>\n				</div>\n				</div>\n				</div>\n			 \n		'),(5,1,'Home Banner3','\n			 \n				<div class=\"home-banner\">\n				<div class=\"banner-box\"><a href=\"#\"> <img src=\"/pos_juvento/img/cms/6_8.jpg\" alt=\"\" class=\"img-responsive\" /></a></div>\n				</div>\n			 \n		');

--
-- Table structure for table `ps_pos_staticblock_shop`
--

CREATE TABLE `ps_pos_staticblock_shop` (
  `id_posstaticblock` int(11) unsigned NOT NULL,
  `id_shop` int(11) unsigned NOT NULL,
  PRIMARY KEY (`id_posstaticblock`,`id_shop`)
) ENGINE=InnoDB DEFAULT CHARSET=utf8;

--
-- Dumping data for table `ps_pos_staticblock_shop`
--

INSERT INTO `ps_pos_staticblock_shop` VALUES (1,1),(2,1),(3,1),(4,1),(5,1);

--
-- Table structure for table `ps_pos_staticfooter`
--

CREATE TABLE `ps_pos_staticfooter` (
  `id_posstaticblock` int(10) unsigned NOT NULL AUTO_INCREMENT,
  `identify` varchar(128) NOT NULL,
  `hook_position` varchar(128) NOT NULL,
  `name_module` varchar(128) NOT NULL,
  `hook_module` varchar(128) NOT NULL,
  `posorder` int(10) unsigned NOT NULL,
  `insert_module` int(10) unsigned NOT NULL,
  `active` int(10) unsigned NOT NULL,
  `is_default` int(10) unsigned NOT NULL DEFAULT '0',
  `showhook` int(10) unsigned NOT NULL,
  PRIMARY KEY (`id_posstaticblock`)
) ENGINE=InnoDB AUTO_INCREMENT=5 DEFAULT CHARSET=utf8;

--
-- Dumping data for table `ps_pos_staticfooter`
--

INSERT INTO `ps_pos_staticfooter` VALUES (1,'static_info','displayBlockFooter1','Chose Module','0',0,0,0,0,1),(2,'about_us','displayFooter','Chose Module','0',0,0,0,0,1),(3,'payment_block','displayFooterBefore','Chose Module','0',0,0,0,0,0),(4,'copyright_block','displayFooterAfter','Chose Module','0',0,0,0,0,1);

--
-- Table structure for table `ps_pos_staticfooter_lang`
--

CREATE TABLE `ps_pos_staticfooter_lang` (
  `id_posstaticblock` int(11) unsigned NOT NULL,
  `id_lang` int(11) unsigned NOT NULL,
  `title` varchar(128) NOT NULL,
  `description` longtext,
  PRIMARY KEY (`id_posstaticblock`,`id_lang`)
) ENGINE=InnoDB DEFAULT CHARSET=utf8;

--
-- Dumping data for table `ps_pos_staticfooter_lang`
--

INSERT INTO `ps_pos_staticfooter_lang` VALUES (1,1,'Static Info','<div class=\"static_cms\">\r\n<div class=\"container\">\r\n<div class=\"row\">\r\n<div class=\"col-cms col-xs-12 col-sm-6 col-md-6 col-lg-3\">\r\n<div class=\"box_cms\"><img src=\"/pos_juvento/img/cms/cms1_8.png\" alt=\"\" class=\"img-responsive\" />\r\n<div class=\"txt_cms\">\r\n<h2>Fast Delivery</h2>\r\n<h2>5-7 Bus. Days</h2>\r\n</div>\r\n</div>\r\n</div>\r\n<div class=\"col-cms col-xs-12 col-sm-6 col-md-6 col-lg-3\">\r\n<div class=\"box_cms\"><img src=\"/pos_juvento/img/cms/cms2_8.png\" alt=\"\" class=\"img-responsive\" />\r\n<div class=\"txt_cms\">\r\n<h2>Money Back</h2>\r\n<h2>Guarantee</h2>\r\n</div>\r\n</div>\r\n</div>\r\n<div class=\"col-cms col-xs-12 col-sm-6 col-md-6 col-lg-3\">\r\n<div class=\"box_cms\"><img src=\"/pos_juvento/img/cms/cms3_8.png\" alt=\"\" class=\"img-responsive\" />\r\n<div class=\"txt_cms\">\r\n<h2>Secure Payment</h2>\r\n<h2>Methods</h2>\r\n</div>\r\n</div>\r\n</div>\r\n<div class=\"col-cms col-xs-12 col-sm-6 col-md-6 col-lg-3\">\r\n<div class=\"box_cms\"><img src=\"/pos_juvento/img/cms/cms4_8.png\" alt=\"\" class=\"img-responsive\" />\r\n<div class=\"txt_cms\">\r\n<h2>Customer Support</h2>\r\n<h2>7 days a week</h2>\r\n</div>\r\n</div>\r\n</div>\r\n</div>\r\n</div>\r\n</div>'),(2,1,'About Us','<div class=\"links footer_block col-xs-12 col-md-6 col-lg-3\">\r\n<div class=\"logo\"><img src=\"/pos_juvento/img/cms/logo_footer8.png\" alt=\"\" class=\"img-responsive\" /></div>\r\n<div class=\"footer-aboutus\">\r\n<p class=\"address add\">FMDO, LLC</p>\r\n<p class=\"add\" style=\"margin-left: 28px;\">4700 Hiatus Road</p>\r\n<p class=\"add\" style=\"margin-left: 28px;\">Unit 143B</p>\r\n<p class=\"add\" style=\"margin-left: 28px;\">Sunrise, FL 33351</p>\r\n<p class=\"phone add\">954-541-2129</p>\r\n<p class=\"email add\"><a href=\"mailto:admin@fleamarketdealsonline.com\">admin@fleamarketdealsonline.com</a> <b style=\"font-size: 80%;\">(Quickest Response after hours)</b></p>\r\n<img style=\"margin-top: 20px; margin-left: auto; margin-right: auto;\" src=\"/img/cms/le-logo.png\" alt=\"\" class=\"img-responsive\" /></div>\r\n</div>'),(3,1,'Payment Block','<div class=\"payment-block col-xs-12 col-md-12 col-lg-5\">\r\n<div class=\"payment-title\">\r\n<h2>Payment method</h2>\r\n</div>\r\n<div class=\"payment-img\"><img src=\"/pos_juvento/img/cms/payment.png\" alt=\"\" class=\"img-responsive\" /></div>\r\n</div>'),(4,1,'Copyright Block','<div class=\"copyright col-sm-12 col-md-6 col-xs-12 \">Copyright <i class=\"fa fa-copyright\"></i> 2020 FMDO, LLC. All Rights Reserved</div>');

--
-- Table structure for table `ps_pos_staticfooter_shop`
--

CREATE TABLE `ps_pos_staticfooter_shop` (
  `id_posstaticblock` int(11) unsigned NOT NULL,
  `id_shop` int(11) unsigned NOT NULL,
  PRIMARY KEY (`id_posstaticblock`,`id_shop`)
) ENGINE=InnoDB DEFAULT CHARSET=utf8;

--
-- Dumping data for table `ps_pos_staticfooter_shop`
--

INSERT INTO `ps_pos_staticfooter_shop` VALUES (1,1),(2,1),(3,1),(4,1);

--
-- Table structure for table `ps_poslistcategories`
--

CREATE TABLE `ps_poslistcategories` (
  `id_poslistcategories_items` int(10) unsigned NOT NULL AUTO_INCREMENT,
  `id_shop` int(10) unsigned NOT NULL,
  PRIMARY KEY (`id_poslistcategories_items`,`id_shop`)
) ENGINE=InnoDB AUTO_INCREMENT=7 DEFAULT CHARSET=utf8;

--
-- Dumping data for table `ps_poslistcategories`
--

INSERT INTO `ps_poslistcategories` VALUES (1,1),(2,1),(3,1),(4,1),(5,1),(6,1);

--
-- Table structure for table `ps_poslistcategories_items`
--

CREATE TABLE `ps_poslistcategories_items` (
  `id_poslistcategories_items` int(10) unsigned NOT NULL AUTO_INCREMENT,
  `position` int(10) unsigned NOT NULL DEFAULT '0',
  `active` tinyint(1) unsigned NOT NULL DEFAULT '0',
  `id_category` int(10) unsigned NOT NULL DEFAULT '0',
  `list_subcategories` varchar(255) DEFAULT NULL,
  PRIMARY KEY (`id_poslistcategories_items`)
) ENGINE=InnoDB AUTO_INCREMENT=7 DEFAULT CHARSET=utf8;

--
-- Dumping data for table `ps_poslistcategories_items`
--

INSERT INTO `ps_poslistcategories_items` VALUES (1,1,1,3,''),(2,2,1,4,''),(3,3,1,5,''),(4,4,1,6,''),(5,5,1,7,''),(6,6,1,8,'');

--
-- Table structure for table `ps_poslistcategories_items_lang`
--

CREATE TABLE `ps_poslistcategories_items_lang` (
  `id_poslistcategories_items` int(10) unsigned NOT NULL,
  `id_lang` int(10) unsigned NOT NULL,
  `description` text,
  `image` varchar(255) DEFAULT NULL,
  PRIMARY KEY (`id_poslistcategories_items`,`id_lang`)
) ENGINE=InnoDB DEFAULT CHARSET=utf8;

--
-- Dumping data for table `ps_poslistcategories_items_lang`
--

INSERT INTO `ps_poslistcategories_items_lang` VALUES (1,1,'Proin velit metus, placerat quis enim vel, posuere varius risus Cras id tellus lobortis.','thumb-1.png'),(2,1,'Proin velit metus, placerat quis enim vel, posuere varius risus Cras id tellus lobortis.','thumb-2.png'),(3,1,'Proin velit metus, placerat quis enim vel, posuere varius risus Cras id tellus lobortis.','thumb-3.png'),(4,1,'Proin velit metus, placerat quis enim vel, posuere varius risus Cras id tellus lobortis.','thumb-4.png'),(5,1,'Proin velit metus, placerat quis enim vel, posuere varius risus Cras id tellus lobortis.','thumb-5.png'),(6,1,'Proin velit metus, placerat quis enim vel, posuere varius risus Cras id tellus lobortis.','thumb-6.png');

--
-- Table structure for table `ps_posslideshows`
--

CREATE TABLE `ps_posslideshows` (
  `id_posslideshow` int(10) unsigned NOT NULL AUTO_INCREMENT,
  `id_shop` int(10) unsigned NOT NULL,
  PRIMARY KEY (`id_posslideshow`,`id_shop`)
) ENGINE=InnoDB AUTO_INCREMENT=3 DEFAULT CHARSET=utf8;

--
-- Dumping data for table `ps_posslideshows`
--

INSERT INTO `ps_posslideshows` VALUES (1,1),(2,1);

--
-- Table structure for table `ps_posslideshows_slides`
--

CREATE TABLE `ps_posslideshows_slides` (
  `id_posslideshow` int(10) unsigned NOT NULL AUTO_INCREMENT,
  `position` int(10) unsigned NOT NULL DEFAULT '0',
  `active` tinyint(1) unsigned NOT NULL DEFAULT '0',
  PRIMARY KEY (`id_posslideshow`)
) ENGINE=InnoDB AUTO_INCREMENT=3 DEFAULT CHARSET=utf8;

--
-- Dumping data for table `ps_posslideshows_slides`
--

INSERT INTO `ps_posslideshows_slides` VALUES (1,1,1),(2,2,1);

--
-- Table structure for table `ps_posslideshows_slides_lang`
--

CREATE TABLE `ps_posslideshows_slides_lang` (
  `id_posslideshow` int(10) unsigned NOT NULL,
  `id_lang` int(10) unsigned NOT NULL,
  `title` varchar(255) NOT NULL,
  `description` text NOT NULL,
  `legend` varchar(255) NOT NULL,
  `url` varchar(255) NOT NULL,
  `image` varchar(255) NOT NULL,
  PRIMARY KEY (`id_posslideshow`,`id_lang`)
) ENGINE=InnoDB DEFAULT CHARSET=utf8;

--
-- Dumping data for table `ps_posslideshows_slides_lang`
--

INSERT INTO `ps_posslideshows_slides_lang` VALUES (1,1,'Sample 1','','sample-1','http://www.posthemes.com','sample-1.jpg'),(2,1,'Sample 2','','sample-2','http://www.posthemes.com','sample-2.jpg');

--
-- Table structure for table `ps_postestimonial`
--

CREATE TABLE `ps_postestimonial` (
  `id_postestimonial` int(11) NOT NULL AUTO_INCREMENT,
  `email` varchar(100) NOT NULL,
  `media_link` varchar(500) DEFAULT NULL,
  `media_link_id` varchar(20) DEFAULT NULL,
  `media` varchar(255) DEFAULT NULL,
  `media_type` varchar(25) DEFAULT NULL,
  `date_add` datetime DEFAULT NULL,
  `active` tinyint(1) DEFAULT NULL,
  `position` int(11) DEFAULT NULL,
  PRIMARY KEY (`id_postestimonial`)
) ENGINE=InnoDB AUTO_INCREMENT=5 DEFAULT CHARSET=utf8;

--
-- Dumping data for table `ps_postestimonial`
--

INSERT INTO `ps_postestimonial` VALUES (1,'demo@posthemes.com',NULL,NULL,'sample1.png','png',NULL,1,1),(2,'demo@posthemes.com',NULL,NULL,'sample2.png','png',NULL,1,2),(3,'demo@posthemes.com',NULL,NULL,'sample3.png','png',NULL,1,3),(4,'demo@posthemes.com',NULL,NULL,'sample4.png','png',NULL,1,4);

--
-- Table structure for table `ps_postestimonial_lang`
--

CREATE TABLE `ps_postestimonial_lang` (
  `id_postestimonial` int(11) unsigned NOT NULL,
  `id_lang` int(11) unsigned NOT NULL,
  `name_post` varchar(100) NOT NULL,
  `company` varchar(255) DEFAULT NULL,
  `address` varchar(500) NOT NULL,
  `content` text NOT NULL,
  PRIMARY KEY (`id_postestimonial`,`id_lang`)
) ENGINE=InnoDB DEFAULT CHARSET=utf8;

--
-- Dumping data for table `ps_postestimonial_lang`
--

INSERT INTO `ps_postestimonial_lang` VALUES (1,1,'John  Doe ',NULL,' No 40 Baria Sreet 133/2, NewYork, USA.','Praesent volutpat ut nisl in hendrerit. Vestibulum ante ipsum primis in faucibus orci luctus et ultrices posuere cubilia Etiam porttitor, lacus in luctus molestie'),(2,1,'John  Doe ',NULL,' No 40 Baria Sreet 133/2, NewYork, USA.','Praesent volutpat ut nisl in hendrerit. Vestibulum ante ipsum primis in faucibus orci luctus et ultrices posuere cubilia Etiam porttitor, lacus in luctus molestie'),(3,1,'John  Doe ',NULL,' No 40 Baria Sreet 133/2, NewYork, USA.','Praesent volutpat ut nisl in hendrerit. Vestibulum ante ipsum primis in faucibus orci luctus et ultrices posuere cubilia Etiam porttitor, lacus in luctus molestie'),(4,1,'John  Doe ',NULL,' No 40 Baria Sreet 133/2, NewYork, USA.','Praesent volutpat ut nisl in hendrerit. Vestibulum ante ipsum primis in faucibus orci luctus et ultrices posuere cubilia Etiam porttitor, lacus in luctus molestie');

--
-- Table structure for table `ps_postestimonial_shop`
--

CREATE TABLE `ps_postestimonial_shop` (
  `id_postestimonial` int(10) unsigned NOT NULL,
  `id_shop` int(10) unsigned NOT NULL,
  PRIMARY KEY (`id_postestimonial`,`id_shop`)
) ENGINE=InnoDB DEFAULT CHARSET=utf8;

--
-- Dumping data for table `ps_postestimonial_shop`
--

INSERT INTO `ps_postestimonial_shop` VALUES (1,1),(2,1),(3,1),(4,1);

--
-- Table structure for table `ps_product`
--

CREATE TABLE `ps_product` (
  `id_product` int(10) unsigned NOT NULL AUTO_INCREMENT,
  `id_supplier` int(10) unsigned DEFAULT NULL,
  `id_manufacturer` int(10) unsigned DEFAULT NULL,
  `id_category_default` int(10) unsigned DEFAULT NULL,
  `id_shop_default` int(10) unsigned NOT NULL DEFAULT '1',
  `id_tax_rules_group` int(11) unsigned NOT NULL,
  `on_sale` tinyint(1) unsigned NOT NULL DEFAULT '0',
  `online_only` tinyint(1) unsigned NOT NULL DEFAULT '0',
  `ean13` varchar(13) DEFAULT NULL,
  `isbn` varchar(32) DEFAULT NULL,
  `upc` varchar(12) DEFAULT NULL,
  `ecotax` decimal(17,6) NOT NULL DEFAULT '0.000000',
  `quantity` int(10) NOT NULL DEFAULT '0',
  `minimal_quantity` int(10) unsigned NOT NULL DEFAULT '1',
  `low_stock_threshold` int(10) DEFAULT NULL,
  `low_stock_alert` tinyint(1) NOT NULL DEFAULT '0',
  `price` decimal(20,6) NOT NULL DEFAULT '0.000000',
  `wholesale_price` decimal(20,6) NOT NULL DEFAULT '0.000000',
  `unity` varchar(255) DEFAULT NULL,
  `unit_price_ratio` decimal(20,6) NOT NULL DEFAULT '0.000000',
  `additional_shipping_cost` decimal(20,2) NOT NULL DEFAULT '0.00',
  `reference` varchar(64) DEFAULT NULL,
  `supplier_reference` varchar(64) DEFAULT NULL,
  `location` varchar(64) DEFAULT NULL,
  `width` decimal(20,6) NOT NULL DEFAULT '0.000000',
  `height` decimal(20,6) NOT NULL DEFAULT '0.000000',
  `depth` decimal(20,6) NOT NULL DEFAULT '0.000000',
  `weight` decimal(20,6) NOT NULL DEFAULT '0.000000',
  `out_of_stock` int(10) unsigned NOT NULL DEFAULT '2',
  `additional_delivery_times` tinyint(1) unsigned NOT NULL DEFAULT '1',
  `quantity_discount` tinyint(1) DEFAULT '0',
  `customizable` tinyint(2) NOT NULL DEFAULT '0',
  `uploadable_files` tinyint(4) NOT NULL DEFAULT '0',
  `text_fields` tinyint(4) NOT NULL DEFAULT '0',
  `active` tinyint(1) unsigned NOT NULL DEFAULT '0',
  `redirect_type` enum('','404','301-product','302-product','301-category','302-category') NOT NULL DEFAULT '',
  `id_type_redirected` int(10) unsigned NOT NULL DEFAULT '0',
  `available_for_order` tinyint(1) NOT NULL DEFAULT '1',
  `available_date` date DEFAULT NULL,
  `show_condition` tinyint(1) NOT NULL DEFAULT '0',
  `condition` enum('new','used','refurbished') NOT NULL DEFAULT 'new',
  `show_price` tinyint(1) NOT NULL DEFAULT '1',
  `indexed` tinyint(1) NOT NULL DEFAULT '0',
  `visibility` enum('both','catalog','search','none') NOT NULL DEFAULT 'both',
  `cache_is_pack` tinyint(1) NOT NULL DEFAULT '0',
  `cache_has_attachments` tinyint(1) NOT NULL DEFAULT '0',
  `is_virtual` tinyint(1) NOT NULL DEFAULT '0',
  `cache_default_attribute` int(10) unsigned DEFAULT NULL,
  `date_add` datetime NOT NULL,
  `date_upd` datetime NOT NULL,
  `advanced_stock_management` tinyint(1) NOT NULL DEFAULT '0',
  `pack_stock_type` int(11) unsigned NOT NULL DEFAULT '3',
  `state` int(11) unsigned NOT NULL DEFAULT '1',
  PRIMARY KEY (`id_product`),
  KEY `product_supplier` (`id_supplier`),
  KEY `product_manufacturer` (`id_manufacturer`,`id_product`),
  KEY `id_category_default` (`id_category_default`),
  KEY `indexed` (`indexed`),
  KEY `date_add` (`date_add`),
  KEY `state` (`state`,`date_upd`)
) ENGINE=InnoDB AUTO_INCREMENT=20 DEFAULT CHARSET=utf8;

--
-- Dumping data for table `ps_product`
--

INSERT INTO `ps_product` VALUES (1,0,1,4,1,1,0,0,'','','',0.000000,0,1,NULL,0,23.900000,0.000000,'',0.000000,0.00,'demo_1','','',0.000000,0.000000,0.000000,0.000000,2,1,0,0,0,0,1,'301-category',0,1,'0000-00-00',0,'new',1,1,'both',0,0,0,1,'2019-11-13 12:26:43','2019-11-13 12:26:43',0,3,1),(2,0,1,5,1,1,0,0,'','','',0.000000,0,1,NULL,0,35.900000,0.000000,'',0.000000,0.00,'demo_3','','',0.000000,0.000000,0.000000,0.000000,2,1,0,0,0,0,1,'404',0,1,'0000-00-00',0,'new',1,1,'both',0,0,0,9,'2019-11-13 12:26:43','2019-11-13 12:26:43',0,3,1),(3,0,2,9,1,1,0,0,'','','',0.000000,0,1,NULL,0,29.000000,0.000000,'',0.000000,0.00,'demo_6','','',0.000000,0.000000,0.000000,0.000000,2,1,0,0,0,0,1,'301-category',0,1,'0000-00-00',0,'new',1,1,'both',0,0,0,13,'2019-11-13 12:26:43','2019-11-13 12:26:43',0,3,1),(4,0,2,9,1,1,0,0,'','','',0.000000,0,1,NULL,0,29.000000,0.000000,'',0.000000,0.00,'demo_5','','',0.000000,0.000000,0.000000,0.000000,2,1,0,0,0,0,1,'404',0,1,'0000-00-00',0,'new',1,1,'both',0,0,0,16,'2019-11-13 12:26:43','2019-11-13 12:26:43',0,3,1),(5,0,2,9,1,1,0,0,'','','',0.000000,0,1,NULL,0,29.000000,0.000000,'',0.000000,0.00,'demo_7','','',0.000000,0.000000,0.000000,0.000000,2,1,0,0,0,0,1,'301-category',0,1,'0000-00-00',0,'new',1,1,'both',0,0,0,19,'2019-11-13 12:26:43','2019-11-13 12:26:43',0,3,1),(6,0,1,8,1,1,0,0,'','','',0.000000,0,1,NULL,0,11.900000,0.000000,'',0.000000,0.00,'demo_11','','',0.000000,0.000000,0.000000,0.000000,2,1,0,0,0,0,1,'301-category',0,1,'0000-00-00',0,'new',1,1,'both',0,0,0,0,'2019-11-13 12:26:43','2019-11-13 12:26:43',0,3,1),(7,0,1,8,1,1,0,0,'','','',0.000000,0,1,NULL,0,11.900000,0.000000,'',0.000000,0.00,'demo_12','','',0.000000,0.000000,0.000000,0.000000,2,1,0,0,0,0,1,'301-category',0,1,'0000-00-00',0,'new',1,1,'both',0,0,0,0,'2019-11-13 12:26:43','2019-11-13 12:26:43',0,3,1),(8,0,1,8,1,1,0,0,'','','',0.000000,0,1,NULL,0,11.900000,0.000000,'',0.000000,0.00,'demo_13','','',0.000000,0.000000,0.000000,0.000000,2,1,0,0,0,0,1,'404',0,1,'0000-00-00',0,'new',1,1,'both',0,0,0,0,'2019-11-13 12:26:43','2019-11-13 12:26:43',0,3,1),(9,0,1,8,1,1,0,0,'','','',0.000000,0,1,NULL,0,18.900000,0.000000,'',0.000000,0.00,'demo_15','','',0.000000,0.000000,0.000000,0.000000,2,1,0,0,0,0,1,'301-category',0,1,'0000-00-00',0,'new',1,1,'both',0,0,0,22,'2019-11-13 12:26:43','2019-11-13 12:26:43',0,3,1),(10,0,1,8,1,1,0,0,'','','',0.000000,0,1,NULL,0,18.900000,0.000000,'',0.000000,0.00,'demo_16','','',0.000000,0.000000,0.000000,0.000000,2,1,0,0,0,0,1,'301-category',0,1,'0000-00-00',0,'new',1,1,'both',0,0,0,24,'2019-11-13 12:26:43','2019-11-13 12:26:43',0,3,1),(11,0,1,8,1,1,0,0,'','','',0.000000,0,1,NULL,0,18.900000,0.000000,'',0.000000,0.00,'demo_17','','',0.000000,0.000000,0.000000,0.000000,2,1,0,0,0,0,1,'301-category',0,1,'0000-00-00',0,'new',1,1,'both',0,0,0,26,'2019-11-13 12:26:43','2019-11-13 12:26:43',0,3,1),(12,0,2,9,1,1,0,0,'','','',0.000000,0,1,NULL,0,9.000000,0.000000,'',0.000000,0.00,'demo_18','','',0.000000,0.000000,0.000000,0.000000,2,1,0,0,0,0,1,'301-category',0,1,'0000-00-00',0,'new',1,1,'both',0,0,1,0,'2019-11-13 12:26:43','2019-11-13 12:26:43',0,3,1),(13,0,2,9,1,1,0,0,'','','',0.000000,0,1,NULL,0,9.000000,0.000000,'',0.000000,0.00,'demo_19','','',0.000000,0.000000,0.000000,0.000000,2,1,0,0,0,0,1,'301-category',0,1,'0000-00-00',0,'new',1,1,'both',0,0,1,0,'2019-11-13 12:26:43','2019-11-13 12:26:43',0,3,1),(14,0,2,9,1,1,0,0,'','','',0.000000,0,1,NULL,0,9.000000,0.000000,'',0.000000,0.00,'demo_20','','',0.000000,0.000000,0.000000,0.000000,2,1,0,0,0,0,1,'301-category',0,1,'0000-00-00',0,'new',1,1,'both',0,0,1,0,'2019-11-13 12:26:43','2019-11-13 12:26:43',0,3,1),(15,0,0,8,1,1,0,0,'','','',0.000000,0,1,NULL,0,35.000000,0.000000,'',0.000000,0.00,'demo_21','','',0.000000,0.000000,0.000000,0.000000,2,1,0,0,0,0,1,'301-category',0,1,'0000-00-00',0,'new',1,1,'both',1,0,0,0,'2019-11-13 12:26:43','2019-11-13 12:26:43',0,3,1),(16,0,2,7,1,1,0,0,'','','',0.000000,0,1,NULL,0,12.900000,0.000000,'',0.000000,0.00,'demo_8','','',0.000000,0.000000,0.000000,0.000000,2,1,0,0,0,0,1,'301-category',0,1,'0000-00-00',0,'new',1,1,'both',0,0,0,28,'2019-11-13 12:26:43','2019-11-13 12:26:43',0,3,1),(17,0,2,7,1,1,0,0,'','','',0.000000,0,1,NULL,0,12.900000,0.000000,'',0.000000,0.00,'demo_9','','',0.000000,0.000000,0.000000,0.000000,2,1,0,0,0,0,1,'301-category',0,1,'0000-00-00',0,'new',1,1,'both',0,0,0,32,'2019-11-13 12:26:43','2019-11-13 12:26:43',0,3,1),(18,0,2,7,1,1,0,0,'','','',0.000000,0,1,NULL,0,12.900000,0.000000,'',0.000000,0.00,'demo_10','','',0.000000,0.000000,0.000000,0.000000,2,1,0,0,0,0,1,'301-category',0,1,'0000-00-00',0,'new',1,1,'both',0,0,0,36,'2019-11-13 12:26:43','2019-11-13 12:26:43',0,3,1),(19,0,1,8,1,1,0,0,'','','',0.000000,0,1,NULL,0,13.900000,0.000000,'',0.000000,0.00,'demo_14','','',0.000000,0.000000,0.000000,0.000000,2,1,0,1,0,1,1,'301-category',0,1,'0000-00-00',0,'new',1,1,'both',0,0,0,0,'2019-11-13 12:26:43','2019-11-13 12:26:43',0,3,1);

--
-- Table structure for table `ps_product_attachment`
--

CREATE TABLE `ps_product_attachment` (
  `id_product` int(10) unsigned NOT NULL,
  `id_attachment` int(10) unsigned NOT NULL,
  PRIMARY KEY (`id_product`,`id_attachment`)
) ENGINE=InnoDB DEFAULT CHARSET=utf8;

--
-- Dumping data for table `ps_product_attachment`
--


--
-- Table structure for table `ps_product_attribute`
--

CREATE TABLE `ps_product_attribute` (
  `id_product_attribute` int(10) unsigned NOT NULL AUTO_INCREMENT,
  `id_product` int(10) unsigned NOT NULL,
  `reference` varchar(64) DEFAULT NULL,
  `supplier_reference` varchar(64) DEFAULT NULL,
  `location` varchar(64) DEFAULT NULL,
  `ean13` varchar(13) DEFAULT NULL,
  `isbn` varchar(32) DEFAULT NULL,
  `upc` varchar(12) DEFAULT NULL,
  `wholesale_price` decimal(20,6) NOT NULL DEFAULT '0.000000',
  `price` decimal(20,6) NOT NULL DEFAULT '0.000000',
  `ecotax` decimal(17,6) NOT NULL DEFAULT '0.000000',
  `quantity` int(10) NOT NULL DEFAULT '0',
  `weight` decimal(20,6) NOT NULL DEFAULT '0.000000',
  `unit_price_impact` decimal(20,6) NOT NULL DEFAULT '0.000000',
  `default_on` tinyint(1) unsigned DEFAULT NULL,
  `minimal_quantity` int(10) unsigned NOT NULL DEFAULT '1',
  `low_stock_threshold` int(10) DEFAULT NULL,
  `low_stock_alert` tinyint(1) NOT NULL DEFAULT '0',
  `available_date` date DEFAULT NULL,
  PRIMARY KEY (`id_product_attribute`),
  UNIQUE KEY `product_default` (`id_product`,`default_on`),
  KEY `product_attribute_product` (`id_product`),
  KEY `reference` (`reference`),
  KEY `supplier_reference` (`supplier_reference`),
  KEY `id_product_id_product_attribute` (`id_product_attribute`,`id_product`)
) ENGINE=InnoDB AUTO_INCREMENT=40 DEFAULT CHARSET=utf8;

--
-- Dumping data for table `ps_product_attribute`
--

INSERT INTO `ps_product_attribute` VALUES (1,1,'demo_1','','','','','',0.000000,0.000000,0.000000,300,0.000000,0.000000,1,1,NULL,0,'0000-00-00'),(2,1,'demo_1','','','','','',0.000000,0.000000,0.000000,300,0.000000,0.000000,NULL,1,NULL,0,'0000-00-00'),(3,1,'demo_1','','','','','',0.000000,0.000000,0.000000,300,0.000000,0.000000,NULL,1,NULL,0,'0000-00-00'),(4,1,'demo_1','','','','','',0.000000,0.000000,0.000000,300,0.000000,0.000000,NULL,1,NULL,0,'0000-00-00'),(5,1,'demo_1','','','','','',0.000000,0.000000,0.000000,300,0.000000,0.000000,NULL,1,NULL,0,'0000-00-00'),(6,1,'demo_1','','','','','',0.000000,0.000000,0.000000,300,0.000000,0.000000,NULL,1,NULL,0,'0000-00-00'),(7,1,'demo_1','','','','','',0.000000,0.000000,0.000000,300,0.000000,0.000000,NULL,1,NULL,0,'0000-00-00'),(8,1,'demo_1','','','','','',0.000000,0.000000,0.000000,300,0.000000,0.000000,NULL,1,NULL,0,'0000-00-00'),(9,2,'demo_3','','','','','',0.000000,0.000000,0.000000,300,0.000000,0.000000,1,1,NULL,0,'0000-00-00'),(10,2,'demo_3','','','','','',0.000000,0.000000,0.000000,300,0.000000,0.000000,NULL,1,NULL,0,'0000-00-00'),(11,2,'demo_3','','','','','',0.000000,0.000000,0.000000,300,0.000000,0.000000,NULL,1,NULL,0,'0000-00-00'),(12,2,'demo_3','','','','','',0.000000,0.000000,0.000000,300,0.000000,0.000000,NULL,1,NULL,0,'0000-00-00'),(13,3,'demo_6','','','','','',0.000000,0.000000,0.000000,0,0.000000,0.000000,1,1,NULL,0,'0000-00-00'),(14,3,'demo_6','','','','','',0.000000,20.000000,0.000000,0,0.000000,0.000000,NULL,1,NULL,0,'0000-00-00'),(15,3,'demo_6','','','','','',0.000000,50.000000,0.000000,0,0.000000,0.000000,NULL,1,NULL,0,'0000-00-00'),(16,4,'demo_5','','','','','',0.000000,0.000000,0.000000,300,0.000000,0.000000,1,1,NULL,0,'0000-00-00'),(17,4,'demo_5','','','','','',0.000000,20.000000,0.000000,300,0.000000,0.000000,NULL,1,NULL,0,'0000-00-00'),(18,4,'demo_5','','','','','',0.000000,50.000000,0.000000,300,0.000000,0.000000,NULL,1,NULL,0,'0000-00-00'),(19,5,'demo_7','','','','','',0.000000,0.000000,0.000000,300,0.000000,0.000000,1,1,NULL,0,'0000-00-00'),(20,5,'demo_7','','','','','',0.000000,20.000000,0.000000,300,0.000000,0.000000,NULL,1,NULL,0,'0000-00-00'),(21,5,'demo_7','','','','','',0.000000,50.000000,0.000000,300,0.000000,0.000000,NULL,1,NULL,0,'0000-00-00'),(22,9,'demo_15','','','','','',0.000000,0.000000,0.000000,0,0.000000,0.000000,1,1,NULL,0,'0000-00-00'),(23,9,'demo_15','','','','','',0.000000,0.000000,0.000000,0,0.000000,0.000000,NULL,1,NULL,0,'0000-00-00'),(24,10,'demo_16','','','','','',0.000000,0.000000,0.000000,300,0.000000,0.000000,1,1,NULL,0,'0000-00-00'),(25,10,'demo_16','','','','','',0.000000,0.000000,0.000000,300,0.000000,0.000000,NULL,1,NULL,0,'0000-00-00'),(26,11,'demo_17','','','','','',0.000000,0.000000,0.000000,300,0.000000,0.000000,1,1,NULL,0,'0000-00-00'),(27,11,'demo_17','','','','','',0.000000,0.000000,0.000000,300,0.000000,0.000000,NULL,1,NULL,0,'0000-00-00'),(28,16,'demo_8','','','','','',0.000000,0.000000,0.000000,300,0.000000,0.000000,1,1,NULL,0,'0000-00-00'),(29,16,'demo_8','','','','','',0.000000,0.000000,0.000000,300,0.000000,0.000000,NULL,1,NULL,0,'0000-00-00'),(30,16,'demo_8','','','','','',0.000000,0.000000,0.000000,300,0.000000,0.000000,NULL,1,NULL,0,'0000-00-00'),(31,16,'demo_8','','','','','',0.000000,0.000000,0.000000,300,0.000000,0.000000,NULL,1,NULL,0,'0000-00-00'),(32,17,'demo_9','','','','','',0.000000,0.000000,0.000000,300,0.000000,0.000000,1,1,NULL,0,'0000-00-00'),(33,17,'demo_9','','','','','',0.000000,0.000000,0.000000,300,0.000000,0.000000,NULL,1,NULL,0,'0000-00-00'),(34,17,'demo_9','','','','','',0.000000,0.000000,0.000000,300,0.000000,0.000000,NULL,1,NULL,0,'0000-00-00'),(35,17,'demo_9','','','','','',0.000000,0.000000,0.000000,300,0.000000,0.000000,NULL,1,NULL,0,'0000-00-00'),(36,18,'demo_10','','','','','',0.000000,0.000000,0.000000,300,0.000000,0.000000,1,1,NULL,0,'0000-00-00'),(37,18,'demo_10','','','','','',0.000000,0.000000,0.000000,300,0.000000,0.000000,NULL,1,NULL,0,'0000-00-00'),(38,18,'demo_10','','','','','',0.000000,0.000000,0.000000,300,0.000000,0.000000,NULL,1,NULL,0,'0000-00-00'),(39,18,'demo_10','','','','','',0.000000,0.000000,0.000000,300,0.000000,0.000000,NULL,1,NULL,0,'0000-00-00');

--
-- Table structure for table `ps_product_attribute_combination`
--

CREATE TABLE `ps_product_attribute_combination` (
  `id_attribute` int(10) unsigned NOT NULL,
  `id_product_attribute` int(10) unsigned NOT NULL,
  PRIMARY KEY (`id_attribute`,`id_product_attribute`),
  KEY `id_product_attribute` (`id_product_attribute`)
) ENGINE=InnoDB DEFAULT CHARSET=utf8;

--
-- Dumping data for table `ps_product_attribute_combination`
--

INSERT INTO `ps_product_attribute_combination` VALUES (1,1),(1,2),(1,9),(2,3),(2,4),(2,10),(3,5),(3,6),(3,11),(4,7),(4,8),(4,12),(8,1),(8,3),(8,5),(8,7),(8,22),(8,24),(8,26),(11,2),(11,4),(11,6),(11,8),(11,23),(11,25),(11,27),(19,13),(19,16),(19,19),(20,14),(20,17),(20,20),(21,15),(21,18),(21,21),(22,28),(22,32),(22,36),(23,29),(23,33),(23,37),(24,30),(24,34),(24,38),(25,31),(25,35),(25,39);

--
-- Table structure for table `ps_product_attribute_image`
--

CREATE TABLE `ps_product_attribute_image` (
  `id_product_attribute` int(10) unsigned NOT NULL,
  `id_image` int(10) unsigned NOT NULL,
  PRIMARY KEY (`id_product_attribute`,`id_image`),
  KEY `id_image` (`id_image`)
) ENGINE=InnoDB DEFAULT CHARSET=utf8;

--
-- Dumping data for table `ps_product_attribute_image`
--

INSERT INTO `ps_product_attribute_image` VALUES (1,2),(2,1),(3,2),(4,1),(5,2),(6,1),(7,2),(8,1),(9,0),(10,0),(11,0),(12,0),(13,3),(14,3),(15,3),(16,4),(17,4),(18,4),(19,5),(20,5),(21,5),(22,10),(23,9),(24,12),(25,11),(26,14),(27,13),(28,18),(29,18),(30,18),(31,18),(32,19),(33,19),(34,19),(35,19),(36,20),(37,20),(38,20),(39,20);

--
-- Table structure for table `ps_product_attribute_shop`
--

CREATE TABLE `ps_product_attribute_shop` (
  `id_product` int(10) unsigned NOT NULL,
  `id_product_attribute` int(10) unsigned NOT NULL,
  `id_shop` int(10) unsigned NOT NULL,
  `wholesale_price` decimal(20,6) NOT NULL DEFAULT '0.000000',
  `price` decimal(20,6) NOT NULL DEFAULT '0.000000',
  `ecotax` decimal(17,6) NOT NULL DEFAULT '0.000000',
  `weight` decimal(20,6) NOT NULL DEFAULT '0.000000',
  `unit_price_impact` decimal(20,6) NOT NULL DEFAULT '0.000000',
  `default_on` tinyint(1) unsigned DEFAULT NULL,
  `minimal_quantity` int(10) unsigned NOT NULL DEFAULT '1',
  `low_stock_threshold` int(10) DEFAULT NULL,
  `low_stock_alert` tinyint(1) NOT NULL DEFAULT '0',
  `available_date` date DEFAULT NULL,
  PRIMARY KEY (`id_product_attribute`,`id_shop`),
  UNIQUE KEY `id_product` (`id_product`,`id_shop`,`default_on`)
) ENGINE=InnoDB DEFAULT CHARSET=utf8;

--
-- Dumping data for table `ps_product_attribute_shop`
--

INSERT INTO `ps_product_attribute_shop` VALUES (1,1,1,0.000000,0.000000,0.000000,0.000000,0.000000,1,1,NULL,0,'0000-00-00'),(1,2,1,0.000000,0.000000,0.000000,0.000000,0.000000,NULL,1,NULL,0,'0000-00-00'),(1,3,1,0.000000,0.000000,0.000000,0.000000,0.000000,NULL,1,NULL,0,'0000-00-00'),(1,4,1,0.000000,0.000000,0.000000,0.000000,0.000000,NULL,1,NULL,0,'0000-00-00'),(1,5,1,0.000000,0.000000,0.000000,0.000000,0.000000,NULL,1,NULL,0,'0000-00-00'),(1,6,1,0.000000,0.000000,0.000000,0.000000,0.000000,NULL,1,NULL,0,'0000-00-00'),(1,7,1,0.000000,0.000000,0.000000,0.000000,0.000000,NULL,1,NULL,0,'0000-00-00'),(1,8,1,0.000000,0.000000,0.000000,0.000000,0.000000,NULL,1,NULL,0,'0000-00-00'),(2,9,1,0.000000,0.000000,0.000000,0.000000,0.000000,1,1,NULL,0,'0000-00-00'),(2,10,1,0.000000,0.000000,0.000000,0.000000,0.000000,NULL,1,NULL,0,'0000-00-00'),(2,11,1,0.000000,0.000000,0.000000,0.000000,0.000000,NULL,1,NULL,0,'0000-00-00'),(2,12,1,0.000000,0.000000,0.000000,0.000000,0.000000,NULL,1,NULL,0,'0000-00-00'),(3,13,1,0.000000,0.000000,0.000000,0.000000,0.000000,1,1,NULL,0,'0000-00-00'),(3,14,1,0.000000,20.000000,0.000000,0.000000,0.000000,NULL,1,NULL,0,'0000-00-00'),(3,15,1,0.000000,50.000000,0.000000,0.000000,0.000000,NULL,1,NULL,0,'0000-00-00'),(4,16,1,0.000000,0.000000,0.000000,0.000000,0.000000,1,1,NULL,0,'0000-00-00'),(4,17,1,0.000000,20.000000,0.000000,0.000000,0.000000,NULL,1,NULL,0,'0000-00-00'),(4,18,1,0.000000,50.000000,0.000000,0.000000,0.000000,NULL,1,NULL,0,'0000-00-00'),(5,19,1,0.000000,0.000000,0.000000,0.000000,0.000000,1,1,NULL,0,'0000-00-00'),(5,20,1,0.000000,20.000000,0.000000,0.000000,0.000000,NULL,1,NULL,0,'0000-00-00'),(5,21,1,0.000000,50.000000,0.000000,0.000000,0.000000,NULL,1,NULL,0,'0000-00-00'),(9,22,1,0.000000,0.000000,0.000000,0.000000,0.000000,1,1,NULL,0,'0000-00-00'),(9,23,1,0.000000,0.000000,0.000000,0.000000,0.000000,NULL,1,NULL,0,'0000-00-00'),(10,24,1,0.000000,0.000000,0.000000,0.000000,0.000000,1,1,NULL,0,'0000-00-00'),(10,25,1,0.000000,0.000000,0.000000,0.000000,0.000000,NULL,1,NULL,0,'0000-00-00'),(11,26,1,0.000000,0.000000,0.000000,0.000000,0.000000,1,1,NULL,0,'0000-00-00'),(11,27,1,0.000000,0.000000,0.000000,0.000000,0.000000,NULL,1,NULL,0,'0000-00-00'),(16,28,1,0.000000,0.000000,0.000000,0.000000,0.000000,1,1,NULL,0,'0000-00-00'),(16,29,1,0.000000,0.000000,0.000000,0.000000,0.000000,NULL,1,NULL,0,'0000-00-00'),(16,30,1,0.000000,0.000000,0.000000,0.000000,0.000000,NULL,1,NULL,0,'0000-00-00'),(16,31,1,0.000000,0.000000,0.000000,0.000000,0.000000,NULL,1,NULL,0,'0000-00-00'),(17,32,1,0.000000,0.000000,0.000000,0.000000,0.000000,1,1,NULL,0,'0000-00-00'),(17,33,1,0.000000,0.000000,0.000000,0.000000,0.000000,NULL,1,NULL,0,'0000-00-00'),(17,34,1,0.000000,0.000000,0.000000,0.000000,0.000000,NULL,1,NULL,0,'0000-00-00'),(17,35,1,0.000000,0.000000,0.000000,0.000000,0.000000,NULL,1,NULL,0,'0000-00-00'),(18,36,1,0.000000,0.000000,0.000000,0.000000,0.000000,1,1,NULL,0,'0000-00-00'),(18,37,1,0.000000,0.000000,0.000000,0.000000,0.000000,NULL,1,NULL,0,'0000-00-00'),(18,38,1,0.000000,0.000000,0.000000,0.000000,0.000000,NULL,1,NULL,0,'0000-00-00'),(18,39,1,0.000000,0.000000,0.000000,0.000000,0.000000,NULL,1,NULL,0,'0000-00-00');

--
-- Table structure for table `ps_product_carrier`
--

CREATE TABLE `ps_product_carrier` (
  `id_product` int(10) unsigned NOT NULL,
  `id_carrier_reference` int(10) unsigned NOT NULL,
  `id_shop` int(10) unsigned NOT NULL,
  PRIMARY KEY (`id_product`,`id_carrier_reference`,`id_shop`)
) ENGINE=InnoDB DEFAULT CHARSET=utf8;

--
-- Dumping data for table `ps_product_carrier`
--


--
-- Table structure for table `ps_product_comment`
--

CREATE TABLE `ps_product_comment` (
  `id_product_comment` int(10) unsigned NOT NULL AUTO_INCREMENT,
  `id_product` int(10) unsigned NOT NULL,
  `id_customer` int(10) unsigned NOT NULL,
  `id_guest` int(10) unsigned DEFAULT NULL,
  `title` varchar(64) DEFAULT NULL,
  `content` text NOT NULL,
  `customer_name` varchar(64) DEFAULT NULL,
  `grade` float unsigned NOT NULL,
  `validate` tinyint(1) NOT NULL,
  `deleted` tinyint(1) NOT NULL,
  `date_add` datetime NOT NULL,
  PRIMARY KEY (`id_product_comment`),
  KEY `id_product` (`id_product`),
  KEY `id_customer` (`id_customer`),
  KEY `id_guest` (`id_guest`)
) ENGINE=InnoDB DEFAULT CHARSET=utf8;

--
-- Dumping data for table `ps_product_comment`
--


--
-- Table structure for table `ps_product_comment_criterion`
--

CREATE TABLE `ps_product_comment_criterion` (
  `id_product_comment_criterion` int(10) unsigned NOT NULL AUTO_INCREMENT,
  `id_product_comment_criterion_type` tinyint(1) NOT NULL,
  `active` tinyint(1) NOT NULL,
  PRIMARY KEY (`id_product_comment_criterion`)
) ENGINE=InnoDB AUTO_INCREMENT=2 DEFAULT CHARSET=utf8;

--
-- Dumping data for table `ps_product_comment_criterion`
--

INSERT INTO `ps_product_comment_criterion` VALUES (1,1,1);

--
-- Table structure for table `ps_product_comment_criterion_category`
--

CREATE TABLE `ps_product_comment_criterion_category` (
  `id_product_comment_criterion` int(10) unsigned NOT NULL,
  `id_category` int(10) unsigned NOT NULL,
  PRIMARY KEY (`id_product_comment_criterion`,`id_category`),
  KEY `id_category` (`id_category`)
) ENGINE=InnoDB DEFAULT CHARSET=utf8;

--
-- Dumping data for table `ps_product_comment_criterion_category`
--


--
-- Table structure for table `ps_product_comment_criterion_lang`
--

CREATE TABLE `ps_product_comment_criterion_lang` (
  `id_product_comment_criterion` int(11) unsigned NOT NULL,
  `id_lang` int(11) unsigned NOT NULL,
  `name` varchar(64) NOT NULL,
  PRIMARY KEY (`id_product_comment_criterion`,`id_lang`)
) ENGINE=InnoDB DEFAULT CHARSET=utf8;

--
-- Dumping data for table `ps_product_comment_criterion_lang`
--

INSERT INTO `ps_product_comment_criterion_lang` VALUES (1,1,'Quality');

--
-- Table structure for table `ps_product_comment_criterion_product`
--

CREATE TABLE `ps_product_comment_criterion_product` (
  `id_product` int(10) unsigned NOT NULL,
  `id_product_comment_criterion` int(10) unsigned NOT NULL,
  PRIMARY KEY (`id_product`,`id_product_comment_criterion`),
  KEY `id_product_comment_criterion` (`id_product_comment_criterion`)
) ENGINE=InnoDB DEFAULT CHARSET=utf8;

--
-- Dumping data for table `ps_product_comment_criterion_product`
--


--
-- Table structure for table `ps_product_comment_grade`
--

CREATE TABLE `ps_product_comment_grade` (
  `id_product_comment` int(10) unsigned NOT NULL,
  `id_product_comment_criterion` int(10) unsigned NOT NULL,
  `grade` int(10) unsigned NOT NULL,
  PRIMARY KEY (`id_product_comment`,`id_product_comment_criterion`),
  KEY `id_product_comment_criterion` (`id_product_comment_criterion`)
) ENGINE=InnoDB DEFAULT CHARSET=utf8;

--
-- Dumping data for table `ps_product_comment_grade`
--


--
-- Table structure for table `ps_product_comment_report`
--

CREATE TABLE `ps_product_comment_report` (
  `id_product_comment` int(10) unsigned NOT NULL,
  `id_customer` int(10) unsigned NOT NULL,
  PRIMARY KEY (`id_product_comment`,`id_customer`)
) ENGINE=InnoDB DEFAULT CHARSET=utf8;

--
-- Dumping data for table `ps_product_comment_report`
--


--
-- Table structure for table `ps_product_comment_usefulness`
--

CREATE TABLE `ps_product_comment_usefulness` (
  `id_product_comment` int(10) unsigned NOT NULL,
  `id_customer` int(10) unsigned NOT NULL,
  `usefulness` tinyint(1) unsigned NOT NULL,
  PRIMARY KEY (`id_product_comment`,`id_customer`)
) ENGINE=InnoDB DEFAULT CHARSET=utf8;

--
-- Dumping data for table `ps_product_comment_usefulness`
--


--
-- Table structure for table `ps_product_country_tax`
--

CREATE TABLE `ps_product_country_tax` (
  `id_product` int(11) NOT NULL,
  `id_country` int(11) NOT NULL,
  `id_tax` int(11) NOT NULL,
  PRIMARY KEY (`id_product`,`id_country`)
) ENGINE=InnoDB DEFAULT CHARSET=utf8;

--
-- Dumping data for table `ps_product_country_tax`
--


--
-- Table structure for table `ps_product_download`
--

CREATE TABLE `ps_product_download` (
  `id_product_download` int(10) unsigned NOT NULL AUTO_INCREMENT,
  `id_product` int(10) unsigned NOT NULL,
  `display_filename` varchar(255) DEFAULT NULL,
  `filename` varchar(255) DEFAULT NULL,
  `date_add` datetime NOT NULL,
  `date_expiration` datetime DEFAULT NULL,
  `nb_days_accessible` int(10) unsigned DEFAULT NULL,
  `nb_downloadable` int(10) unsigned DEFAULT '1',
  `active` tinyint(1) unsigned NOT NULL DEFAULT '1',
  `is_shareable` tinyint(1) unsigned NOT NULL DEFAULT '0',
  PRIMARY KEY (`id_product_download`)
) ENGINE=InnoDB DEFAULT CHARSET=utf8;

--
-- Dumping data for table `ps_product_download`
--


--
-- Table structure for table `ps_product_group_reduction_cache`
--

CREATE TABLE `ps_product_group_reduction_cache` (
  `id_product` int(10) unsigned NOT NULL,
  `id_group` int(10) unsigned NOT NULL,
  `reduction` decimal(4,3) NOT NULL,
  PRIMARY KEY (`id_product`,`id_group`)
) ENGINE=InnoDB DEFAULT CHARSET=utf8;

--
-- Dumping data for table `ps_product_group_reduction_cache`
--


--
-- Table structure for table `ps_product_lang`
--

CREATE TABLE `ps_product_lang` (
  `id_product` int(10) unsigned NOT NULL,
  `id_shop` int(11) unsigned NOT NULL DEFAULT '1',
  `id_lang` int(10) unsigned NOT NULL,
  `description` text,
  `description_short` text,
  `link_rewrite` varchar(128) NOT NULL,
  `meta_description` varchar(512) DEFAULT NULL,
  `meta_keywords` varchar(255) DEFAULT NULL,
  `meta_title` varchar(128) DEFAULT NULL,
  `name` varchar(128) NOT NULL,
  `available_now` varchar(255) DEFAULT NULL,
  `available_later` varchar(255) DEFAULT NULL,
  `delivery_in_stock` varchar(255) DEFAULT NULL,
  `delivery_out_stock` varchar(255) DEFAULT NULL,
  PRIMARY KEY (`id_product`,`id_shop`,`id_lang`),
  KEY `id_lang` (`id_lang`),
  KEY `name` (`name`)
) ENGINE=InnoDB DEFAULT CHARSET=utf8;

--
-- Dumping data for table `ps_product_lang`
--

INSERT INTO `ps_product_lang` VALUES (1,1,1,'<p><span style=\"font-size:10pt;font-style:normal;\"><span style=\"font-size:10pt;font-style:normal;\">Symbol of lightness and delicacy, the hummingbird evokes curiosity and joy.</span><span style=\"font-size:10pt;font-style:normal;\"> Studio Design\' PolyFaune collection features classic products with colorful patterns, inspired by the traditional japanese origamis. To wear with a chino or jeans. The sublimation textile printing process provides an exceptional color rendering and a color, guaranteed overtime.</span></span></p>','<p><span style=\"font-size:10pt;font-style:normal;\">Regular fit, round neckline, short sleeves. Made of extra long staple pima cotton. </span></p>\r\n<p></p>','hummingbird-printed-t-shirt','','','','Hummingbird printed t-shirt','','','',''),(2,1,1,'<p><span style=\"font-size:10pt;font-style:normal;\"><span style=\"font-size:10pt;font-style:normal;\">Studio Design\' PolyFaune collection features classic products with colorful patterns, inspired by the traditional japanese origamis. To wear with a chino or jeans. The sublimation textile printing process provides an exceptional color rendering and a color, guaranteed overtime.</span></span></p>','<p><span style=\"font-size:10pt;font-style:normal;\">Regular fit, round neckline, long sleeves. 100% cotton, brushed inner side for extra comfort. </span></p>','brown-bear-printed-sweater','','','','Hummingbird printed sweater','','','',''),(3,1,1,'<p><span style=\"font-size:10pt;font-style:normal;\">The best is yet to come! Give your walls a voice with a framed poster. This aesthethic, optimistic poster will look great in your desk or in an open-space office. Painted wooden frame with passe-partout for more depth.</span></p>','<p><span style=\"font-size:10pt;font-weight:normal;font-style:normal;\">Printed on rigid matt paper and smooth surface.</span></p>','the-best-is-yet-to-come-framed-poster','','','','The best is yet to come\' Framed poster','','','',''),(4,1,1,'<p><span style=\"font-size:10pt;font-style:normal;\">The best is yet to come! Give your walls a voice with a framed poster. This aesthethic, optimistic poster will look great in your desk or in an open-space office. Painted wooden frame with passe-partout for more depth.</span></p>','<p><span style=\"font-size:10pt;font-weight:normal;font-style:normal;\">Printed on rigid matt finish and smooth surface.</span></p>','the-adventure-begins-framed-poster','','','','The adventure begins Framed poster','','','',''),(5,1,1,'<p><span style=\"font-size:10pt;font-style:normal;\">The best is yet to come! Give your walls a voice with a framed poster. This aesthethic, optimistic poster will look great in your desk or in an open-space office. Painted wooden frame with passe-partout for more depth.</span></p>','<p><span style=\"font-size:10pt;font-weight:normal;font-style:normal;\">Printed on rigid paper with matt finish and smooth surface.</span></p>','today-is-a-good-day-framed-poster','','','','Today is a good day Framed poster','','','',''),(6,1,1,'<p><span style=\"font-size:10pt;font-style:normal;\">The best is yet to come! Start the day off right with a positive thought. 8,2cm diameter / 9,5cm height / 0.43kg. Dishwasher-proof.</span></p>','<p><span style=\"font-size:10pt;font-style:normal;\">White Ceramic Mug, 325ml.</span></p>','mug-the-best-is-yet-to-come','','','','Mug The best is yet to come','','','',''),(7,1,1,'<p><span style=\"font-size:10pt;font-style:normal;\">The adventure begins with a cup of coffee. Set out to conquer the day! 8,2cm diameter / 9,5cm height / 0.43kg. Dishwasher-proof.</span></p>','<p><span style=\"font-size:10pt;font-style:normal;\">White Ceramic Mug. 325ml</span></p>','mug-the-adventure-begins','','','','Mug The adventure begins','','','',''),(8,1,1,'<p><span style=\"font-size:10pt;font-style:normal;\">Add an optimistic touch to your morning coffee and start the day in a good mood! 8,2cm diameter / 9,5cm height / 0.43kg. Dishwasher-proof.</span></p>','<p><span style=\"font-size:10pt;font-style:normal;\">White Ceramic Mug. 325ml</span></p>','mug-today-is-a-good-day','','','','Mug Today is a good day','','','',''),(9,1,1,'<p><span style=\"font-size:10pt;font-weight:normal;font-style:normal;\">The mountain fox cushion will add a graphic and colorful touch to your sofa, armchair or bed. Create a modern and zen atmosphere that inspires relaxation. Cover 100% cotton, machine washable at 60° / Filling 100% hypoallergenic polyester.</span></p>','<p><span style=\"font-size:10pt;font-style:normal;\">Cushion with removable cover and invisible zip on the back. 32x32cm</span></p>','mountain-fox-cushion','','','','Mountain fox cushion','','','',''),(10,1,1,'<p><span style=\"font-size:10pt;font-weight:normal;font-style:normal;\">The brown bear cushion will add a graphic and colorful touch to your sofa, armchair or bed. Create a modern and zen atmosphere that inspires relaxation. Cover 100% cotton, machine washable at 60° / Filling 100% hypoallergenic polyester.</span></p>','<p><span style=\"font-size:10pt;font-style:normal;\">Cushion with removable cover and invisible zip on the back. 32x32cm</span></p>','brown-bear-cushion','','','','Brown bear cushion','','','',''),(11,1,1,'<p><span style=\"font-size:10pt;font-weight:normal;font-style:normal;\">The hummingbird cushion will add a graphic and colorful touch to your sofa, armchair or bed. Create a modern and zen atmosphere that inspires relaxation. Cover 100% cotton, machine washable at 60° / Filling 100% hypoallergenic polyester.</span></p>','<p><span style=\"font-size:10pt;font-style:normal;\">Cushion with removable cover and invisible zip on the back. 32x32cm</span></p>','hummingbird-cushion','','','','Hummingbird cushion','','','',''),(12,1,1,'<p><span style=\"font-size:10pt;font-style:normal;\">You have a custom printing creative project? The vector graphic Mountain fox illustration can be used for printing purpose on any support, without size limitation. </span></p>','<p><span style=\"font-size:10pt;font-style:normal;\">Vector graphic, format: svg. Download for personal, private and non-commercial use.</span></p>','mountain-fox-vector-graphics','','','','Mountain fox - Vector graphics','','','',''),(13,1,1,'<p><span style=\"font-size:10pt;font-style:normal;\">You have a custom printing creative project? The vector graphic Mountain fox illustration can be used for printing purpose on any support, without size limitation. </span></p>','<p><span style=\"font-size:10pt;font-style:normal;\">Vector graphic, format: svg. Download for personal, private and non-commercial use.</span></p>','brown-bear-vector-graphics','','','','Brown bear - Vector graphics','','','',''),(14,1,1,'<p><span style=\"font-size:10pt;font-style:normal;\">You have a custom printing creative project? The vector graphic Mountain fox illustration can be used for printing purpose on any support, without size limitation. </span></p>','<p><span style=\"font-size:10pt;font-style:normal;\">Vector graphic, format: svg. Download for personal, private and non-commercial use.</span></p>','hummingbird-vector-graphics','','','','Hummingbird - Vector graphics','','','',''),(15,1,1,'','<p><span style=\"font-size:10pt;font-style:normal;\">Mug The Adventure Begins + Framed poster Today is a good day 40x60cm </span></p>','pack-mug-framed-poster','','','','Pack Mug + Framed poster','','','',''),(16,1,1,'<p><span style=\"font-size:10pt;font-style:normal;\">The Mountain fox notebook is the best option to write down your most ingenious ideas. At work, at home or when traveling, its endearing design and manufacturing quality will make you feel like writing! 90 gsm paper / double spiral binding.</span></p>','<p><span style=\"font-size:10pt;font-style:normal;\">120 sheets notebook with hard cover made of recycled cardboard. 16x22cm</span></p>','mountain-fox-notebook','','','','Mountain fox notebook','','','',''),(17,1,1,'<p><span style=\"font-size:10pt;font-style:normal;\">The Mountain fox notebook is the best option to write down your most ingenious ideas. At work, at home or when traveling, its endearing design and manufacturing quality will make you feel like writing! 90 gsm paper / double spiral binding.</span></p>','<p><span style=\"font-size:10pt;font-style:normal;\">120 sheets notebook with hard cover made of recycled cardboard. 16x22cm</span></p>','brown-bear-notebook','','','','Brown bear notebook','','','',''),(18,1,1,'<p><span style=\"font-size:10pt;font-style:normal;\">The Mountain fox notebook is the best option to write down your most ingenious ideas. At work, at home or when traveling, its endearing design and manufacturing quality will make you feel like writing! 90 gsm paper / double spiral binding.</span></p>','<p><span style=\"font-size:10pt;font-style:normal;\">120 sheets notebook with hard cover made of recycled cardboard. 16x22cm</span></p>','hummingbird-notebook','','','','Hummingbird notebook','','','',''),(19,1,1,'<p><span style=\"font-size:10pt;font-style:normal;\"><span style=\"font-size:10pt;font-style:normal;\">Customize your mug with the text of your choice. A mood, a message, a quote... It\'s up to you! Maximum number of characters:</span><span style=\"font-size:10pt;font-style:normal;\"> ---</span></span></p>','<p><span style=\"font-size:10pt;font-style:normal;\">White Ceramic Mug. 325ml</span></p>','customizable-mug','','','','Customizable mug','','','','');

--
-- Table structure for table `ps_product_sale`
--

CREATE TABLE `ps_product_sale` (
  `id_product` int(10) unsigned NOT NULL,
  `quantity` int(10) unsigned NOT NULL DEFAULT '0',
  `sale_nbr` int(10) unsigned NOT NULL DEFAULT '0',
  `date_upd` date DEFAULT NULL,
  PRIMARY KEY (`id_product`),
  KEY `quantity` (`quantity`)
) ENGINE=InnoDB DEFAULT CHARSET=utf8;

--
-- Dumping data for table `ps_product_sale`
--


--
-- Table structure for table `ps_product_shop`
--

CREATE TABLE `ps_product_shop` (
  `id_product` int(10) unsigned NOT NULL,
  `id_shop` int(10) unsigned NOT NULL,
  `id_category_default` int(10) unsigned DEFAULT NULL,
  `id_tax_rules_group` int(11) unsigned NOT NULL,
  `on_sale` tinyint(1) unsigned NOT NULL DEFAULT '0',
  `online_only` tinyint(1) unsigned NOT NULL DEFAULT '0',
  `ecotax` decimal(17,6) NOT NULL DEFAULT '0.000000',
  `minimal_quantity` int(10) unsigned NOT NULL DEFAULT '1',
  `low_stock_threshold` int(10) DEFAULT NULL,
  `low_stock_alert` tinyint(1) NOT NULL DEFAULT '0',
  `price` decimal(20,6) NOT NULL DEFAULT '0.000000',
  `wholesale_price` decimal(20,6) NOT NULL DEFAULT '0.000000',
  `unity` varchar(255) DEFAULT NULL,
  `unit_price_ratio` decimal(20,6) NOT NULL DEFAULT '0.000000',
  `additional_shipping_cost` decimal(20,2) NOT NULL DEFAULT '0.00',
  `customizable` tinyint(2) NOT NULL DEFAULT '0',
  `uploadable_files` tinyint(4) NOT NULL DEFAULT '0',
  `text_fields` tinyint(4) NOT NULL DEFAULT '0',
  `active` tinyint(1) unsigned NOT NULL DEFAULT '0',
  `redirect_type` enum('','404','301-product','302-product','301-category','302-category') NOT NULL DEFAULT '',
  `id_type_redirected` int(10) unsigned NOT NULL DEFAULT '0',
  `available_for_order` tinyint(1) NOT NULL DEFAULT '1',
  `available_date` date DEFAULT NULL,
  `show_condition` tinyint(1) NOT NULL DEFAULT '1',
  `condition` enum('new','used','refurbished') NOT NULL DEFAULT 'new',
  `show_price` tinyint(1) NOT NULL DEFAULT '1',
  `indexed` tinyint(1) NOT NULL DEFAULT '0',
  `visibility` enum('both','catalog','search','none') NOT NULL DEFAULT 'both',
  `cache_default_attribute` int(10) unsigned DEFAULT NULL,
  `advanced_stock_management` tinyint(1) NOT NULL DEFAULT '0',
  `date_add` datetime NOT NULL,
  `date_upd` datetime NOT NULL,
  `pack_stock_type` int(11) unsigned NOT NULL DEFAULT '3',
  PRIMARY KEY (`id_product`,`id_shop`),
  KEY `id_category_default` (`id_category_default`),
  KEY `date_add` (`date_add`,`active`,`visibility`),
  KEY `indexed` (`indexed`,`active`,`id_product`)
) ENGINE=InnoDB DEFAULT CHARSET=utf8;

--
-- Dumping data for table `ps_product_shop`
--

INSERT INTO `ps_product_shop` VALUES (1,1,4,1,0,0,0.000000,1,NULL,0,23.900000,0.000000,'',0.000000,0.00,0,0,0,1,'301-category',0,1,'0000-00-00',0,'new',1,1,'both',1,0,'2019-11-13 12:26:43','2019-11-13 12:26:43',3),(2,1,5,1,0,0,0.000000,1,NULL,0,35.900000,0.000000,'',0.000000,0.00,0,0,0,1,'404',0,1,'0000-00-00',0,'new',1,1,'both',9,0,'2019-11-13 12:26:43','2019-11-13 12:26:43',3),(3,1,9,1,0,0,0.000000,1,NULL,0,29.000000,0.000000,'',0.000000,0.00,0,0,0,1,'301-category',0,1,'0000-00-00',0,'new',1,1,'both',13,0,'2019-11-13 12:26:43','2019-11-13 12:26:43',3),(4,1,9,1,0,0,0.000000,1,NULL,0,29.000000,0.000000,'',0.000000,0.00,0,0,0,1,'404',0,1,'0000-00-00',0,'new',1,1,'both',16,0,'2019-11-13 12:26:43','2019-11-13 12:26:43',3),(5,1,9,1,0,0,0.000000,1,NULL,0,29.000000,0.000000,'',0.000000,0.00,0,0,0,1,'301-category',0,1,'0000-00-00',0,'new',1,1,'both',19,0,'2019-11-13 12:26:43','2019-11-13 12:26:43',3),(6,1,8,1,0,0,0.000000,1,NULL,0,11.900000,0.000000,'',0.000000,0.00,0,0,0,1,'301-category',0,1,'0000-00-00',0,'new',1,1,'both',0,0,'2019-11-13 12:26:43','2019-11-13 12:26:43',3),(7,1,8,1,0,0,0.000000,1,NULL,0,11.900000,0.000000,'',0.000000,0.00,0,0,0,1,'301-category',0,1,'0000-00-00',0,'new',1,1,'both',0,0,'2019-11-13 12:26:43','2019-11-13 12:26:43',3),(8,1,8,1,0,0,0.000000,1,NULL,0,11.900000,0.000000,'',0.000000,0.00,0,0,0,1,'404',0,1,'0000-00-00',0,'new',1,1,'both',0,0,'2019-11-13 12:26:43','2019-11-13 12:26:43',3),(9,1,8,1,0,0,0.000000,1,NULL,0,18.900000,0.000000,'',0.000000,0.00,0,0,0,1,'301-category',0,1,'0000-00-00',0,'new',1,1,'both',22,0,'2019-11-13 12:26:43','2019-11-13 12:26:43',3),(10,1,8,1,0,0,0.000000,1,NULL,0,18.900000,0.000000,'',0.000000,0.00,0,0,0,1,'301-category',0,1,'0000-00-00',0,'new',1,1,'both',24,0,'2019-11-13 12:26:43','2019-11-13 12:26:43',3),(11,1,8,1,0,0,0.000000,1,NULL,0,18.900000,0.000000,'',0.000000,0.00,0,0,0,1,'301-category',0,1,'0000-00-00',0,'new',1,1,'both',26,0,'2019-11-13 12:26:43','2019-11-13 12:26:43',3),(12,1,9,1,0,0,0.000000,1,NULL,0,9.000000,0.000000,'',0.000000,0.00,0,0,0,1,'301-category',0,1,'0000-00-00',0,'new',1,1,'both',0,0,'2019-11-13 12:26:43','2019-11-13 12:26:43',3),(13,1,9,1,0,0,0.000000,1,NULL,0,9.000000,0.000000,'',0.000000,0.00,0,0,0,1,'301-category',0,1,'0000-00-00',0,'new',1,1,'both',0,0,'2019-11-13 12:26:43','2019-11-13 12:26:43',3),(14,1,9,1,0,0,0.000000,1,NULL,0,9.000000,0.000000,'',0.000000,0.00,0,0,0,1,'301-category',0,1,'0000-00-00',0,'new',1,1,'both',0,0,'2019-11-13 12:26:43','2019-11-13 12:26:43',3),(15,1,8,1,0,0,0.000000,1,NULL,0,35.000000,0.000000,'',0.000000,0.00,0,0,0,1,'301-category',0,1,'0000-00-00',0,'new',1,1,'both',0,0,'2019-11-13 12:26:43','2019-11-13 12:26:43',3),(16,1,7,1,0,0,0.000000,1,NULL,0,12.900000,0.000000,'',0.000000,0.00,0,0,0,1,'301-category',0,1,'0000-00-00',0,'new',1,1,'both',28,0,'2019-11-13 12:26:43','2019-11-13 12:26:43',3),(17,1,7,1,0,0,0.000000,1,NULL,0,12.900000,0.000000,'',0.000000,0.00,0,0,0,1,'301-category',0,1,'0000-00-00',0,'new',1,1,'both',32,0,'2019-11-13 12:26:43','2019-11-13 12:26:43',3),(18,1,7,1,0,0,0.000000,1,NULL,0,12.900000,0.000000,'',0.000000,0.00,0,0,0,1,'301-category',0,1,'0000-00-00',0,'new',1,1,'both',36,0,'2019-11-13 12:26:43','2019-11-13 12:26:43',3),(19,1,8,1,0,0,0.000000,1,NULL,0,13.900000,0.000000,'',0.000000,0.00,1,0,1,1,'301-category',0,1,'0000-00-00',0,'new',1,1,'both',0,0,'2019-11-13 12:26:43','2019-11-13 12:26:43',3);

--
-- Table structure for table `ps_product_supplier`
--

CREATE TABLE `ps_product_supplier` (
  `id_product_supplier` int(11) unsigned NOT NULL AUTO_INCREMENT,
  `id_product` int(11) unsigned NOT NULL,
  `id_product_attribute` int(11) unsigned NOT NULL DEFAULT '0',
  `id_supplier` int(11) unsigned NOT NULL,
  `product_supplier_reference` varchar(64) DEFAULT NULL,
  `product_supplier_price_te` decimal(20,6) NOT NULL DEFAULT '0.000000',
  `id_currency` int(11) unsigned NOT NULL,
  PRIMARY KEY (`id_product_supplier`),
  UNIQUE KEY `id_product` (`id_product`,`id_product_attribute`,`id_supplier`),
  KEY `id_supplier` (`id_supplier`,`id_product`)
) ENGINE=InnoDB DEFAULT CHARSET=utf8;

--
-- Dumping data for table `ps_product_supplier`
--


--
-- Table structure for table `ps_product_tag`
--

CREATE TABLE `ps_product_tag` (
  `id_product` int(10) unsigned NOT NULL,
  `id_tag` int(10) unsigned NOT NULL,
  `id_lang` int(10) unsigned NOT NULL,
  PRIMARY KEY (`id_product`,`id_tag`),
  KEY `id_tag` (`id_tag`),
  KEY `id_lang` (`id_lang`,`id_tag`)
) ENGINE=InnoDB DEFAULT CHARSET=utf8;

--
-- Dumping data for table `ps_product_tag`
--


--
-- Table structure for table `ps_profile`
--

CREATE TABLE `ps_profile` (
  `id_profile` int(10) unsigned NOT NULL AUTO_INCREMENT,
  PRIMARY KEY (`id_profile`)
) ENGINE=InnoDB AUTO_INCREMENT=5 DEFAULT CHARSET=utf8;

--
-- Dumping data for table `ps_profile`
--

INSERT INTO `ps_profile` VALUES (1),(2),(3),(4);

--
-- Table structure for table `ps_profile_lang`
--

CREATE TABLE `ps_profile_lang` (
  `id_lang` int(10) unsigned NOT NULL,
  `id_profile` int(10) unsigned NOT NULL,
  `name` varchar(128) NOT NULL,
  PRIMARY KEY (`id_profile`,`id_lang`)
) ENGINE=InnoDB DEFAULT CHARSET=utf8;

--
-- Dumping data for table `ps_profile_lang`
--

INSERT INTO `ps_profile_lang` VALUES (1,1,'SuperAdmin'),(1,2,'Logistician'),(1,3,'Translator'),(1,4,'Salesman');

--
-- Table structure for table `ps_psgdpr_consent`
--

CREATE TABLE `ps_psgdpr_consent` (
  `id_gdpr_consent` int(10) unsigned NOT NULL AUTO_INCREMENT,
  `id_module` int(10) unsigned NOT NULL,
  `active` int(10) NOT NULL,
  `error` int(10) DEFAULT NULL,
  `error_message` text,
  `date_add` datetime NOT NULL,
  `date_upd` datetime NOT NULL,
  PRIMARY KEY (`id_gdpr_consent`,`id_module`)
) ENGINE=InnoDB DEFAULT CHARSET=utf8;

--
-- Dumping data for table `ps_psgdpr_consent`
--


--
-- Table structure for table `ps_psgdpr_consent_lang`
--

CREATE TABLE `ps_psgdpr_consent_lang` (
  `id_gdpr_consent` int(10) unsigned NOT NULL AUTO_INCREMENT,
  `id_lang` int(10) unsigned NOT NULL,
  `message` text,
  `id_shop` int(10) unsigned NOT NULL,
  PRIMARY KEY (`id_gdpr_consent`,`id_lang`,`id_shop`)
) ENGINE=InnoDB DEFAULT CHARSET=utf8;

--
-- Dumping data for table `ps_psgdpr_consent_lang`
--


--
-- Table structure for table `ps_psgdpr_log`
--

CREATE TABLE `ps_psgdpr_log` (
  `id_gdpr_log` int(10) unsigned NOT NULL AUTO_INCREMENT,
  `id_customer` int(10) unsigned DEFAULT NULL,
  `id_guest` int(10) unsigned DEFAULT NULL,
  `client_name` varchar(250) DEFAULT NULL,
  `id_module` int(10) unsigned NOT NULL,
  `request_type` int(10) NOT NULL,
  `date_add` datetime NOT NULL,
  `date_upd` datetime NOT NULL,
  PRIMARY KEY (`id_gdpr_log`)
) ENGINE=InnoDB DEFAULT CHARSET=utf8;

--
-- Dumping data for table `ps_psgdpr_log`
--


--
-- Table structure for table `ps_psreassurance`
--

CREATE TABLE `ps_psreassurance` (
  `id_psreassurance` int(10) unsigned NOT NULL AUTO_INCREMENT,
  `icon` varchar(255) DEFAULT NULL,
  `custom_icon` varchar(255) DEFAULT NULL,
  `status` int(10) unsigned NOT NULL,
  `position` int(10) unsigned NOT NULL,
  `id_shop` int(10) unsigned NOT NULL,
  `type_link` int(10) unsigned DEFAULT NULL,
  `id_cms` int(10) unsigned DEFAULT NULL,
  `date_add` datetime NOT NULL,
  `date_upd` datetime DEFAULT NULL,
  PRIMARY KEY (`id_psreassurance`)
) ENGINE=InnoDB AUTO_INCREMENT=4 DEFAULT CHARSET=utf8;

--
-- Dumping data for table `ps_psreassurance`
--

INSERT INTO `ps_psreassurance` VALUES (1,'/modules/blockreassurance/img/ic_verified_user_black_36dp_1x.png','',1,1,1,0,0,'2019-11-25 12:07:33','2019-11-25 12:07:33'),(2,'/modules/blockreassurance/img/ic_local_shipping_black_36dp_1x.png','',1,2,1,0,0,'2019-11-25 12:07:49','2019-11-25 12:07:49'),(3,'/modules/blockreassurance/img/ic_swap_horiz_black_36dp_1x.png','',1,3,1,0,0,'2019-11-25 12:08:50','2019-11-25 12:08:50');

--
-- Table structure for table `ps_psreassurance_lang`
--

CREATE TABLE `ps_psreassurance_lang` (
  `id_psreassurance` int(10) unsigned NOT NULL,
  `id_lang` int(10) unsigned NOT NULL,
  `id_shop` int(10) unsigned NOT NULL,
  `title` varchar(255) NOT NULL,
  `description` varchar(255) NOT NULL,
  `link` varchar(255) NOT NULL,
  PRIMARY KEY (`id_psreassurance`,`id_shop`,`id_lang`)
) ENGINE=InnoDB DEFAULT CHARSET=utf8;

--
-- Dumping data for table `ps_psreassurance_lang`
--

INSERT INTO `ps_psreassurance_lang` VALUES (1,1,1,'100% Original product','',''),(2,1,1,'Fast Delivery','',''),(3,1,1,'Please refer to our Return, Refund & Replacements Policy','','');

--
-- Table structure for table `ps_quick_access`
--

CREATE TABLE `ps_quick_access` (
  `id_quick_access` int(10) unsigned NOT NULL AUTO_INCREMENT,
  `new_window` tinyint(1) NOT NULL DEFAULT '0',
  `link` varchar(255) NOT NULL,
  PRIMARY KEY (`id_quick_access`)
) ENGINE=InnoDB AUTO_INCREMENT=9 DEFAULT CHARSET=utf8;

--
-- Dumping data for table `ps_quick_access`
--

INSERT INTO `ps_quick_access` VALUES (1,0,'index.php?controller=AdminOrders'),(2,0,'index.php?controller=AdminCartRules&addcart_rule'),(3,0,'index.php/sell/catalog/products/new'),(4,0,'index.php?controller=AdminCategories&addcategory'),(5,0,'index.php/improve/modules/manage'),(6,0,'index.php?controller=AdminStats&module=statscheckup'),(7,0,'http://www.fmdollc.com/admin678xn5srz/index.php?controller=AdminModules&token=65348c870c979e22081176f1e959a25d&configure=xipblog'),(8,0,'index.php?controller=AdminModules&configure=posslideshows');

--
-- Table structure for table `ps_quick_access_lang`
--

CREATE TABLE `ps_quick_access_lang` (
  `id_quick_access` int(10) unsigned NOT NULL,
  `id_lang` int(10) unsigned NOT NULL,
  `name` varchar(32) NOT NULL,
  PRIMARY KEY (`id_quick_access`,`id_lang`)
) ENGINE=InnoDB DEFAULT CHARSET=utf8;

--
-- Dumping data for table `ps_quick_access_lang`
--

INSERT INTO `ps_quick_access_lang` VALUES (1,1,'Orders'),(2,1,'New voucher'),(3,1,'New product'),(4,1,'New category'),(5,1,'Installed modules'),(6,1,'Catalog evaluation'),(7,1,'XipBlog Settings'),(8,1,'Slideshow');

--
-- Table structure for table `ps_range_price`
--

CREATE TABLE `ps_range_price` (
  `id_range_price` int(10) unsigned NOT NULL AUTO_INCREMENT,
  `id_carrier` int(10) unsigned NOT NULL,
  `delimiter1` decimal(20,6) NOT NULL,
  `delimiter2` decimal(20,6) NOT NULL,
  PRIMARY KEY (`id_range_price`),
  UNIQUE KEY `id_carrier` (`id_carrier`,`delimiter1`,`delimiter2`)
) ENGINE=InnoDB AUTO_INCREMENT=2 DEFAULT CHARSET=utf8;

--
-- Dumping data for table `ps_range_price`
--

INSERT INTO `ps_range_price` VALUES (1,2,0.000000,10000.000000);

--
-- Table structure for table `ps_range_weight`
--

CREATE TABLE `ps_range_weight` (
  `id_range_weight` int(10) unsigned NOT NULL AUTO_INCREMENT,
  `id_carrier` int(10) unsigned NOT NULL,
  `delimiter1` decimal(20,6) NOT NULL,
  `delimiter2` decimal(20,6) NOT NULL,
  PRIMARY KEY (`id_range_weight`),
  UNIQUE KEY `id_carrier` (`id_carrier`,`delimiter1`,`delimiter2`)
) ENGINE=InnoDB AUTO_INCREMENT=6 DEFAULT CHARSET=utf8;

--
-- Dumping data for table `ps_range_weight`
--

INSERT INTO `ps_range_weight` VALUES (1,2,0.000000,10000.000000),(2,3,0.000000,1.000000),(3,3,1.000000,1000.000000),(4,4,0.000000,1.000000),(5,4,1.000000,1000.000000);

--
-- Table structure for table `ps_reassurance`
--

CREATE TABLE `ps_reassurance` (
  `id_reassurance` int(10) unsigned NOT NULL AUTO_INCREMENT,
  `id_shop` int(10) unsigned NOT NULL,
  `file_name` varchar(100) NOT NULL,
  PRIMARY KEY (`id_reassurance`)
) ENGINE=InnoDB AUTO_INCREMENT=4 DEFAULT CHARSET=utf8;

--
-- Dumping data for table `ps_reassurance`
--

INSERT INTO `ps_reassurance` VALUES (1,1,'ic_verified_user_black_36dp_1x.png'),(2,1,'ic_local_shipping_black_36dp_1x.png'),(3,1,'ic_swap_horiz_black_36dp_1x.png');

--
-- Table structure for table `ps_reassurance_lang`
--

CREATE TABLE `ps_reassurance_lang` (
  `id_reassurance` int(10) unsigned NOT NULL AUTO_INCREMENT,
  `id_lang` int(10) unsigned NOT NULL,
  `text` varchar(300) NOT NULL,
  PRIMARY KEY (`id_reassurance`,`id_lang`)
) ENGINE=InnoDB AUTO_INCREMENT=4 DEFAULT CHARSET=utf8;

--
-- Dumping data for table `ps_reassurance_lang`
--

INSERT INTO `ps_reassurance_lang` VALUES (1,1,'Security policy (edit with Customer reassurance module)'),(2,1,'Delivery policy (edit with Customer reassurance module)'),(3,1,'Return policy (edit with Customer reassurance module)');

--
-- Table structure for table `ps_referrer`
--

CREATE TABLE `ps_referrer` (
  `id_referrer` int(10) unsigned NOT NULL AUTO_INCREMENT,
  `name` varchar(64) NOT NULL,
  `passwd` varchar(255) DEFAULT NULL,
  `http_referer_regexp` varchar(64) DEFAULT NULL,
  `http_referer_like` varchar(64) DEFAULT NULL,
  `request_uri_regexp` varchar(64) DEFAULT NULL,
  `request_uri_like` varchar(64) DEFAULT NULL,
  `http_referer_regexp_not` varchar(64) DEFAULT NULL,
  `http_referer_like_not` varchar(64) DEFAULT NULL,
  `request_uri_regexp_not` varchar(64) DEFAULT NULL,
  `request_uri_like_not` varchar(64) DEFAULT NULL,
  `base_fee` decimal(5,2) NOT NULL DEFAULT '0.00',
  `percent_fee` decimal(5,2) NOT NULL DEFAULT '0.00',
  `click_fee` decimal(5,2) NOT NULL DEFAULT '0.00',
  `date_add` datetime NOT NULL,
  PRIMARY KEY (`id_referrer`)
) ENGINE=InnoDB DEFAULT CHARSET=utf8;

--
-- Dumping data for table `ps_referrer`
--


--
-- Table structure for table `ps_referrer_cache`
--

CREATE TABLE `ps_referrer_cache` (
  `id_connections_source` int(11) unsigned NOT NULL,
  `id_referrer` int(11) unsigned NOT NULL,
  PRIMARY KEY (`id_connections_source`,`id_referrer`)
) ENGINE=InnoDB DEFAULT CHARSET=utf8;

--
-- Dumping data for table `ps_referrer_cache`
--


--
-- Table structure for table `ps_referrer_shop`
--

CREATE TABLE `ps_referrer_shop` (
  `id_referrer` int(10) unsigned NOT NULL AUTO_INCREMENT,
  `id_shop` int(10) unsigned NOT NULL DEFAULT '1',
  `cache_visitors` int(11) DEFAULT NULL,
  `cache_visits` int(11) DEFAULT NULL,
  `cache_pages` int(11) DEFAULT NULL,
  `cache_registrations` int(11) DEFAULT NULL,
  `cache_orders` int(11) DEFAULT NULL,
  `cache_sales` decimal(17,2) DEFAULT NULL,
  `cache_reg_rate` decimal(5,4) DEFAULT NULL,
  `cache_order_rate` decimal(5,4) DEFAULT NULL,
  PRIMARY KEY (`id_referrer`,`id_shop`)
) ENGINE=InnoDB DEFAULT CHARSET=utf8;

--
-- Dumping data for table `ps_referrer_shop`
--


--
-- Table structure for table `ps_request_sql`
--

CREATE TABLE `ps_request_sql` (
  `id_request_sql` int(11) NOT NULL AUTO_INCREMENT,
  `name` varchar(200) NOT NULL,
  `sql` text NOT NULL,
  PRIMARY KEY (`id_request_sql`)
) ENGINE=InnoDB DEFAULT CHARSET=utf8;

--
-- Dumping data for table `ps_request_sql`
--


--
-- Table structure for table `ps_required_field`
--

CREATE TABLE `ps_required_field` (
  `id_required_field` int(11) NOT NULL AUTO_INCREMENT,
  `object_name` varchar(32) NOT NULL,
  `field_name` varchar(32) NOT NULL,
  PRIMARY KEY (`id_required_field`),
  KEY `object_name` (`object_name`)
) ENGINE=InnoDB DEFAULT CHARSET=utf8;

--
-- Dumping data for table `ps_required_field`
--


--
-- Table structure for table `ps_risk`
--

CREATE TABLE `ps_risk` (
  `id_risk` int(11) unsigned NOT NULL AUTO_INCREMENT,
  `percent` tinyint(3) NOT NULL,
  `color` varchar(32) DEFAULT NULL,
  PRIMARY KEY (`id_risk`)
) ENGINE=InnoDB AUTO_INCREMENT=5 DEFAULT CHARSET=utf8;

--
-- Dumping data for table `ps_risk`
--

INSERT INTO `ps_risk` VALUES (1,0,'#32CD32'),(2,35,'#FF8C00'),(3,75,'#DC143C'),(4,100,'#ec2e15');

--
-- Table structure for table `ps_risk_lang`
--

CREATE TABLE `ps_risk_lang` (
  `id_risk` int(10) unsigned NOT NULL,
  `id_lang` int(10) unsigned NOT NULL,
  `name` varchar(20) NOT NULL,
  PRIMARY KEY (`id_risk`,`id_lang`),
  KEY `id_risk` (`id_risk`)
) ENGINE=InnoDB DEFAULT CHARSET=utf8;

--
-- Dumping data for table `ps_risk_lang`
--

INSERT INTO `ps_risk_lang` VALUES (1,1,'None'),(2,1,'Low'),(3,1,'Medium'),(4,1,'High');

--
-- Table structure for table `ps_search_engine`
--

CREATE TABLE `ps_search_engine` (
  `id_search_engine` int(10) unsigned NOT NULL AUTO_INCREMENT,
  `server` varchar(64) NOT NULL,
  `getvar` varchar(16) NOT NULL,
  PRIMARY KEY (`id_search_engine`)
) ENGINE=InnoDB AUTO_INCREMENT=39 DEFAULT CHARSET=utf8;

--
-- Dumping data for table `ps_search_engine`
--

INSERT INTO `ps_search_engine` VALUES (1,'google','q'),(2,'aol','q'),(3,'yandex','text'),(4,'ask.com','q'),(5,'nhl.com','q'),(6,'yahoo','p'),(7,'baidu','wd'),(8,'lycos','query'),(9,'exalead','q'),(10,'search.live','q'),(11,'voila','rdata'),(12,'altavista','q'),(13,'bing','q'),(14,'daum','q'),(15,'eniro','search_word'),(16,'naver','query'),(17,'msn','q'),(18,'netscape','query'),(19,'cnn','query'),(20,'about','terms'),(21,'mamma','query'),(22,'alltheweb','q'),(23,'virgilio','qs'),(24,'alice','qs'),(25,'najdi','q'),(26,'mama','query'),(27,'seznam','q'),(28,'onet','qt'),(29,'szukacz','q'),(30,'yam','k'),(31,'pchome','q'),(32,'kvasir','q'),(33,'sesam','q'),(34,'ozu','q'),(35,'terra','query'),(36,'mynet','q'),(37,'ekolay','q'),(38,'rambler','words');

--
-- Table structure for table `ps_search_index`
--

CREATE TABLE `ps_search_index` (
  `id_product` int(11) unsigned NOT NULL,
  `id_word` int(11) unsigned NOT NULL,
  `weight` smallint(4) unsigned NOT NULL DEFAULT '1',
  PRIMARY KEY (`id_word`,`id_product`),
  KEY `id_product` (`id_product`,`weight`)
) ENGINE=InnoDB DEFAULT CHARSET=utf8;

--
-- Dumping data for table `ps_search_index`
--

INSERT INTO `ps_search_index` VALUES (1,7,1),(1,8,1),(1,9,1),(1,10,1),(1,13,1),(1,14,1),(1,15,1),(1,16,1),(1,17,1),(1,19,1),(1,20,1),(1,21,1),(1,22,1),(1,23,1),(1,24,1),(1,27,1),(1,28,1),(1,29,1),(1,30,1),(1,31,1),(1,32,1),(1,33,1),(1,34,1),(1,35,1),(1,36,1),(1,37,1),(1,38,1),(1,39,1),(1,40,1),(1,41,1),(1,42,1),(1,43,1),(1,44,1),(1,45,1),(1,46,1),(1,47,1),(1,48,1),(1,49,1),(1,50,1),(1,52,2),(1,53,2),(1,11,3),(1,12,3),(1,18,3),(1,51,3),(1,25,4),(1,26,4),(1,2,6),(1,3,6),(1,4,6),(1,5,6),(1,1,7),(1,6,90),(2,7,1),(2,8,1),(2,9,1),(2,10,1),(2,14,1),(2,27,1),(2,28,1),(2,29,1),(2,30,1),(2,31,1),(2,32,1),(2,33,1),(2,34,1),(2,35,1),(2,36,1),(2,37,1),(2,38,1),(2,39,1),(2,40,1),(2,41,1),(2,42,1),(2,43,1),(2,44,1),(2,45,1),(2,46,1),(2,47,1),(2,48,1),(2,49,1),(2,50,1),(2,55,1),(2,56,1),(2,57,1),(2,58,1),(2,59,1),(2,12,3),(2,15,3),(2,18,3),(2,60,3),(2,25,4),(2,26,4),(2,1,6),(2,2,6),(2,54,6),(2,6,50),(3,2,1),(3,103,1),(3,106,1),(3,107,1),(3,108,1),(3,109,1),(3,110,1),(3,111,1),(3,112,1),(3,113,1),(3,114,1),(3,115,1),(3,116,1),(3,117,1),(3,118,1),(3,119,1),(3,120,1),(3,121,1),(3,122,1),(3,123,1),(3,124,1),(3,125,1),(3,126,1),(3,127,1),(3,128,1),(3,129,1),(3,133,2),(3,134,2),(3,135,2),(3,104,3),(3,105,3),(3,130,3),(3,131,3),(3,132,3),(3,98,7),(3,99,7),(3,100,7),(3,101,7),(3,102,7),(3,6,40),(4,2,1),(4,98,1),(4,99,1),(4,100,1),(4,103,1),(4,106,1),(4,107,1),(4,108,1),(4,109,1),(4,110,1),(4,111,1),(4,112,1),(4,113,1),(4,114,1),(4,115,1),(4,116,1),(4,117,1),(4,118,1),(4,119,1),(4,120,1),(4,121,1),(4,122,1),(4,123,1),(4,124,1),(4,125,1),(4,126,1),(4,127,1),(4,128,1),(4,129,1),(4,140,1),(4,105,2),(4,133,2),(4,134,2),(4,135,2),(4,104,3),(4,130,3),(4,131,3),(4,132,3),(4,138,6),(4,139,6),(4,101,7),(4,102,7),(4,6,40),(5,2,1),(5,98,1),(5,99,1),(5,100,1),(5,103,1),(5,106,1),(5,107,1),(5,108,1),(5,109,1),(5,110,1),(5,111,1),(5,112,1),(5,113,1),(5,114,1),(5,115,1),(5,116,1),(5,117,1),(5,118,1),(5,119,1),(5,120,1),(5,121,1),(5,122,1),(5,123,1),(5,124,1),(5,125,1),(5,126,1),(5,127,1),(5,128,1),(5,129,1),(5,140,1),(5,133,2),(5,134,2),(5,135,2),(5,104,3),(5,105,3),(5,130,3),(5,131,3),(5,132,3),(5,181,6),(5,182,6),(5,183,6),(5,101,7),(5,102,7),(5,6,40),(6,52,1),(6,183,1),(6,227,1),(6,228,1),(6,229,1),(6,230,1),(6,231,1),(6,232,1),(6,233,1),(6,234,1),(6,235,1),(6,236,1),(6,237,1),(6,238,1),(6,239,1),(6,240,1),(6,25,3),(6,26,3),(6,226,3),(6,241,3),(6,242,3),(6,98,7),(6,99,7),(6,100,7),(6,225,7),(6,6,10),(7,52,1),(7,183,1),(7,227,1),(7,232,1),(7,233,1),(7,234,1),(7,235,1),(7,236,1),(7,237,1),(7,238,1),(7,239,1),(7,240,1),(7,251,1),(7,252,1),(7,253,1),(7,254,1),(7,25,3),(7,26,3),(7,226,3),(7,241,3),(7,242,3),(7,138,7),(7,139,7),(7,225,7),(7,6,10),(8,52,1),(8,112,1),(8,227,1),(8,228,1),(8,232,1),(8,233,1),(8,234,1),(8,235,1),(8,236,1),(8,237,1),(8,238,1),(8,239,1),(8,240,1),(8,252,1),(8,276,1),(8,277,1),(8,278,1),(8,279,1),(8,25,3),(8,26,3),(8,226,3),(8,241,3),(8,242,3),(8,181,6),(8,182,7),(8,183,7),(8,225,7),(8,6,10),(9,18,1),(9,32,1),(9,55,1),(9,113,1),(9,131,1),(9,276,1),(9,277,1),(9,309,1),(9,310,1),(9,311,1),(9,312,1),(9,313,1),(9,314,1),(9,315,1),(9,316,1),(9,317,1),(9,318,1),(9,319,1),(9,320,1),(9,321,1),(9,322,1),(9,323,1),(9,324,1),(9,325,1),(9,52,2),(9,53,2),(9,25,3),(9,26,3),(9,241,3),(9,242,3),(9,307,3),(9,326,3),(9,308,4),(9,304,7),(9,305,7),(9,306,8),(9,6,30),(10,18,1),(10,32,1),(10,55,1),(10,113,1),(10,131,1),(10,276,1),(10,277,1),(10,309,1),(10,310,1),(10,311,1),(10,312,1),(10,313,1),(10,314,1),(10,315,1),(10,316,1),(10,317,1),(10,318,1),(10,319,1),(10,320,1),(10,321,1),(10,322,1),(10,323,1),(10,324,1),(10,325,1),(10,52,2),(10,53,2),(10,25,3),(10,26,3),(10,241,3),(10,242,3),(10,307,3),(10,326,3),(10,308,4),(10,341,7),(10,342,7),(10,306,8),(10,6,30),(11,18,1),(11,32,1),(11,55,1),(11,113,1),(11,131,1),(11,276,1),(11,277,1),(11,309,1),(11,310,1),(11,311,1),(11,312,1),(11,313,1),(11,314,1),(11,315,1),(11,316,1),(11,317,1),(11,318,1),(11,319,1),(11,320,1),(11,321,1),(11,322,1),(11,323,1),(11,324,1),(11,325,1),(11,52,2),(11,53,2),(11,25,3),(11,26,3),(11,241,3),(11,242,3),(11,307,3),(11,326,3),(11,308,4),(11,1,7),(11,306,8),(11,6,30),(12,43,1),(12,416,1),(12,417,1),(12,418,1),(12,419,1),(12,420,1),(12,421,1),(12,422,1),(12,423,1),(12,424,1),(12,425,1),(12,426,1),(12,427,1),(12,428,1),(12,429,1),(12,430,1),(12,431,1),(12,432,1),(12,433,1),(12,434,1),(12,435,1),(12,130,3),(12,132,3),(12,131,5),(12,415,6),(12,304,7),(12,305,7),(12,414,8),(12,6,10),(13,43,1),(13,304,1),(13,305,1),(13,416,1),(13,417,1),(13,418,1),(13,419,1),(13,420,1),(13,421,1),(13,422,1),(13,423,1),(13,424,1),(13,425,1),(13,426,1),(13,427,1),(13,428,1),(13,429,1),(13,430,1),(13,431,1),(13,432,1),(13,433,1),(13,434,1),(13,435,1),(13,130,3),(13,132,3),(13,131,5),(13,341,6),(13,342,6),(13,415,6),(13,414,8),(13,6,10),(14,43,1),(14,304,1),(14,305,1),(14,416,1),(14,417,1),(14,418,1),(14,419,1),(14,420,1),(14,421,1),(14,422,1),(14,423,1),(14,424,1),(14,425,1),(14,426,1),(14,427,1),(14,428,1),(14,429,1),(14,430,1),(14,431,1),(14,432,1),(14,433,1),(14,434,1),(14,435,1),(14,130,3),(14,132,3),(14,131,5),(14,1,6),(14,415,6),(14,414,8),(14,6,10),(15,133,1),(15,138,1),(15,139,1),(15,181,1),(15,182,1),(15,183,1),(15,241,3),(15,242,3),(15,504,6),(15,101,7),(15,102,7),(15,225,7),(15,6,10),(16,13,1),(16,26,1),(16,98,1),(16,105,1),(16,113,1),(16,241,1),(16,308,1),(16,519,1),(16,520,1),(16,523,1),(16,524,1),(16,525,1),(16,526,1),(16,527,1),(16,528,1),(16,529,1),(16,530,1),(16,531,1),(16,532,1),(16,533,1),(16,534,1),(16,535,1),(16,536,1),(16,537,1),(16,538,1),(16,539,1),(16,540,1),(16,542,2),(16,543,2),(16,544,2),(16,545,2),(16,546,2),(16,131,3),(16,132,3),(16,518,3),(16,521,3),(16,522,3),(16,541,3),(16,304,7),(16,305,7),(16,517,8),(16,6,50),(17,13,1),(17,26,1),(17,98,1),(17,105,1),(17,113,1),(17,241,1),(17,304,1),(17,305,1),(17,308,1),(17,519,1),(17,520,1),(17,523,1),(17,524,1),(17,525,1),(17,526,1),(17,527,1),(17,528,1),(17,529,1),(17,530,1),(17,531,1),(17,532,1),(17,533,1),(17,534,1),(17,535,1),(17,536,1),(17,537,1),(17,538,1),(17,539,1),(17,540,1),(17,542,2),(17,543,2),(17,544,2),(17,545,2),(17,546,2),(17,131,3),(17,132,3),(17,518,3),(17,521,3),(17,522,3),(17,541,3),(17,341,6),(17,342,6),(17,517,8),(17,6,50),(18,13,1),(18,26,1),(18,98,1),(18,105,1),(18,113,1),(18,241,1),(18,304,1),(18,305,1),(18,308,1),(18,519,1),(18,520,1),(18,523,1),(18,524,1),(18,525,1),(18,526,1),(18,527,1),(18,528,1),(18,529,1),(18,530,1),(18,531,1),(18,532,1),(18,533,1),(18,534,1),(18,535,1),(18,536,1),(18,537,1),(18,538,1),(18,539,1),(18,540,1),(18,542,2),(18,543,2),(18,544,2),(18,545,2),(18,546,2),(18,131,3),(18,132,3),(18,518,3),(18,521,3),(18,522,3),(18,541,3),(18,1,6),(18,517,8),(18,6,50),(19,52,1),(19,227,1),(19,279,1),(19,647,1),(19,648,1),(19,649,1),(19,650,1),(19,651,1),(19,652,1),(19,653,1),(19,654,1),(19,655,1),(19,25,3),(19,26,3),(19,226,3),(19,241,3),(19,242,3),(19,646,6),(19,225,8),(19,6,10);

--
-- Table structure for table `ps_search_word`
--

CREATE TABLE `ps_search_word` (
  `id_word` int(10) unsigned NOT NULL AUTO_INCREMENT,
  `id_shop` int(11) unsigned NOT NULL DEFAULT '1',
  `id_lang` int(10) unsigned NOT NULL,
  `word` varchar(15) NOT NULL,
  PRIMARY KEY (`id_word`),
  UNIQUE KEY `id_lang` (`id_lang`,`id_shop`,`word`)
) ENGINE=InnoDB AUTO_INCREMENT=656 DEFAULT CHARSET=utf8;

--
-- Dumping data for table `ps_search_word`
--

INSERT INTO `ps_search_word` VALUES (655,1,1,'---'),(236,1,1,'043kg'),(55,1,1,'100'),(518,1,1,'120'),(523,1,1,'16x22cm'),(227,1,1,'325ml'),(312,1,1,'32x32cm'),(133,1,1,'40x60cm'),(134,1,1,'60x90cm'),(135,1,1,'80x120cm'),(232,1,1,'82cm'),(234,1,1,'95cm'),(242,1,1,'accessories'),(276,1,1,'add'),(138,1,1,'adventure'),(111,1,1,'aesthethic'),(314,1,1,'armchair'),(130,1,1,'art'),(319,1,1,'atmosphere'),(311,1,1,'back'),(342,1,1,'bear'),(315,1,1,'bed'),(139,1,1,'begins'),(98,1,1,'best'),(540,1,1,'binding'),(53,1,1,'black'),(341,1,1,'brown'),(56,1,1,'brushed'),(522,1,1,'cardboard'),(226,1,1,'ceramic'),(654,1,1,'characters'),(39,1,1,'chino'),(649,1,1,'choice'),(30,1,1,'classic'),(252,1,1,'coffee'),(28,1,1,'collection'),(47,1,1,'color'),(32,1,1,'colorful'),(100,1,1,'come'),(59,1,1,'comfort'),(422,1,1,'commercial'),(254,1,1,'conquer'),(132,1,1,'corner'),(18,1,1,'cotton'),(308,1,1,'cover'),(316,1,1,'create'),(427,1,1,'creative'),(251,1,1,'cup'),(23,1,1,'curiosity'),(306,1,1,'cushion'),(426,1,1,'custom'),(646,1,1,'customizable'),(647,1,1,'customize'),(183,1,1,'day'),(21,1,1,'delicacy'),(6,1,1,'demo'),(125,1,1,'depth'),(26,1,1,'design'),(116,1,1,'desk'),(233,1,1,'diameter'),(237,1,1,'dishwasher'),(240,1,1,'dishwasher-proo'),(239,1,1,'dishwasherproof'),(545,1,1,'doted'),(538,1,1,'double'),(418,1,1,'download'),(530,1,1,'endearing'),(22,1,1,'evokes'),(46,1,1,'exceptional'),(14,1,1,'extra'),(29,1,1,'features'),(534,1,1,'feel'),(324,1,1,'filling'),(140,1,1,'finish'),(8,1,1,'fit'),(416,1,1,'format'),(305,1,1,'fox'),(122,1,1,'frame'),(101,1,1,'framed'),(108,1,1,'give'),(182,1,1,'good'),(131,1,1,'graphic'),(415,1,1,'graphics'),(115,1,1,'great'),(537,1,1,'gsm'),(49,1,1,'guaranteed'),(520,1,1,'hard'),(235,1,1,'height'),(241,1,1,'home'),(1,1,1,'hummingbird'),(325,1,1,'hypoallergenic'),(527,1,1,'ideas'),(429,1,1,'illustration'),(526,1,1,'ingenious'),(57,1,1,'inner'),(34,1,1,'inspired'),(320,1,1,'inspires'),(309,1,1,'invisible'),(36,1,1,'japanese'),(40,1,1,'jeans'),(24,1,1,'joy'),(20,1,1,'lightness'),(535,1,1,'like'),(435,1,1,'limitation'),(15,1,1,'long'),(114,1,1,'look'),(322,1,1,'machine'),(13,1,1,'made'),(533,1,1,'make'),(531,1,1,'manufacturing'),(104,1,1,'matt'),(652,1,1,'maximum'),(51,1,1,'men'),(650,1,1,'message'),(317,1,1,'modern'),(279,1,1,'mood'),(278,1,1,'morning'),(304,1,1,'mountain'),(225,1,1,'mug'),(10,1,1,'neckline'),(421,1,1,'non'),(425,1,1,'non-commercial'),(424,1,1,'noncommercial'),(517,1,1,'notebook'),(653,1,1,'number'),(119,1,1,'office'),(117,1,1,'open'),(128,1,1,'open-space'),(126,1,1,'openspace'),(112,1,1,'optimistic'),(524,1,1,'option'),(37,1,1,'origamis'),(50,1,1,'overtime'),(504,1,1,'pack'),(546,1,1,'pages'),(120,1,1,'painted'),(105,1,1,'paper'),(124,1,1,'partout'),(123,1,1,'passe'),(129,1,1,'passe-partout'),(127,1,1,'passepartout'),(33,1,1,'patterns'),(419,1,1,'personal'),(17,1,1,'pima'),(543,1,1,'plain'),(326,1,1,'polyester'),(27,1,1,'polyfaune'),(230,1,1,'positive'),(102,1,1,'poster'),(2,1,1,'printed'),(43,1,1,'printing'),(420,1,1,'private'),(44,1,1,'process'),(31,1,1,'products'),(428,1,1,'project'),(238,1,1,'proof'),(45,1,1,'provides'),(431,1,1,'purpose'),(532,1,1,'quality'),(651,1,1,'quote'),(521,1,1,'recycled'),(7,1,1,'regular'),(321,1,1,'relaxation'),(307,1,1,'removable'),(48,1,1,'rendering'),(229,1,1,'right'),(103,1,1,'rigid'),(9,1,1,'round'),(542,1,1,'ruled'),(253,1,1,'set'),(519,1,1,'sheets'),(3,1,1,'shirt'),(11,1,1,'short'),(58,1,1,'side'),(434,1,1,'size'),(12,1,1,'sleeves'),(106,1,1,'smooth'),(313,1,1,'sofa'),(118,1,1,'space'),(539,1,1,'spiral'),(544,1,1,'squarred'),(16,1,1,'staple'),(228,1,1,'start'),(541,1,1,'stationery'),(25,1,1,'studio'),(41,1,1,'sublimation'),(432,1,1,'support'),(107,1,1,'surface'),(417,1,1,'svg'),(54,1,1,'sweater'),(19,1,1,'symbol'),(5,1,1,'t-shirt'),(648,1,1,'text'),(42,1,1,'textile'),(231,1,1,'thought'),(181,1,1,'today'),(277,1,1,'touch'),(35,1,1,'traditional'),(529,1,1,'traveling'),(4,1,1,'tshirt'),(423,1,1,'use'),(430,1,1,'used'),(414,1,1,'vector'),(110,1,1,'voice'),(109,1,1,'walls'),(323,1,1,'washable'),(38,1,1,'wear'),(52,1,1,'white'),(113,1,1,'will'),(433,1,1,'without'),(60,1,1,'women'),(121,1,1,'wooden'),(528,1,1,'work'),(525,1,1,'write'),(536,1,1,'writing'),(99,1,1,'yet'),(318,1,1,'zen'),(310,1,1,'zip');

--
-- Table structure for table `ps_sekeyword`
--

CREATE TABLE `ps_sekeyword` (
  `id_sekeyword` int(10) unsigned NOT NULL AUTO_INCREMENT,
  `id_shop` int(10) unsigned NOT NULL DEFAULT '1',
  `id_shop_group` int(10) unsigned NOT NULL DEFAULT '1',
  `keyword` varchar(256) NOT NULL,
  `date_add` datetime NOT NULL,
  PRIMARY KEY (`id_sekeyword`)
) ENGINE=InnoDB DEFAULT CHARSET=utf8;

--
-- Dumping data for table `ps_sekeyword`
--


--
-- Table structure for table `ps_shop`
--

CREATE TABLE `ps_shop` (
  `id_shop` int(11) NOT NULL AUTO_INCREMENT,
  `id_shop_group` int(11) NOT NULL,
  `name` varchar(64) COLLATE utf8_unicode_ci NOT NULL,
  `id_category` int(11) NOT NULL,
  `theme_name` varchar(255) COLLATE utf8_unicode_ci NOT NULL,
  `active` tinyint(1) NOT NULL,
  `deleted` tinyint(1) NOT NULL,
  PRIMARY KEY (`id_shop`),
  KEY `IDX_CBDFBB9EF5C9E40` (`id_shop_group`)
) ENGINE=InnoDB AUTO_INCREMENT=2 DEFAULT CHARSET=utf8 COLLATE=utf8_unicode_ci;

--
-- Dumping data for table `ps_shop`
--

INSERT INTO `ps_shop` VALUES (1,1,'Flea Market Deals Online',2,'theme_juvento8',1,0);

--
-- Table structure for table `ps_shop_group`
--

CREATE TABLE `ps_shop_group` (
  `id_shop_group` int(11) NOT NULL AUTO_INCREMENT,
  `name` varchar(64) COLLATE utf8_unicode_ci NOT NULL,
  `share_customer` tinyint(1) NOT NULL,
  `share_order` tinyint(1) NOT NULL,
  `share_stock` tinyint(1) NOT NULL,
  `active` tinyint(1) NOT NULL,
  `deleted` tinyint(1) NOT NULL,
  PRIMARY KEY (`id_shop_group`)
) ENGINE=InnoDB AUTO_INCREMENT=2 DEFAULT CHARSET=utf8 COLLATE=utf8_unicode_ci;

--
-- Dumping data for table `ps_shop_group`
--

INSERT INTO `ps_shop_group` VALUES (1,'Default',0,0,0,1,0);

--
-- Table structure for table `ps_shop_url`
--

CREATE TABLE `ps_shop_url` (
  `id_shop_url` int(11) unsigned NOT NULL AUTO_INCREMENT,
  `id_shop` int(11) unsigned NOT NULL,
  `domain` varchar(150) NOT NULL,
  `domain_ssl` varchar(150) NOT NULL,
  `physical_uri` varchar(64) NOT NULL,
  `virtual_uri` varchar(64) NOT NULL,
  `main` tinyint(1) NOT NULL,
  `active` tinyint(1) NOT NULL,
  PRIMARY KEY (`id_shop_url`),
  UNIQUE KEY `full_shop_url` (`domain`,`physical_uri`,`virtual_uri`),
  UNIQUE KEY `full_shop_url_ssl` (`domain_ssl`,`physical_uri`,`virtual_uri`),
  KEY `id_shop` (`id_shop`,`main`)
) ENGINE=InnoDB AUTO_INCREMENT=2 DEFAULT CHARSET=utf8;

--
-- Dumping data for table `ps_shop_url`
--

INSERT INTO `ps_shop_url` VALUES (1,1,'www.fleamarketdealsonline.com','www.fleamarketdealsonline.com','/','',1,1);

--
-- Table structure for table `ps_smarty_cache`
--

CREATE TABLE `ps_smarty_cache` (
  `id_smarty_cache` char(40) NOT NULL,
  `name` char(40) NOT NULL,
  `cache_id` varchar(254) DEFAULT NULL,
  `modified` timestamp NOT NULL DEFAULT CURRENT_TIMESTAMP,
  `content` longtext NOT NULL,
  PRIMARY KEY (`id_smarty_cache`),
  KEY `name` (`name`),
  KEY `cache_id` (`cache_id`),
  KEY `modified` (`modified`)
) ENGINE=InnoDB DEFAULT CHARSET=utf8;

--
-- Dumping data for table `ps_smarty_cache`
--


--
-- Table structure for table `ps_smarty_last_flush`
--

CREATE TABLE `ps_smarty_last_flush` (
  `type` enum('compile','template') NOT NULL DEFAULT 'compile',
  `last_flush` datetime NOT NULL DEFAULT '0000-00-00 00:00:00',
  PRIMARY KEY (`type`)
) ENGINE=InnoDB DEFAULT CHARSET=utf8;

--
-- Dumping data for table `ps_smarty_last_flush`
--


--
-- Table structure for table `ps_smarty_lazy_cache`
--

CREATE TABLE `ps_smarty_lazy_cache` (
  `template_hash` varchar(32) NOT NULL DEFAULT '',
  `cache_id` varchar(255) NOT NULL DEFAULT '',
  `compile_id` varchar(32) NOT NULL DEFAULT '',
  `filepath` varchar(255) NOT NULL DEFAULT '',
  `last_update` datetime NOT NULL DEFAULT '0000-00-00 00:00:00',
  PRIMARY KEY (`template_hash`,`cache_id`,`compile_id`)
) ENGINE=InnoDB DEFAULT CHARSET=utf8;

--
-- Dumping data for table `ps_smarty_lazy_cache`
--


--
-- Table structure for table `ps_specific_price`
--

CREATE TABLE `ps_specific_price` (
  `id_specific_price` int(10) unsigned NOT NULL AUTO_INCREMENT,
  `id_specific_price_rule` int(11) unsigned NOT NULL,
  `id_cart` int(11) unsigned NOT NULL,
  `id_product` int(10) unsigned NOT NULL,
  `id_shop` int(11) unsigned NOT NULL DEFAULT '1',
  `id_shop_group` int(11) unsigned NOT NULL,
  `id_currency` int(10) unsigned NOT NULL,
  `id_country` int(10) unsigned NOT NULL,
  `id_group` int(10) unsigned NOT NULL,
  `id_customer` int(10) unsigned NOT NULL,
  `id_product_attribute` int(10) unsigned NOT NULL,
  `price` decimal(20,6) NOT NULL,
  `from_quantity` mediumint(8) unsigned NOT NULL,
  `reduction` decimal(20,6) NOT NULL,
  `reduction_tax` tinyint(1) NOT NULL DEFAULT '1',
  `reduction_type` enum('amount','percentage') NOT NULL,
  `from` datetime NOT NULL,
  `to` datetime NOT NULL,
  PRIMARY KEY (`id_specific_price`),
  UNIQUE KEY `id_product_2` (`id_product`,`id_product_attribute`,`id_customer`,`id_cart`,`from`,`to`,`id_shop`,`id_shop_group`,`id_currency`,`id_country`,`id_group`,`from_quantity`,`id_specific_price_rule`),
  KEY `id_product` (`id_product`,`id_shop`,`id_currency`,`id_country`,`id_group`,`id_customer`,`from_quantity`,`from`,`to`),
  KEY `from_quantity` (`from_quantity`),
  KEY `id_specific_price_rule` (`id_specific_price_rule`),
  KEY `id_cart` (`id_cart`),
  KEY `id_product_attribute` (`id_product_attribute`),
  KEY `id_shop` (`id_shop`),
  KEY `id_customer` (`id_customer`),
  KEY `from` (`from`),
  KEY `to` (`to`)
) ENGINE=InnoDB AUTO_INCREMENT=3 DEFAULT CHARSET=utf8;

--
-- Dumping data for table `ps_specific_price`
--

INSERT INTO `ps_specific_price` VALUES (1,0,0,1,0,0,0,0,0,0,0,-1.000000,1,0.200000,1,'percentage','0000-00-00 00:00:00','0000-00-00 00:00:00'),(2,0,0,2,0,0,0,0,0,0,0,-1.000000,1,0.200000,1,'percentage','0000-00-00 00:00:00','0000-00-00 00:00:00');

--
-- Table structure for table `ps_specific_price_priority`
--

CREATE TABLE `ps_specific_price_priority` (
  `id_specific_price_priority` int(11) NOT NULL AUTO_INCREMENT,
  `id_product` int(11) NOT NULL,
  `priority` varchar(80) NOT NULL,
  PRIMARY KEY (`id_specific_price_priority`,`id_product`),
  UNIQUE KEY `id_product` (`id_product`)
) ENGINE=InnoDB DEFAULT CHARSET=utf8;

--
-- Dumping data for table `ps_specific_price_priority`
--


--
-- Table structure for table `ps_specific_price_rule`
--

CREATE TABLE `ps_specific_price_rule` (
  `id_specific_price_rule` int(10) unsigned NOT NULL AUTO_INCREMENT,
  `name` varchar(255) NOT NULL,
  `id_shop` int(11) unsigned NOT NULL DEFAULT '1',
  `id_currency` int(10) unsigned NOT NULL,
  `id_country` int(10) unsigned NOT NULL,
  `id_group` int(10) unsigned NOT NULL,
  `from_quantity` mediumint(8) unsigned NOT NULL,
  `price` decimal(20,6) DEFAULT NULL,
  `reduction` decimal(20,6) NOT NULL,
  `reduction_tax` tinyint(1) NOT NULL DEFAULT '1',
  `reduction_type` enum('amount','percentage') NOT NULL,
  `from` datetime NOT NULL,
  `to` datetime NOT NULL,
  PRIMARY KEY (`id_specific_price_rule`),
  KEY `id_product` (`id_shop`,`id_currency`,`id_country`,`id_group`,`from_quantity`,`from`,`to`)
) ENGINE=InnoDB DEFAULT CHARSET=utf8;

--
-- Dumping data for table `ps_specific_price_rule`
--


--
-- Table structure for table `ps_specific_price_rule_condition`
--

CREATE TABLE `ps_specific_price_rule_condition` (
  `id_specific_price_rule_condition` int(11) unsigned NOT NULL AUTO_INCREMENT,
  `id_specific_price_rule_condition_group` int(11) unsigned NOT NULL,
  `type` varchar(255) NOT NULL,
  `value` varchar(255) NOT NULL,
  PRIMARY KEY (`id_specific_price_rule_condition`),
  KEY `id_specific_price_rule_condition_group` (`id_specific_price_rule_condition_group`)
) ENGINE=InnoDB DEFAULT CHARSET=utf8;

--
-- Dumping data for table `ps_specific_price_rule_condition`
--


--
-- Table structure for table `ps_specific_price_rule_condition_group`
--

CREATE TABLE `ps_specific_price_rule_condition_group` (
  `id_specific_price_rule_condition_group` int(11) unsigned NOT NULL AUTO_INCREMENT,
  `id_specific_price_rule` int(11) unsigned NOT NULL,
  PRIMARY KEY (`id_specific_price_rule_condition_group`,`id_specific_price_rule`)
) ENGINE=InnoDB DEFAULT CHARSET=utf8;

--
-- Dumping data for table `ps_specific_price_rule_condition_group`
--


--
-- Table structure for table `ps_state`
--

CREATE TABLE `ps_state` (
  `id_state` int(10) unsigned NOT NULL AUTO_INCREMENT,
  `id_country` int(11) unsigned NOT NULL,
  `id_zone` int(11) unsigned NOT NULL,
  `name` varchar(64) NOT NULL,
  `iso_code` varchar(7) NOT NULL,
  `tax_behavior` smallint(1) NOT NULL DEFAULT '0',
  `active` tinyint(1) NOT NULL DEFAULT '0',
  PRIMARY KEY (`id_state`),
  KEY `id_country` (`id_country`),
  KEY `name` (`name`),
  KEY `id_zone` (`id_zone`)
) ENGINE=InnoDB AUTO_INCREMENT=325 DEFAULT CHARSET=utf8;

--
-- Dumping data for table `ps_state`
--

INSERT INTO `ps_state` VALUES (1,21,2,'AA','AA',0,1),(2,21,2,'AE','AE',0,1),(3,21,2,'AP','AP',0,1),(4,21,2,'Alabama','AL',0,1),(5,21,2,'Alaska','AK',0,1),(6,21,2,'Arizona','AZ',0,1),(7,21,2,'Arkansas','AR',0,1),(8,21,2,'California','CA',0,1),(9,21,2,'Colorado','CO',0,1),(10,21,2,'Connecticut','CT',0,1),(11,21,2,'Delaware','DE',0,1),(12,21,2,'Florida','FL',0,1),(13,21,2,'Georgia','GA',0,1),(14,21,2,'Hawaii','HI',0,1),(15,21,2,'Idaho','ID',0,1),(16,21,2,'Illinois','IL',0,1),(17,21,2,'Indiana','IN',0,1),(18,21,2,'Iowa','IA',0,1),(19,21,2,'Kansas','KS',0,1),(20,21,2,'Kentucky','KY',0,1),(21,21,2,'Louisiana','LA',0,1),(22,21,2,'Maine','ME',0,1),(23,21,2,'Maryland','MD',0,1),(24,21,2,'Massachusetts','MA',0,1),(25,21,2,'Michigan','MI',0,1),(26,21,2,'Minnesota','MN',0,1),(27,21,2,'Mississippi','MS',0,1),(28,21,2,'Missouri','MO',0,1),(29,21,2,'Montana','MT',0,1),(30,21,2,'Nebraska','NE',0,1),(31,21,2,'Nevada','NV',0,1),(32,21,2,'New Hampshire','NH',0,1),(33,21,2,'New Jersey','NJ',0,1),(34,21,2,'New Mexico','NM',0,1),(35,21,2,'New York','NY',0,1),(36,21,2,'North Carolina','NC',0,1),(37,21,2,'North Dakota','ND',0,1),(38,21,2,'Ohio','OH',0,1),(39,21,2,'Oklahoma','OK',0,1),(40,21,2,'Oregon','OR',0,1),(41,21,2,'Pennsylvania','PA',0,1),(42,21,2,'Rhode Island','RI',0,1),(43,21,2,'South Carolina','SC',0,1),(44,21,2,'South Dakota','SD',0,1),(45,21,2,'Tennessee','TN',0,1),(46,21,2,'Texas','TX',0,1),(47,21,2,'Utah','UT',0,1),(48,21,2,'Vermont','VT',0,1),(49,21,2,'Virginia','VA',0,1),(50,21,2,'Washington','WA',0,1),(51,21,2,'West Virginia','WV',0,1),(52,21,2,'Wisconsin','WI',0,1),(53,21,2,'Wyoming','WY',0,1),(54,21,2,'Puerto Rico','PR',0,1),(55,21,2,'US Virgin Islands','VI',0,1),(56,21,2,'District of Columbia','DC',0,1),(57,145,2,'Aguascalientes','AGS',0,1),(58,145,2,'Baja California','BCN',0,1),(59,145,2,'Baja California Sur','BCS',0,1),(60,145,2,'Campeche','CAM',0,1),(61,145,2,'Chiapas','CHP',0,1),(62,145,2,'Chihuahua','CHH',0,1),(63,145,2,'Coahuila','COA',0,1),(64,145,2,'Colima','COL',0,1),(65,145,2,'Distrito Federal','DIF',0,1),(66,145,2,'Durango','DUR',0,1),(67,145,2,'Guanajuato','GUA',0,1),(68,145,2,'Guerrero','GRO',0,1),(69,145,2,'Hidalgo','HID',0,1),(70,145,2,'Jalisco','JAL',0,1),(71,145,2,'Estado de México','MEX',0,1),(72,145,2,'Michoacán','MIC',0,1),(73,145,2,'Morelos','MOR',0,1),(74,145,2,'Nayarit','NAY',0,1),(75,145,2,'Nuevo León','NLE',0,1),(76,145,2,'Oaxaca','OAX',0,1),(77,145,2,'Puebla','PUE',0,1),(78,145,2,'Querétaro','QUE',0,1),(79,145,2,'Quintana Roo','ROO',0,1),(80,145,2,'San Luis Potosí','SLP',0,1),(81,145,2,'Sinaloa','SIN',0,1),(82,145,2,'Sonora','SON',0,1),(83,145,2,'Tabasco','TAB',0,1),(84,145,2,'Tamaulipas','TAM',0,1),(85,145,2,'Tlaxcala','TLA',0,1),(86,145,2,'Veracruz','VER',0,1),(87,145,2,'Yucatán','YUC',0,1),(88,145,2,'Zacatecas','ZAC',0,1),(89,4,2,'Ontario','ON',0,1),(90,4,2,'Quebec','QC',0,1),(91,4,2,'British Columbia','BC',0,1),(92,4,2,'Alberta','AB',0,1),(93,4,2,'Manitoba','MB',0,1),(94,4,2,'Saskatchewan','SK',0,1),(95,4,2,'Nova Scotia','NS',0,1),(96,4,2,'New Brunswick','NB',0,1),(97,4,2,'Newfoundland and Labrador','NL',0,1),(98,4,2,'Prince Edward Island','PE',0,1),(99,4,2,'Northwest Territories','NT',0,1),(100,4,2,'Yukon','YT',0,1),(101,4,2,'Nunavut','NU',0,1),(102,44,6,'Buenos Aires','B',0,1),(103,44,6,'Catamarca','K',0,1),(104,44,6,'Chaco','H',0,1),(105,44,6,'Chubut','U',0,1),(106,44,6,'Ciudad de Buenos Aires','C',0,1),(107,44,6,'Córdoba','X',0,1),(108,44,6,'Corrientes','W',0,1),(109,44,6,'Entre Ríos','E',0,1),(110,44,6,'Formosa','P',0,1),(111,44,6,'Jujuy','Y',0,1),(112,44,6,'La Pampa','L',0,1),(113,44,6,'La Rioja','F',0,1),(114,44,6,'Mendoza','M',0,1),(115,44,6,'Misiones','N',0,1),(116,44,6,'Neuquén','Q',0,1),(117,44,6,'Río Negro','R',0,1),(118,44,6,'Salta','A',0,1),(119,44,6,'San Juan','J',0,1),(120,44,6,'San Luis','D',0,1),(121,44,6,'Santa Cruz','Z',0,1),(122,44,6,'Santa Fe','S',0,1),(123,44,6,'Santiago del Estero','G',0,1),(124,44,6,'Tierra del Fuego','V',0,1),(125,44,6,'Tucumán','T',0,1),(126,10,1,'Agrigento','AG',0,1),(127,10,1,'Alessandria','AL',0,1),(128,10,1,'Ancona','AN',0,1),(129,10,1,'Aosta','AO',0,1),(130,10,1,'Arezzo','AR',0,1),(131,10,1,'Ascoli Piceno','AP',0,1),(132,10,1,'Asti','AT',0,1),(133,10,1,'Avellino','AV',0,1),(134,10,1,'Bari','BA',0,1),(135,10,1,'Barletta-Andria-Trani','BT',0,1),(136,10,1,'Belluno','BL',0,1),(137,10,1,'Benevento','BN',0,1),(138,10,1,'Bergamo','BG',0,1),(139,10,1,'Biella','BI',0,1),(140,10,1,'Bologna','BO',0,1),(141,10,1,'Bolzano','BZ',0,1),(142,10,1,'Brescia','BS',0,1),(143,10,1,'Brindisi','BR',0,1),(144,10,1,'Cagliari','CA',0,1),(145,10,1,'Caltanissetta','CL',0,1),(146,10,1,'Campobasso','CB',0,1),(147,10,1,'Carbonia-Iglesias','CI',0,1),(148,10,1,'Caserta','CE',0,1),(149,10,1,'Catania','CT',0,1),(150,10,1,'Catanzaro','CZ',0,1),(151,10,1,'Chieti','CH',0,1),(152,10,1,'Como','CO',0,1),(153,10,1,'Cosenza','CS',0,1),(154,10,1,'Cremona','CR',0,1),(155,10,1,'Crotone','KR',0,1),(156,10,1,'Cuneo','CN',0,1),(157,10,1,'Enna','EN',0,1),(158,10,1,'Fermo','FM',0,1),(159,10,1,'Ferrara','FE',0,1),(160,10,1,'Firenze','FI',0,1),(161,10,1,'Foggia','FG',0,1),(162,10,1,'Forlì-Cesena','FC',0,1),(163,10,1,'Frosinone','FR',0,1),(164,10,1,'Genova','GE',0,1),(165,10,1,'Gorizia','GO',0,1),(166,10,1,'Grosseto','GR',0,1),(167,10,1,'Imperia','IM',0,1),(168,10,1,'Isernia','IS',0,1),(169,10,1,'L\'Aquila','AQ',0,1),(170,10,1,'La Spezia','SP',0,1),(171,10,1,'Latina','LT',0,1),(172,10,1,'Lecce','LE',0,1),(173,10,1,'Lecco','LC',0,1),(174,10,1,'Livorno','LI',0,1),(175,10,1,'Lodi','LO',0,1),(176,10,1,'Lucca','LU',0,1),(177,10,1,'Macerata','MC',0,1),(178,10,1,'Mantova','MN',0,1),(179,10,1,'Massa','MS',0,1),(180,10,1,'Matera','MT',0,1),(181,10,1,'Medio Campidano','VS',0,1),(182,10,1,'Messina','ME',0,1),(183,10,1,'Milano','MI',0,1),(184,10,1,'Modena','MO',0,1),(185,10,1,'Monza e della Brianza','MB',0,1),(186,10,1,'Napoli','NA',0,1),(187,10,1,'Novara','NO',0,1),(188,10,1,'Nuoro','NU',0,1),(189,10,1,'Ogliastra','OG',0,1),(190,10,1,'Olbia-Tempio','OT',0,1),(191,10,1,'Oristano','OR',0,1),(192,10,1,'Padova','PD',0,1),(193,10,1,'Palermo','PA',0,1),(194,10,1,'Parma','PR',0,1),(195,10,1,'Pavia','PV',0,1),(196,10,1,'Perugia','PG',0,1),(197,10,1,'Pesaro-Urbino','PU',0,1),(198,10,1,'Pescara','PE',0,1),(199,10,1,'Piacenza','PC',0,1),(200,10,1,'Pisa','PI',0,1),(201,10,1,'Pistoia','PT',0,1),(202,10,1,'Pordenone','PN',0,1),(203,10,1,'Potenza','PZ',0,1),(204,10,1,'Prato','PO',0,1),(205,10,1,'Ragusa','RG',0,1),(206,10,1,'Ravenna','RA',0,1),(207,10,1,'Reggio Calabria','RC',0,1),(208,10,1,'Reggio Emilia','RE',0,1),(209,10,1,'Rieti','RI',0,1),(210,10,1,'Rimini','RN',0,1),(211,10,1,'Roma','RM',0,1),(212,10,1,'Rovigo','RO',0,1),(213,10,1,'Salerno','SA',0,1),(214,10,1,'Sassari','SS',0,1),(215,10,1,'Savona','SV',0,1),(216,10,1,'Siena','SI',0,1),(217,10,1,'Siracusa','SR',0,1),(218,10,1,'Sondrio','SO',0,1),(219,10,1,'Taranto','TA',0,1),(220,10,1,'Teramo','TE',0,1),(221,10,1,'Terni','TR',0,1),(222,10,1,'Torino','TO',0,1),(223,10,1,'Trapani','TP',0,1),(224,10,1,'Trento','TN',0,1),(225,10,1,'Treviso','TV',0,1),(226,10,1,'Trieste','TS',0,1),(227,10,1,'Udine','UD',0,1),(228,10,1,'Varese','VA',0,1),(229,10,1,'Venezia','VE',0,1),(230,10,1,'Verbano-Cusio-Ossola','VB',0,1),(231,10,1,'Vercelli','VC',0,1),(232,10,1,'Verona','VR',0,1),(233,10,1,'Vibo Valentia','VV',0,1),(234,10,1,'Vicenza','VI',0,1),(235,10,1,'Viterbo','VT',0,1),(236,111,3,'Aceh','ID-AC',0,1),(237,111,3,'Bali','ID-BA',0,1),(238,111,3,'Banten','ID-BT',0,1),(239,111,3,'Bengkulu','ID-BE',0,1),(240,111,3,'Gorontalo','ID-GO',0,1),(241,111,3,'Jakarta','ID-JK',0,1),(242,111,3,'Jambi','ID-JA',0,1),(243,111,3,'Jawa Barat','ID-JB',0,1),(244,111,3,'Jawa Tengah','ID-JT',0,1),(245,111,3,'Jawa Timur','ID-JI',0,1),(246,111,3,'Kalimantan Barat','ID-KB',0,1),(247,111,3,'Kalimantan Selatan','ID-KS',0,1),(248,111,3,'Kalimantan Tengah','ID-KT',0,1),(249,111,3,'Kalimantan Timur','ID-KI',0,1),(250,111,3,'Kalimantan Utara','ID-KU',0,1),(251,111,3,'Kepulauan Bangka Belitug','ID-BB',0,1),(252,111,3,'Kepulauan Riau','ID-KR',0,1),(253,111,3,'Lampung','ID-LA',0,1),(254,111,3,'Maluku','ID-MA',0,1),(255,111,3,'Maluku Utara','ID-MU',0,1),(256,111,3,'Nusa Tengara Barat','ID-NB',0,1),(257,111,3,'Nusa Tenggara Timur','ID-NT',0,1),(258,111,3,'Papua','ID-PA',0,1),(259,111,3,'Papua Barat','ID-PB',0,1),(260,111,3,'Riau','ID-RI',0,1),(261,111,3,'Sulawesi Barat','ID-SR',0,1),(262,111,3,'Sulawesi Selatan','ID-SN',0,1),(263,111,3,'Sulawesi Tengah','ID-ST',0,1),(264,111,3,'Sulawesi Tenggara','ID-SG',0,1),(265,111,3,'Sulawesi Utara','ID-SA',0,1),(266,111,3,'Sumatera Barat','ID-SB',0,1),(267,111,3,'Sumatera Selatan','ID-SS',0,1),(268,111,3,'Sumatera Utara','ID-SU',0,1),(269,111,3,'Yogyakarta','ID-YO',0,1),(270,11,3,'Aichi','23',0,1),(271,11,3,'Akita','05',0,1),(272,11,3,'Aomori','02',0,1),(273,11,3,'Chiba','12',0,1),(274,11,3,'Ehime','38',0,1),(275,11,3,'Fukui','18',0,1),(276,11,3,'Fukuoka','40',0,1),(277,11,3,'Fukushima','07',0,1),(278,11,3,'Gifu','21',0,1),(279,11,3,'Gunma','10',0,1),(280,11,3,'Hiroshima','34',0,1),(281,11,3,'Hokkaido','01',0,1),(282,11,3,'Hyogo','28',0,1),(283,11,3,'Ibaraki','08',0,1),(284,11,3,'Ishikawa','17',0,1),(285,11,3,'Iwate','03',0,1),(286,11,3,'Kagawa','37',0,1),(287,11,3,'Kagoshima','46',0,1),(288,11,3,'Kanagawa','14',0,1),(289,11,3,'Kochi','39',0,1),(290,11,3,'Kumamoto','43',0,1),(291,11,3,'Kyoto','26',0,1),(292,11,3,'Mie','24',0,1),(293,11,3,'Miyagi','04',0,1),(294,11,3,'Miyazaki','45',0,1),(295,11,3,'Nagano','20',0,1),(296,11,3,'Nagasaki','42',0,1),(297,11,3,'Nara','29',0,1),(298,11,3,'Niigata','15',0,1),(299,11,3,'Oita','44',0,1),(300,11,3,'Okayama','33',0,1),(301,11,3,'Okinawa','47',0,1),(302,11,3,'Osaka','27',0,1),(303,11,3,'Saga','41',0,1),(304,11,3,'Saitama','11',0,1),(305,11,3,'Shiga','25',0,1),(306,11,3,'Shimane','32',0,1),(307,11,3,'Shizuoka','22',0,1),(308,11,3,'Tochigi','09',0,1),(309,11,3,'Tokushima','36',0,1),(310,11,3,'Tokyo','13',0,1),(311,11,3,'Tottori','31',0,1),(312,11,3,'Toyama','16',0,1),(313,11,3,'Wakayama','30',0,1),(314,11,3,'Yamagata','06',0,1),(315,11,3,'Yamaguchi','35',0,1),(316,11,3,'Yamanashi','19',0,1),(317,24,5,'Australian Capital Territory','ACT',0,1),(318,24,5,'New South Wales','NSW',0,1),(319,24,5,'Northern Territory','NT',0,1),(320,24,5,'Queensland','QLD',0,1),(321,24,5,'South Australia','SA',0,1),(322,24,5,'Tasmania','TAS',0,1),(323,24,5,'Victoria','VIC',0,1),(324,24,5,'Western Australia','WA',0,1);

--
-- Table structure for table `ps_statssearch`
--

CREATE TABLE `ps_statssearch` (
  `id_statssearch` int(10) unsigned NOT NULL AUTO_INCREMENT,
  `id_shop` int(10) unsigned NOT NULL DEFAULT '1',
  `id_shop_group` int(10) unsigned NOT NULL DEFAULT '1',
  `keywords` varchar(255) NOT NULL,
  `results` int(6) NOT NULL DEFAULT '0',
  `date_add` datetime NOT NULL,
  PRIMARY KEY (`id_statssearch`)
) ENGINE=InnoDB DEFAULT CHARSET=utf8;

--
-- Dumping data for table `ps_statssearch`
--


--
-- Table structure for table `ps_stock`
--

CREATE TABLE `ps_stock` (
  `id_stock` int(11) unsigned NOT NULL AUTO_INCREMENT,
  `id_warehouse` int(11) unsigned NOT NULL,
  `id_product` int(11) unsigned NOT NULL,
  `id_product_attribute` int(11) unsigned NOT NULL,
  `reference` varchar(64) NOT NULL,
  `ean13` varchar(13) DEFAULT NULL,
  `isbn` varchar(32) DEFAULT NULL,
  `upc` varchar(12) DEFAULT NULL,
  `physical_quantity` int(11) unsigned NOT NULL,
  `usable_quantity` int(11) unsigned NOT NULL,
  `price_te` decimal(20,6) DEFAULT '0.000000',
  PRIMARY KEY (`id_stock`),
  KEY `id_warehouse` (`id_warehouse`),
  KEY `id_product` (`id_product`),
  KEY `id_product_attribute` (`id_product_attribute`)
) ENGINE=InnoDB DEFAULT CHARSET=utf8;

--
-- Dumping data for table `ps_stock`
--


--
-- Table structure for table `ps_stock_available`
--

CREATE TABLE `ps_stock_available` (
  `id_stock_available` int(11) unsigned NOT NULL AUTO_INCREMENT,
  `id_product` int(11) unsigned NOT NULL,
  `id_product_attribute` int(11) unsigned NOT NULL,
  `id_shop` int(11) unsigned NOT NULL,
  `id_shop_group` int(11) unsigned NOT NULL,
  `quantity` int(10) NOT NULL DEFAULT '0',
  `physical_quantity` int(11) NOT NULL DEFAULT '0',
  `reserved_quantity` int(11) NOT NULL DEFAULT '0',
  `depends_on_stock` tinyint(1) unsigned NOT NULL DEFAULT '0',
  `out_of_stock` tinyint(1) unsigned NOT NULL DEFAULT '0',
  `location` varchar(255) NOT NULL DEFAULT '',
  PRIMARY KEY (`id_stock_available`),
  UNIQUE KEY `product_sqlstock` (`id_product`,`id_product_attribute`,`id_shop`,`id_shop_group`),
  KEY `id_shop` (`id_shop`),
  KEY `id_shop_group` (`id_shop_group`),
  KEY `id_product` (`id_product`),
  KEY `id_product_attribute` (`id_product_attribute`)
) ENGINE=InnoDB AUTO_INCREMENT=59 DEFAULT CHARSET=utf8;

--
-- Dumping data for table `ps_stock_available`
--

INSERT INTO `ps_stock_available` VALUES (1,1,0,1,0,2400,0,0,0,2,''),(2,2,0,1,0,2100,0,0,0,2,''),(3,3,0,1,0,1500,0,0,0,2,''),(4,4,0,1,0,1500,0,0,0,2,''),(5,5,0,1,0,900,0,0,0,2,''),(6,6,0,1,0,300,0,0,0,2,''),(7,7,0,1,0,300,0,0,0,2,''),(8,8,0,1,0,300,0,0,0,2,''),(9,9,0,1,0,600,0,0,0,2,''),(10,10,0,1,0,600,0,0,0,2,''),(11,11,0,1,0,600,0,0,0,2,''),(12,12,0,1,0,300,0,0,0,1,''),(13,13,0,1,0,300,0,0,0,1,''),(14,14,0,1,0,300,0,0,0,1,''),(15,15,0,1,0,100,0,0,0,2,''),(16,16,0,1,0,1200,0,0,0,2,''),(17,17,0,1,0,1200,0,0,0,2,''),(18,18,0,1,0,1200,0,0,0,2,''),(19,19,0,1,0,300,0,0,0,2,''),(20,1,1,1,0,300,0,0,0,2,''),(21,1,2,1,0,300,0,0,0,2,''),(22,1,3,1,0,300,0,0,0,2,''),(23,1,4,1,0,300,0,0,0,2,''),(24,1,5,1,0,300,0,0,0,2,''),(25,1,6,1,0,300,0,0,0,2,''),(26,1,7,1,0,300,0,0,0,2,''),(27,1,8,1,0,300,0,0,0,2,''),(28,2,9,1,0,1200,0,0,0,2,''),(29,2,10,1,0,300,0,0,0,2,''),(30,2,11,1,0,300,0,0,0,2,''),(31,2,12,1,0,300,0,0,0,2,''),(32,3,13,1,0,900,0,0,0,2,''),(33,3,14,1,0,300,0,0,0,2,''),(34,3,15,1,0,300,0,0,0,2,''),(35,4,16,1,0,900,0,0,0,2,''),(36,4,17,1,0,300,0,0,0,2,''),(37,4,18,1,0,300,0,0,0,2,''),(38,5,19,1,0,300,0,0,0,2,''),(39,5,20,1,0,300,0,0,0,2,''),(40,5,21,1,0,300,0,0,0,2,''),(41,9,22,1,0,300,0,0,0,2,''),(42,9,23,1,0,300,0,0,0,2,''),(43,10,24,1,0,300,0,0,0,2,''),(44,10,25,1,0,300,0,0,0,2,''),(45,11,26,1,0,300,0,0,0,2,''),(46,11,27,1,0,300,0,0,0,2,''),(47,16,28,1,0,300,0,0,0,2,''),(48,16,29,1,0,300,0,0,0,2,''),(49,16,30,1,0,300,0,0,0,2,''),(50,16,31,1,0,300,0,0,0,2,''),(51,17,32,1,0,300,0,0,0,2,''),(52,17,33,1,0,300,0,0,0,2,''),(53,17,34,1,0,300,0,0,0,2,''),(54,17,35,1,0,300,0,0,0,2,''),(55,18,36,1,0,300,0,0,0,2,''),(56,18,37,1,0,300,0,0,0,2,''),(57,18,38,1,0,300,0,0,0,2,''),(58,18,39,1,0,300,0,0,0,2,'');

--
-- Table structure for table `ps_stock_mvt`
--

CREATE TABLE `ps_stock_mvt` (
  `id_stock_mvt` bigint(20) NOT NULL AUTO_INCREMENT,
  `id_stock` int(11) NOT NULL,
  `id_order` int(11) DEFAULT NULL,
  `id_supply_order` int(11) DEFAULT NULL,
  `id_stock_mvt_reason` int(11) NOT NULL,
  `id_employee` int(11) NOT NULL,
  `employee_lastname` varchar(32) COLLATE utf8_unicode_ci DEFAULT NULL,
  `employee_firstname` varchar(32) COLLATE utf8_unicode_ci DEFAULT NULL,
  `physical_quantity` int(11) NOT NULL,
  `date_add` datetime NOT NULL,
  `sign` smallint(6) NOT NULL DEFAULT '1',
  `price_te` decimal(20,6) DEFAULT '0.000000',
  `last_wa` decimal(20,6) DEFAULT '0.000000',
  `current_wa` decimal(20,6) DEFAULT '0.000000',
  `referer` bigint(20) DEFAULT NULL,
  PRIMARY KEY (`id_stock_mvt`),
  KEY `id_stock` (`id_stock`),
  KEY `id_stock_mvt_reason` (`id_stock_mvt_reason`)
) ENGINE=InnoDB DEFAULT CHARSET=utf8 COLLATE=utf8_unicode_ci;

--
-- Dumping data for table `ps_stock_mvt`
--


--
-- Table structure for table `ps_stock_mvt_reason`
--

CREATE TABLE `ps_stock_mvt_reason` (
  `id_stock_mvt_reason` int(11) unsigned NOT NULL AUTO_INCREMENT,
  `sign` tinyint(1) NOT NULL DEFAULT '1',
  `date_add` datetime NOT NULL,
  `date_upd` datetime NOT NULL,
  `deleted` tinyint(1) unsigned NOT NULL DEFAULT '0',
  PRIMARY KEY (`id_stock_mvt_reason`)
) ENGINE=InnoDB AUTO_INCREMENT=13 DEFAULT CHARSET=utf8;

--
-- Dumping data for table `ps_stock_mvt_reason`
--

INSERT INTO `ps_stock_mvt_reason` VALUES (1,1,'2019-11-13 12:25:52','2019-11-13 12:25:52',0),(2,-1,'2019-11-13 12:25:52','2019-11-13 12:25:52',0),(3,-1,'2019-11-13 12:25:52','2019-11-13 12:25:52',0),(4,-1,'2019-11-13 12:25:52','2019-11-13 12:25:52',0),(5,1,'2019-11-13 12:25:52','2019-11-13 12:25:52',0),(6,-1,'2019-11-13 12:25:52','2019-11-13 12:25:52',0),(7,1,'2019-11-13 12:25:52','2019-11-13 12:25:52',0),(8,1,'2019-11-13 12:25:52','2019-11-13 12:25:52',0),(9,1,'2019-11-13 12:25:52','2019-11-13 12:25:52',0),(10,1,'2019-11-13 12:25:52','2019-11-13 12:25:52',0),(11,1,'2019-11-13 12:25:52','2019-11-13 12:25:52',0),(12,-1,'2019-11-13 12:25:52','2019-11-13 12:25:52',0);

--
-- Table structure for table `ps_stock_mvt_reason_lang`
--

CREATE TABLE `ps_stock_mvt_reason_lang` (
  `id_stock_mvt_reason` int(11) unsigned NOT NULL,
  `id_lang` int(11) unsigned NOT NULL,
  `name` varchar(255) NOT NULL,
  PRIMARY KEY (`id_stock_mvt_reason`,`id_lang`)
) ENGINE=InnoDB DEFAULT CHARSET=utf8;

--
-- Dumping data for table `ps_stock_mvt_reason_lang`
--

INSERT INTO `ps_stock_mvt_reason_lang` VALUES (1,1,'Increase'),(2,1,'Decrease'),(3,1,'Customer Order'),(4,1,'Regulation following an inventory of stock'),(5,1,'Regulation following an inventory of stock'),(6,1,'Transfer to another warehouse'),(7,1,'Transfer from another warehouse'),(8,1,'Supply Order'),(9,1,'Customer Order'),(10,1,'Product return'),(11,1,'Employee Edition'),(12,1,'Employee Edition');

--
-- Table structure for table `ps_store`
--

CREATE TABLE `ps_store` (
  `id_store` int(10) unsigned NOT NULL AUTO_INCREMENT,
  `id_country` int(10) unsigned NOT NULL,
  `id_state` int(10) unsigned DEFAULT NULL,
  `city` varchar(64) NOT NULL,
  `postcode` varchar(12) NOT NULL,
  `latitude` decimal(13,8) DEFAULT NULL,
  `longitude` decimal(13,8) DEFAULT NULL,
  `phone` varchar(16) DEFAULT NULL,
  `fax` varchar(16) DEFAULT NULL,
  `email` varchar(255) DEFAULT NULL,
  `active` tinyint(1) unsigned NOT NULL DEFAULT '0',
  `date_add` datetime NOT NULL,
  `date_upd` datetime NOT NULL,
  PRIMARY KEY (`id_store`)
) ENGINE=InnoDB DEFAULT CHARSET=utf8;

--
-- Dumping data for table `ps_store`
--


--
-- Table structure for table `ps_store_lang`
--

CREATE TABLE `ps_store_lang` (
  `id_store` int(11) unsigned NOT NULL,
  `id_lang` int(11) unsigned NOT NULL,
  `name` varchar(255) NOT NULL,
  `address1` varchar(255) NOT NULL,
  `address2` varchar(255) DEFAULT NULL,
  `hours` text,
  `note` text,
  PRIMARY KEY (`id_store`,`id_lang`)
) ENGINE=InnoDB DEFAULT CHARSET=utf8;

--
-- Dumping data for table `ps_store_lang`
--


--
-- Table structure for table `ps_store_shop`
--

CREATE TABLE `ps_store_shop` (
  `id_store` int(11) unsigned NOT NULL,
  `id_shop` int(11) unsigned NOT NULL,
  PRIMARY KEY (`id_store`,`id_shop`),
  KEY `id_shop` (`id_shop`)
) ENGINE=InnoDB DEFAULT CHARSET=utf8;

--
-- Dumping data for table `ps_store_shop`
--


--
-- Table structure for table `ps_supplier`
--

CREATE TABLE `ps_supplier` (
  `id_supplier` int(10) unsigned NOT NULL AUTO_INCREMENT,
  `name` varchar(64) NOT NULL,
  `date_add` datetime NOT NULL,
  `date_upd` datetime NOT NULL,
  `active` tinyint(1) NOT NULL DEFAULT '0',
  PRIMARY KEY (`id_supplier`)
) ENGINE=InnoDB DEFAULT CHARSET=utf8;

--
-- Dumping data for table `ps_supplier`
--


--
-- Table structure for table `ps_supplier_lang`
--

CREATE TABLE `ps_supplier_lang` (
  `id_supplier` int(10) unsigned NOT NULL,
  `id_lang` int(10) unsigned NOT NULL,
  `description` text,
  `meta_title` varchar(255) DEFAULT NULL,
  `meta_keywords` varchar(255) DEFAULT NULL,
  `meta_description` varchar(512) DEFAULT NULL,
  PRIMARY KEY (`id_supplier`,`id_lang`)
) ENGINE=InnoDB DEFAULT CHARSET=utf8;

--
-- Dumping data for table `ps_supplier_lang`
--


--
-- Table structure for table `ps_supplier_shop`
--

CREATE TABLE `ps_supplier_shop` (
  `id_supplier` int(11) unsigned NOT NULL,
  `id_shop` int(11) unsigned NOT NULL,
  PRIMARY KEY (`id_supplier`,`id_shop`),
  KEY `id_shop` (`id_shop`)
) ENGINE=InnoDB DEFAULT CHARSET=utf8;

--
-- Dumping data for table `ps_supplier_shop`
--


--
-- Table structure for table `ps_supply_order`
--

CREATE TABLE `ps_supply_order` (
  `id_supply_order` int(11) unsigned NOT NULL AUTO_INCREMENT,
  `id_supplier` int(11) unsigned NOT NULL,
  `supplier_name` varchar(64) NOT NULL,
  `id_lang` int(11) unsigned NOT NULL,
  `id_warehouse` int(11) unsigned NOT NULL,
  `id_supply_order_state` int(11) unsigned NOT NULL,
  `id_currency` int(11) unsigned NOT NULL,
  `id_ref_currency` int(11) unsigned NOT NULL,
  `reference` varchar(64) NOT NULL,
  `date_add` datetime NOT NULL,
  `date_upd` datetime NOT NULL,
  `date_delivery_expected` datetime DEFAULT NULL,
  `total_te` decimal(20,6) DEFAULT '0.000000',
  `total_with_discount_te` decimal(20,6) DEFAULT '0.000000',
  `total_tax` decimal(20,6) DEFAULT '0.000000',
  `total_ti` decimal(20,6) DEFAULT '0.000000',
  `discount_rate` decimal(20,6) DEFAULT '0.000000',
  `discount_value_te` decimal(20,6) DEFAULT '0.000000',
  `is_template` tinyint(1) DEFAULT '0',
  PRIMARY KEY (`id_supply_order`),
  KEY `id_supplier` (`id_supplier`),
  KEY `id_warehouse` (`id_warehouse`),
  KEY `reference` (`reference`)
) ENGINE=InnoDB DEFAULT CHARSET=utf8;

--
-- Dumping data for table `ps_supply_order`
--


--
-- Table structure for table `ps_supply_order_detail`
--

CREATE TABLE `ps_supply_order_detail` (
  `id_supply_order_detail` int(11) unsigned NOT NULL AUTO_INCREMENT,
  `id_supply_order` int(11) unsigned NOT NULL,
  `id_currency` int(11) unsigned NOT NULL,
  `id_product` int(11) unsigned NOT NULL,
  `id_product_attribute` int(11) unsigned NOT NULL,
  `reference` varchar(64) NOT NULL,
  `supplier_reference` varchar(64) NOT NULL,
  `name` varchar(128) NOT NULL,
  `ean13` varchar(13) DEFAULT NULL,
  `isbn` varchar(32) DEFAULT NULL,
  `upc` varchar(12) DEFAULT NULL,
  `exchange_rate` decimal(20,6) DEFAULT '0.000000',
  `unit_price_te` decimal(20,6) DEFAULT '0.000000',
  `quantity_expected` int(11) unsigned NOT NULL,
  `quantity_received` int(11) unsigned NOT NULL,
  `price_te` decimal(20,6) DEFAULT '0.000000',
  `discount_rate` decimal(20,6) DEFAULT '0.000000',
  `discount_value_te` decimal(20,6) DEFAULT '0.000000',
  `price_with_discount_te` decimal(20,6) DEFAULT '0.000000',
  `tax_rate` decimal(20,6) DEFAULT '0.000000',
  `tax_value` decimal(20,6) DEFAULT '0.000000',
  `price_ti` decimal(20,6) DEFAULT '0.000000',
  `tax_value_with_order_discount` decimal(20,6) DEFAULT '0.000000',
  `price_with_order_discount_te` decimal(20,6) DEFAULT '0.000000',
  PRIMARY KEY (`id_supply_order_detail`),
  KEY `id_supply_order` (`id_supply_order`,`id_product`),
  KEY `id_product_attribute` (`id_product_attribute`),
  KEY `id_product_product_attribute` (`id_product`,`id_product_attribute`)
) ENGINE=InnoDB DEFAULT CHARSET=utf8;

--
-- Dumping data for table `ps_supply_order_detail`
--


--
-- Table structure for table `ps_supply_order_history`
--

CREATE TABLE `ps_supply_order_history` (
  `id_supply_order_history` int(11) unsigned NOT NULL AUTO_INCREMENT,
  `id_supply_order` int(11) unsigned NOT NULL,
  `id_employee` int(11) unsigned NOT NULL,
  `employee_lastname` varchar(255) DEFAULT '',
  `employee_firstname` varchar(255) DEFAULT '',
  `id_state` int(11) unsigned NOT NULL,
  `date_add` datetime NOT NULL,
  PRIMARY KEY (`id_supply_order_history`),
  KEY `id_supply_order` (`id_supply_order`),
  KEY `id_employee` (`id_employee`),
  KEY `id_state` (`id_state`)
) ENGINE=InnoDB DEFAULT CHARSET=utf8;

--
-- Dumping data for table `ps_supply_order_history`
--


--
-- Table structure for table `ps_supply_order_receipt_history`
--

CREATE TABLE `ps_supply_order_receipt_history` (
  `id_supply_order_receipt_history` int(11) unsigned NOT NULL AUTO_INCREMENT,
  `id_supply_order_detail` int(11) unsigned NOT NULL,
  `id_employee` int(11) unsigned NOT NULL,
  `employee_lastname` varchar(255) DEFAULT '',
  `employee_firstname` varchar(255) DEFAULT '',
  `id_supply_order_state` int(11) unsigned NOT NULL,
  `quantity` int(11) unsigned NOT NULL,
  `date_add` datetime NOT NULL,
  PRIMARY KEY (`id_supply_order_receipt_history`),
  KEY `id_supply_order_detail` (`id_supply_order_detail`),
  KEY `id_supply_order_state` (`id_supply_order_state`)
) ENGINE=InnoDB DEFAULT CHARSET=utf8;

--
-- Dumping data for table `ps_supply_order_receipt_history`
--


--
-- Table structure for table `ps_supply_order_state`
--

CREATE TABLE `ps_supply_order_state` (
  `id_supply_order_state` int(11) unsigned NOT NULL AUTO_INCREMENT,
  `delivery_note` tinyint(1) NOT NULL DEFAULT '0',
  `editable` tinyint(1) NOT NULL DEFAULT '0',
  `receipt_state` tinyint(1) NOT NULL DEFAULT '0',
  `pending_receipt` tinyint(1) NOT NULL DEFAULT '0',
  `enclosed` tinyint(1) NOT NULL DEFAULT '0',
  `color` varchar(32) DEFAULT NULL,
  PRIMARY KEY (`id_supply_order_state`)
) ENGINE=InnoDB AUTO_INCREMENT=7 DEFAULT CHARSET=utf8;

--
-- Dumping data for table `ps_supply_order_state`
--

INSERT INTO `ps_supply_order_state` VALUES (1,0,1,0,0,0,'#faab00'),(2,1,0,0,0,0,'#273cff'),(3,0,0,0,1,0,'#ff37f5'),(4,0,0,1,1,0,'#ff3e33'),(5,0,0,1,0,1,'#00d60c'),(6,0,0,0,0,1,'#666666');

--
-- Table structure for table `ps_supply_order_state_lang`
--

CREATE TABLE `ps_supply_order_state_lang` (
  `id_supply_order_state` int(11) unsigned NOT NULL,
  `id_lang` int(11) unsigned NOT NULL,
  `name` varchar(128) DEFAULT NULL,
  PRIMARY KEY (`id_supply_order_state`,`id_lang`)
) ENGINE=InnoDB DEFAULT CHARSET=utf8;

--
-- Dumping data for table `ps_supply_order_state_lang`
--

INSERT INTO `ps_supply_order_state_lang` VALUES (1,1,'1 - Creation in progress'),(2,1,'2 - Order validated'),(3,1,'3 - Pending receipt'),(4,1,'4 - Order received in part'),(5,1,'5 - Order received completely'),(6,1,'6 - Order canceled');

--
-- Table structure for table `ps_tab`
--

CREATE TABLE `ps_tab` (
  `id_tab` int(11) NOT NULL AUTO_INCREMENT,
  `id_parent` int(11) NOT NULL,
  `position` int(11) NOT NULL,
  `module` varchar(64) COLLATE utf8_unicode_ci DEFAULT NULL,
  `class_name` varchar(64) COLLATE utf8_unicode_ci DEFAULT NULL,
  `active` tinyint(1) NOT NULL,
  `hide_host_mode` tinyint(1) NOT NULL,
  `icon` varchar(32) COLLATE utf8_unicode_ci DEFAULT NULL,
  PRIMARY KEY (`id_tab`)
) ENGINE=InnoDB AUTO_INCREMENT=151 DEFAULT CHARSET=utf8 COLLATE=utf8_unicode_ci;

--
-- Dumping data for table `ps_tab`
--

INSERT INTO `ps_tab` VALUES (1,0,1,NULL,'AdminDashboard',1,0,'trending_up'),(2,0,2,NULL,'SELL',1,0,''),(3,2,0,NULL,'AdminParentOrders',1,0,'shopping_basket'),(4,3,0,NULL,'AdminOrders',1,0,''),(5,3,1,NULL,'AdminInvoices',1,0,''),(6,3,2,NULL,'AdminSlip',1,0,''),(7,3,3,NULL,'AdminDeliverySlip',1,0,''),(8,3,4,NULL,'AdminCarts',1,0,''),(9,2,1,NULL,'AdminCatalog',1,0,'store'),(10,9,0,NULL,'AdminProducts',1,0,''),(11,9,1,NULL,'AdminCategories',1,0,''),(12,9,2,NULL,'AdminTracking',1,0,''),(13,9,3,NULL,'AdminParentAttributesGroups',1,0,''),(14,13,0,NULL,'AdminAttributesGroups',1,0,''),(15,13,1,NULL,'AdminFeatures',1,0,''),(16,9,4,NULL,'AdminParentManufacturers',1,0,''),(17,16,0,NULL,'AdminManufacturers',1,0,''),(18,16,1,NULL,'AdminSuppliers',1,0,''),(19,9,5,NULL,'AdminAttachments',1,0,''),(20,9,6,NULL,'AdminParentCartRules',1,0,''),(21,20,0,NULL,'AdminCartRules',1,0,''),(22,20,1,NULL,'AdminSpecificPriceRule',1,0,''),(23,9,7,NULL,'AdminStockManagement',1,0,''),(24,2,2,NULL,'AdminParentCustomer',1,0,'account_circle'),(25,24,0,NULL,'AdminCustomers',1,0,''),(26,24,1,NULL,'AdminAddresses',1,0,''),(27,24,2,NULL,'AdminOutstanding',0,0,''),(28,2,3,NULL,'AdminParentCustomerThreads',1,0,'chat'),(29,28,0,NULL,'AdminCustomerThreads',1,0,''),(30,28,1,NULL,'AdminOrderMessage',1,0,''),(31,28,2,NULL,'AdminReturn',1,0,''),(32,2,4,NULL,'AdminStats',1,0,'assessment'),(33,2,5,NULL,'AdminStock',1,0,'store'),(34,33,0,NULL,'AdminWarehouses',1,0,''),(35,33,1,NULL,'AdminParentStockManagement',1,0,''),(36,35,0,NULL,'AdminStockManagement',1,0,''),(37,36,0,NULL,'AdminStockMvt',1,0,''),(38,36,1,NULL,'AdminStockInstantState',1,0,''),(39,36,2,NULL,'AdminStockCover',1,0,''),(40,33,2,NULL,'AdminSupplyOrders',1,0,''),(41,33,3,NULL,'AdminStockConfiguration',1,0,''),(42,0,3,NULL,'IMPROVE',1,0,''),(43,42,0,NULL,'AdminParentModulesSf',1,0,'extension'),(44,43,0,NULL,'AdminModulesSf',1,0,''),(45,44,0,NULL,'AdminModulesManage',1,0,''),(46,44,1,NULL,'AdminModulesNotifications',1,0,''),(47,44,2,NULL,'AdminModulesUpdates',1,0,''),(48,43,1,NULL,'AdminParentModulesCatalog',1,0,''),(49,48,0,'','AdminModulesCatalog',0,0,''),(50,48,1,NULL,'AdminAddonsCatalog',1,0,''),(51,43,2,NULL,'AdminModules',0,0,''),(52,42,1,NULL,'AdminParentThemes',1,0,'desktop_mac'),(53,126,1,'','AdminThemes',1,0,''),(54,52,1,'','AdminThemesCatalog',0,0,''),(55,52,2,NULL,'AdminMailThemeParent',1,0,''),(56,55,0,NULL,'AdminMailTheme',1,0,''),(57,52,3,NULL,'AdminCmsContent',1,0,''),(58,52,4,NULL,'AdminModulesPositions',1,0,''),(59,52,5,NULL,'AdminImages',1,0,''),(60,42,2,NULL,'AdminParentShipping',1,0,'local_shipping'),(61,60,0,NULL,'AdminCarriers',1,0,''),(62,60,1,NULL,'AdminShipping',1,0,''),(63,42,3,NULL,'AdminParentPayment',1,0,'payment'),(64,63,0,NULL,'AdminPayment',1,0,''),(65,63,1,NULL,'AdminPaymentPreferences',1,0,''),(66,42,4,NULL,'AdminInternational',1,0,'language'),(67,66,0,NULL,'AdminParentLocalization',1,0,''),(68,67,0,NULL,'AdminLocalization',1,0,''),(69,67,1,NULL,'AdminLanguages',1,0,''),(70,67,2,NULL,'AdminCurrencies',1,0,''),(71,67,3,NULL,'AdminGeolocation',1,0,''),(72,66,1,NULL,'AdminParentCountries',1,0,''),(73,72,0,NULL,'AdminZones',1,0,''),(74,72,1,NULL,'AdminCountries',1,0,''),(75,72,2,NULL,'AdminStates',1,0,''),(76,66,2,NULL,'AdminParentTaxes',1,0,''),(77,76,0,NULL,'AdminTaxes',1,0,''),(78,76,1,NULL,'AdminTaxRulesGroup',1,0,''),(79,66,3,NULL,'AdminTranslations',1,0,''),(80,0,4,NULL,'CONFIGURE',1,0,''),(81,80,0,NULL,'ShopParameters',1,0,'settings'),(82,81,0,NULL,'AdminParentPreferences',1,0,''),(83,82,0,NULL,'AdminPreferences',1,0,''),(84,82,1,NULL,'AdminMaintenance',1,0,''),(85,81,1,NULL,'AdminParentOrderPreferences',1,0,''),(86,85,0,NULL,'AdminOrderPreferences',1,0,''),(87,85,1,NULL,'AdminStatuses',1,0,''),(88,81,2,NULL,'AdminPPreferences',1,0,''),(89,81,3,NULL,'AdminParentCustomerPreferences',1,0,''),(90,89,0,NULL,'AdminCustomerPreferences',1,0,''),(91,89,1,NULL,'AdminGroups',1,0,''),(92,89,2,NULL,'AdminGenders',1,0,''),(93,81,4,NULL,'AdminParentStores',1,0,''),(94,93,0,NULL,'AdminContacts',1,0,''),(95,93,1,NULL,'AdminStores',1,0,''),(96,81,5,NULL,'AdminParentMeta',1,0,''),(97,96,0,NULL,'AdminMeta',1,0,''),(98,96,1,NULL,'AdminSearchEngines',1,0,''),(99,96,2,NULL,'AdminReferrers',1,0,''),(100,81,6,NULL,'AdminParentSearchConf',1,0,''),(101,100,0,NULL,'AdminSearchConf',1,0,''),(102,100,1,NULL,'AdminTags',1,0,''),(103,80,1,NULL,'AdminAdvancedParameters',1,0,'settings_applications'),(104,103,0,NULL,'AdminInformation',1,0,''),(105,103,1,NULL,'AdminPerformance',1,0,''),(106,103,2,NULL,'AdminAdminPreferences',1,0,''),(107,103,3,NULL,'AdminEmails',1,0,''),(108,103,4,NULL,'AdminImport',1,0,''),(109,103,5,NULL,'AdminParentEmployees',1,0,''),(110,109,0,NULL,'AdminEmployees',1,0,''),(111,109,1,NULL,'AdminProfiles',1,0,''),(112,109,2,NULL,'AdminAccess',1,0,''),(113,103,6,NULL,'AdminParentRequestSql',1,0,''),(114,113,0,NULL,'AdminRequestSql',1,0,''),(115,113,1,NULL,'AdminBackup',1,0,''),(116,103,7,NULL,'AdminLogs',1,0,''),(117,103,8,NULL,'AdminWebservice',1,0,''),(118,103,9,NULL,'AdminShopGroup',0,0,''),(119,103,10,NULL,'AdminShopUrl',0,0,''),(120,-1,0,NULL,'AdminQuickAccesses',1,0,''),(121,0,5,NULL,'DEFAULT',1,0,''),(122,-1,1,NULL,'AdminPatterns',1,0,''),(123,-1,2,'dashgoals','AdminDashgoals',1,0,''),(124,-1,3,'ps_faviconnotificationbo','AdminAjaxFaviconBO',1,0,''),(125,52,6,'ps_linklist','AdminLinkWidget',1,0,''),(126,52,0,'','AdminThemesParent',1,0,''),(127,126,2,'ps_themecusto','AdminPsThemeCustoConfiguration',1,0,''),(128,126,3,'ps_themecusto','AdminPsThemeCustoAdvanced',1,0,''),(129,0,6,'welcome','AdminWelcome',1,0,''),(130,81,7,'gamification','AdminGamification',1,0,''),(131,-1,4,'psgdpr','AdminAjaxPsgdpr',1,0,''),(132,-1,5,'psgdpr','AdminDownloadInvoicesPsgdpr',1,0,''),(133,48,0,'ps_mbo','AdminPsMboModule',1,0,''),(134,52,1,'ps_mbo','AdminPsMboTheme',1,0,''),(135,-1,6,'ps_buybuttonlite','AdminAjaxPs_buybuttonlite',1,0,''),(136,0,7,'poslogo','AdminPosMenu',1,0,''),(137,136,1,'poslogo','AdminPosLogo',1,0,''),(138,-1,7,'posslideshows','AdminPosslideshows',1,0,''),(141,136,2,'postestimonials','AdminTestimonials',1,0,''),(142,42,5,'xipblog','Adminxprtdashboard',1,0,''),(143,142,1,'xipblog','Adminxippost',1,0,''),(144,142,2,'xipblog','Adminxipcategory',1,0,''),(145,142,3,'xipblog','Adminxipcomment',1,0,''),(146,142,4,'xipblog','Adminxipimagetype',1,0,''),(148,-1,8,'blockreassurance','AdminBlockListing',1,0,''),(149,0,8,'posstaticfooter','AdminPosStaticFooter',1,0,''),(150,0,9,'posstaticblocks','AdminCmsBlock',1,0,'');

--
-- Table structure for table `ps_tab_advice`
--

CREATE TABLE `ps_tab_advice` (
  `id_tab` int(11) NOT NULL,
  `id_advice` int(11) NOT NULL,
  PRIMARY KEY (`id_tab`,`id_advice`)
) ENGINE=InnoDB DEFAULT CHARSET=utf8;

--
-- Dumping data for table `ps_tab_advice`
--

INSERT INTO `ps_tab_advice` VALUES (1,1),(1,2),(1,3),(1,4),(1,5),(1,6),(1,7),(1,8),(1,9),(1,10),(1,11),(1,12),(1,13),(1,14),(1,15),(1,16),(1,17),(1,18),(1,19),(1,20),(1,21),(1,22),(1,23),(1,24),(1,25),(1,26),(1,27),(1,28),(1,29),(1,30),(1,31),(1,32);

--
-- Table structure for table `ps_tab_lang`
--

CREATE TABLE `ps_tab_lang` (
  `id_tab` int(11) NOT NULL,
  `id_lang` int(11) NOT NULL,
  `name` varchar(128) COLLATE utf8_unicode_ci NOT NULL,
  PRIMARY KEY (`id_tab`,`id_lang`),
  KEY `IDX_CFD9262DED47AB56` (`id_tab`),
  KEY `IDX_CFD9262DBA299860` (`id_lang`)
) ENGINE=InnoDB DEFAULT CHARSET=utf8 COLLATE=utf8_unicode_ci;

--
-- Dumping data for table `ps_tab_lang`
--

INSERT INTO `ps_tab_lang` VALUES (1,1,'Dashboard'),(2,1,'Sell'),(3,1,'Orders'),(4,1,'Orders'),(5,1,'Invoices'),(6,1,'Credit Slips'),(7,1,'Delivery Slips'),(8,1,'Shopping Carts'),(9,1,'Catalog'),(10,1,'Products'),(11,1,'Categories'),(12,1,'Monitoring'),(13,1,'Attributes & Features'),(14,1,'Attributes'),(15,1,'Features'),(16,1,'Brands & Suppliers'),(17,1,'Brands'),(18,1,'Suppliers'),(19,1,'Files'),(20,1,'Discounts'),(21,1,'Cart Rules'),(22,1,'Catalog Price Rules'),(23,1,'Stocks'),(24,1,'Customers'),(25,1,'Customers'),(26,1,'Addresses'),(27,1,'Outstanding'),(28,1,'Customer Service'),(29,1,'Customer Service'),(30,1,'Order Messages'),(31,1,'Merchandise Returns'),(32,1,'Stats'),(34,1,'Warehouses'),(35,1,'Stock Management'),(36,1,'Stock Management'),(37,1,'Stock Movement'),(38,1,'Instant Stock Status'),(39,1,'Stock Coverage'),(40,1,'Supply orders'),(41,1,'Configuration'),(42,1,'Improve'),(43,1,'Modules'),(44,1,'Module Manager'),(45,1,'Modules'),(46,1,'Alerts'),(47,1,'Updates'),(48,1,'Module Catalog'),(49,1,'Module Catalog'),(50,1,'Module Selections'),(52,1,'Design'),(53,1,'Theme & Logo'),(54,1,'Theme Catalog'),(55,1,'Email Theme'),(56,1,'Email Theme'),(57,1,'Pages'),(58,1,'Positions'),(59,1,'Image Settings'),(60,1,'Shipping'),(61,1,'Carriers'),(62,1,'Preferences'),(63,1,'Payment'),(64,1,'Payment Methods'),(65,1,'Preferences'),(66,1,'International'),(67,1,'Localization'),(68,1,'Localization'),(69,1,'Languages'),(70,1,'Currencies'),(71,1,'Geolocation'),(72,1,'Locations'),(73,1,'Zones'),(74,1,'Countries'),(75,1,'States'),(76,1,'Taxes'),(77,1,'Taxes'),(78,1,'Tax Rules'),(79,1,'Translations'),(80,1,'Configure'),(81,1,'Shop Parameters'),(82,1,'General'),(83,1,'General'),(84,1,'Maintenance'),(85,1,'Order Settings'),(86,1,'Order Settings'),(87,1,'Statuses'),(88,1,'Product Settings'),(89,1,'Customer Settings'),(90,1,'Customers'),(91,1,'Groups'),(92,1,'Titles'),(93,1,'Contact'),(94,1,'Contacts'),(95,1,'Stores'),(96,1,'Traffic & SEO'),(97,1,'SEO & URLs'),(98,1,'Search Engines'),(99,1,'Referrers'),(100,1,'Search'),(101,1,'Search'),(102,1,'Tags'),(103,1,'Advanced Parameters'),(104,1,'Information'),(105,1,'Performance'),(106,1,'Administration'),(107,1,'E-mail'),(108,1,'Import'),(109,1,'Team'),(110,1,'Employees'),(111,1,'Profiles'),(112,1,'Permissions'),(113,1,'Database'),(114,1,'SQL Manager'),(115,1,'DB Backup'),(116,1,'Logs'),(117,1,'Webservice'),(118,1,'Multistore'),(119,1,'Multistore'),(120,1,'Quick Access'),(121,1,'More'),(123,1,'Dashgoals'),(124,1,'ps_faviconnotificationbo'),(125,1,'Link Widget'),(126,1,'Theme & Logo'),(127,1,'Homepage Configuration'),(128,1,'Advanced Customization'),(129,1,'Welcome'),(130,1,'Merchant Expertise'),(131,1,'psgdpr'),(132,1,'psgdpr'),(133,1,'Module Catalog'),(134,1,'Theme Catalog'),(135,1,'ps_buybuttonlite'),(136,1,'PosExtentions'),(137,1,'Manage Logo'),(138,1,'Manage Pos Slideshow'),(141,1,'Manage Testimonials'),(142,1,'Xpert Blog'),(143,1,'Blog Posts'),(144,1,'Blog Categories'),(145,1,'Blog Comments'),(146,1,'Blog Image Type'),(148,1,'blockreassurance'),(149,1,'Manage Static Footer'),(150,1,'Manage Staticblocks');

--
-- Table structure for table `ps_tab_module_preference`
--

CREATE TABLE `ps_tab_module_preference` (
  `id_tab_module_preference` int(11) NOT NULL AUTO_INCREMENT,
  `id_employee` int(11) NOT NULL,
  `id_tab` int(11) NOT NULL,
  `module` varchar(255) NOT NULL,
  PRIMARY KEY (`id_tab_module_preference`),
  UNIQUE KEY `employee_module` (`id_employee`,`id_tab`,`module`)
) ENGINE=InnoDB DEFAULT CHARSET=utf8;

--
-- Dumping data for table `ps_tab_module_preference`
--


--
-- Table structure for table `ps_tag`
--

CREATE TABLE `ps_tag` (
  `id_tag` int(10) unsigned NOT NULL AUTO_INCREMENT,
  `id_lang` int(10) unsigned NOT NULL,
  `name` varchar(32) NOT NULL,
  PRIMARY KEY (`id_tag`),
  KEY `tag_name` (`name`),
  KEY `id_lang` (`id_lang`)
) ENGINE=InnoDB DEFAULT CHARSET=utf8;

--
-- Dumping data for table `ps_tag`
--


--
-- Table structure for table `ps_tag_count`
--

CREATE TABLE `ps_tag_count` (
  `id_group` int(10) unsigned NOT NULL DEFAULT '0',
  `id_tag` int(10) unsigned NOT NULL DEFAULT '0',
  `id_lang` int(10) unsigned NOT NULL DEFAULT '0',
  `id_shop` int(11) unsigned NOT NULL DEFAULT '0',
  `counter` int(10) unsigned NOT NULL DEFAULT '0',
  PRIMARY KEY (`id_group`,`id_tag`),
  KEY `id_group` (`id_group`,`id_lang`,`id_shop`,`counter`)
) ENGINE=InnoDB DEFAULT CHARSET=utf8;

--
-- Dumping data for table `ps_tag_count`
--


--
-- Table structure for table `ps_tax`
--

CREATE TABLE `ps_tax` (
  `id_tax` int(10) unsigned NOT NULL AUTO_INCREMENT,
  `rate` decimal(10,3) NOT NULL,
  `active` tinyint(1) unsigned NOT NULL DEFAULT '1',
  `deleted` tinyint(1) unsigned NOT NULL DEFAULT '0',
  PRIMARY KEY (`id_tax`)
) ENGINE=InnoDB AUTO_INCREMENT=53 DEFAULT CHARSET=utf8;

--
-- Dumping data for table `ps_tax`
--

INSERT INTO `ps_tax` VALUES (1,4.000,1,0),(2,0.000,1,0),(3,6.600,1,0),(4,6.000,1,0),(5,8.250,1,0),(6,2.900,1,0),(7,0.000,1,0),(8,0.000,1,0),(9,6.000,1,0),(10,4.000,1,0),(11,4.000,1,0),(12,6.000,1,0),(13,6.250,1,0),(14,7.000,1,0),(15,6.000,1,0),(16,5.300,1,0),(17,6.000,1,0),(18,4.000,1,0),(19,5.000,1,0),(20,6.000,1,0),(21,6.250,1,0),(22,6.000,1,0),(23,6.875,1,0),(24,7.000,1,0),(25,4.225,1,0),(26,0.000,1,0),(27,5.500,1,0),(28,6.850,1,0),(29,0.000,1,0),(30,7.000,1,0),(31,5.125,1,0),(32,4.000,1,0),(33,5.500,1,0),(34,5.000,1,0),(35,5.500,1,0),(36,4.500,1,0),(37,0.000,1,0),(38,6.000,1,0),(39,7.000,1,0),(40,6.000,1,0),(41,4.000,1,0),(42,7.000,1,0),(43,6.250,1,0),(44,4.750,1,0),(45,6.000,1,0),(46,4.000,1,0),(47,6.500,1,0),(48,6.000,1,0),(49,5.000,1,0),(50,4.000,1,0),(51,5.500,1,0),(52,6.000,1,0);

--
-- Table structure for table `ps_tax_lang`
--

CREATE TABLE `ps_tax_lang` (
  `id_tax` int(10) unsigned NOT NULL,
  `id_lang` int(10) unsigned NOT NULL,
  `name` varchar(32) NOT NULL,
  PRIMARY KEY (`id_tax`,`id_lang`)
) ENGINE=InnoDB DEFAULT CHARSET=utf8;

--
-- Dumping data for table `ps_tax_lang`
--

INSERT INTO `ps_tax_lang` VALUES (1,1,'Sales-taxes US-AL 4%'),(2,1,'Sales-taxes US-AK 0%'),(3,1,'Sales-taxes US-AZ 6.6%'),(4,1,'Sales-taxes US-AR 6%'),(5,1,'Sales-taxes US-CA 8.25%'),(6,1,'Sales-taxes US-CO 2.9%'),(7,1,'Sales-taxes US-CT 0%'),(8,1,'Sales-taxes US-DE 0%'),(9,1,'Sales-taxes US-FL 6%'),(10,1,'Sales-taxes US-GA 4%'),(11,1,'Sales-taxes US-HI 4%'),(12,1,'Sales-taxes US-ID 6%'),(13,1,'Sales-taxes US-IL 6.25%'),(14,1,'Sales-taxes US-IN 7%'),(15,1,'Sales-taxes US-IA 6%'),(16,1,'Sales-taxes US-KS 5.3%'),(17,1,'Sales-taxes US-KY 6%'),(18,1,'Sales-taxes US-LA 4%'),(19,1,'Sales-taxes US-ME 5%'),(20,1,'Sales-taxes US-MD 6%'),(21,1,'Sales-taxes US-MA 6.25%'),(22,1,'Sales-taxes US-MI 6%'),(23,1,'Sales-taxes US-MN 6.875%'),(24,1,'Sales-taxes US-MS 7%'),(25,1,'Sales-taxes US-MO 4.225%'),(26,1,'Sales-taxes US-MT 0.0%'),(27,1,'Sales-taxes US-NE 5.5%'),(28,1,'Sales-taxes US-NV 6.85%'),(29,1,'Sales-taxes US-NH 0%'),(30,1,'Sales-taxes US-NJ 7%'),(31,1,'Sales-taxes US-NM 5.125%'),(32,1,'Sales-taxes US-NY 4%'),(33,1,'Sales-taxes US-NC 5.5%'),(34,1,'Sales-taxes US-ND 5%'),(35,1,'Sales-taxes US-OH 5.5%'),(36,1,'Sales-taxes US-OK 4.5%'),(37,1,'Sales-taxes US-OR 0%'),(38,1,'Sales-taxes US-PA 6%'),(39,1,'Sales-taxes US-RI 7%'),(40,1,'Sales-taxes US-SC 6%'),(41,1,'Sales-taxes US-SD 4%'),(42,1,'Sales-taxes US-TN 7%'),(43,1,'Sales-taxes US-TX 6.25%'),(44,1,'Sales-taxes US-UT 4.75%'),(45,1,'Sales-taxes US-VT 6%'),(46,1,'Sales-taxes US-VA 4%'),(47,1,'Sales-taxes US-WA 6.5%'),(48,1,'Sales-taxes US-WV 6%'),(49,1,'Sales-taxes US-WI 5%'),(50,1,'Sales-taxes US-WY 4%'),(51,1,'Sales-taxes US-PR 5.5%'),(52,1,'Sales-taxes US-DC 6%');

--
-- Table structure for table `ps_tax_rule`
--

CREATE TABLE `ps_tax_rule` (
  `id_tax_rule` int(11) NOT NULL AUTO_INCREMENT,
  `id_tax_rules_group` int(11) NOT NULL,
  `id_country` int(11) NOT NULL,
  `id_state` int(11) NOT NULL,
  `zipcode_from` varchar(12) NOT NULL,
  `zipcode_to` varchar(12) NOT NULL,
  `id_tax` int(11) NOT NULL,
  `behavior` int(11) NOT NULL,
  `description` varchar(100) NOT NULL,
  PRIMARY KEY (`id_tax_rule`),
  KEY `id_tax_rules_group` (`id_tax_rules_group`),
  KEY `id_tax` (`id_tax`),
  KEY `category_getproducts` (`id_tax_rules_group`,`id_country`,`id_state`,`zipcode_from`)
) ENGINE=InnoDB AUTO_INCREMENT=55 DEFAULT CHARSET=utf8;

--
-- Dumping data for table `ps_tax_rule`
--

INSERT INTO `ps_tax_rule` VALUES (1,1,21,4,'0','0',1,1,''),(2,2,21,5,'0','0',2,1,''),(3,3,21,6,'0','0',3,1,''),(4,4,21,7,'0','0',4,1,''),(5,5,21,8,'0','0',5,1,''),(6,6,21,9,'0','0',6,1,''),(7,7,21,10,'0','0',7,1,''),(8,8,21,11,'0','0',8,1,''),(9,9,21,12,'0','0',9,1,''),(10,10,21,13,'0','0',10,1,''),(11,11,21,14,'0','0',11,1,''),(12,12,21,15,'0','0',12,1,''),(13,13,21,16,'0','0',13,1,''),(14,14,21,17,'0','0',14,1,''),(15,15,21,18,'0','0',15,1,''),(16,16,21,19,'0','0',16,1,''),(17,17,21,20,'0','0',17,1,''),(18,18,21,21,'0','0',18,1,''),(19,19,21,22,'0','0',19,1,''),(20,20,21,23,'0','0',20,1,''),(21,21,21,24,'0','0',21,1,''),(22,22,21,25,'0','0',22,1,''),(23,23,21,26,'0','0',23,1,''),(24,24,21,27,'0','0',24,1,''),(25,25,21,28,'0','0',25,1,''),(26,26,21,29,'0','0',26,1,''),(27,27,21,30,'0','0',27,1,''),(28,28,21,31,'0','0',28,1,''),(29,29,21,32,'0','0',29,1,''),(30,30,21,33,'0','0',30,1,''),(31,31,21,34,'0','0',31,1,''),(32,32,21,35,'0','0',32,1,''),(33,33,21,36,'0','0',33,1,''),(34,34,21,37,'0','0',34,1,''),(35,35,21,38,'0','0',35,1,''),(36,36,21,39,'0','0',36,1,''),(37,37,21,40,'0','0',37,1,''),(38,38,21,41,'0','0',38,1,''),(39,39,21,42,'0','0',39,1,''),(40,40,21,43,'0','0',40,1,''),(41,41,21,44,'0','0',41,1,''),(42,42,21,45,'0','0',42,1,''),(43,43,21,46,'0','0',43,1,''),(44,44,21,47,'0','0',44,1,''),(45,45,21,48,'0','0',45,1,''),(46,46,21,49,'0','0',46,1,''),(47,47,21,50,'0','0',47,1,''),(48,48,21,51,'0','0',48,1,''),(49,49,21,52,'0','0',49,1,''),(50,50,21,53,'0','0',50,1,''),(51,51,21,54,'0','0',51,1,''),(52,52,21,56,'0','0',52,1,''),(53,53,21,35,'0','0',32,1,''),(54,53,21,12,'0','0',9,1,'');

--
-- Table structure for table `ps_tax_rules_group`
--

CREATE TABLE `ps_tax_rules_group` (
  `id_tax_rules_group` int(11) NOT NULL AUTO_INCREMENT,
  `name` varchar(50) NOT NULL,
  `active` int(11) NOT NULL,
  `deleted` tinyint(1) unsigned NOT NULL,
  `date_add` datetime NOT NULL,
  `date_upd` datetime NOT NULL,
  PRIMARY KEY (`id_tax_rules_group`)
) ENGINE=InnoDB AUTO_INCREMENT=54 DEFAULT CHARSET=utf8;

--
-- Dumping data for table `ps_tax_rules_group`
--

INSERT INTO `ps_tax_rules_group` VALUES (1,'US-AL Rate (4%)',0,0,'2019-11-13 12:25:54','2019-11-18 06:21:23'),(2,'US-AK Rate (0%)',0,0,'2019-11-13 12:25:54','2019-11-18 06:21:23'),(3,'US-AZ Rate (6.6%)',0,0,'2019-11-13 12:25:54','2019-11-18 06:21:23'),(4,'US-AR Rate (6%)',0,0,'2019-11-13 12:25:54','2019-11-18 06:21:23'),(5,'US-CA Rate (8.25%)',0,0,'2019-11-13 12:25:54','2019-11-18 06:21:23'),(6,'US-CO Rate (2.9%)',0,0,'2019-11-13 12:25:54','2019-11-18 06:21:23'),(7,'US-CT Rate (0%)',0,0,'2019-11-13 12:25:54','2019-11-18 06:21:23'),(8,'US-DE Rate (0%)',0,0,'2019-11-13 12:25:54','2019-11-18 06:21:23'),(9,'US-FL Rate (6%)',0,0,'2019-11-13 12:25:54','2019-11-18 06:21:23'),(10,'US-GA Rate (4%)',0,0,'2019-11-13 12:25:54','2019-11-18 06:21:23'),(11,'US-HI Rate (4%)',0,0,'2019-11-13 12:25:54','2019-11-18 06:21:23'),(12,'US-ID Rate (6%)',0,0,'2019-11-13 12:25:54','2019-11-18 06:21:23'),(13,'US-IL Rate (6.25%)',0,0,'2019-11-13 12:25:54','2019-11-18 06:21:23'),(14,'US-IN Rate (7%)',0,0,'2019-11-13 12:25:54','2019-11-18 06:21:23'),(15,'US-IA Rate (6%)',0,0,'2019-11-13 12:25:54','2019-11-18 06:21:23'),(16,'US-KS Rate (5.3%)',0,0,'2019-11-13 12:25:54','2019-11-18 06:21:23'),(17,'US-KY Rate (6%)',0,0,'2019-11-13 12:25:54','2019-11-18 06:21:23'),(18,'US-LA Rate (4%)',0,0,'2019-11-13 12:25:54','2019-11-18 06:21:23'),(19,'US-ME Rate (5%)',0,0,'2019-11-13 12:25:54','2019-11-18 06:21:23'),(20,'US-MD Rate (6%)',0,0,'2019-11-13 12:25:54','2019-11-18 06:21:23'),(21,'US-MA Rate (6.25%)',0,0,'2019-11-13 12:25:54','2019-11-18 06:21:23'),(22,'US-MI Rate (6%)',0,0,'2019-11-13 12:25:54','2019-11-18 06:21:23'),(23,'US-MN Rate (6.875%)',0,0,'2019-11-13 12:25:54','2019-11-18 06:21:23'),(24,'US-MS Rate (7%)',0,0,'2019-11-13 12:25:54','2019-11-18 06:21:23'),(25,'US-MO Rate (4.225%)',0,0,'2019-11-13 12:25:54','2019-11-18 06:21:23'),(26,'US-MT Rate (0%)',0,0,'2019-11-13 12:25:54','2019-11-18 06:21:23'),(27,'US-NE Rate (5.5%)',0,0,'2019-11-13 12:25:54','2019-11-18 06:21:23'),(28,'US-NV Rate (6.85%)',0,0,'2019-11-13 12:25:54','2019-11-18 06:21:23'),(29,'US-NH Rate (0%)',0,0,'2019-11-13 12:25:54','2019-11-18 06:21:23'),(30,'US-NJ Rate (7%)',0,0,'2019-11-13 12:25:54','2019-11-18 06:21:23'),(31,'US-NM Rate (5.125%)',0,0,'2019-11-13 12:25:54','2019-11-18 06:21:23'),(32,'US-NY Rate (4%)',0,0,'2019-11-13 12:25:54','2019-11-18 06:21:23'),(33,'US-NC Rate (5.5%)',0,0,'2019-11-13 12:25:54','2019-11-18 06:21:23'),(34,'US-ND Rate (5%)',0,0,'2019-11-13 12:25:54','2019-11-18 06:21:23'),(35,'US-OH Rate (5.5%)',0,0,'2019-11-13 12:25:54','2019-11-18 06:21:23'),(36,'US-OK Rate (4.5%)',0,0,'2019-11-13 12:25:54','2019-11-18 06:21:23'),(37,'US-OR Rate (0%)',0,0,'2019-11-13 12:25:54','2019-11-18 06:21:23'),(38,'US-PA Rate (6%)',0,0,'2019-11-13 12:25:54','2019-11-18 06:21:23'),(39,'US-RI Rate (7%)',0,0,'2019-11-13 12:25:54','2019-11-18 06:21:23'),(40,'US-SC Rate (6%)',0,0,'2019-11-13 12:25:54','2019-11-18 06:21:23'),(41,'US-SD Rate (4%)',0,0,'2019-11-13 12:25:54','2019-11-18 06:21:23'),(42,'US-TN Rate (7%)',0,0,'2019-11-13 12:25:54','2019-11-18 06:21:23'),(43,'US-TX Rate (6.25%)',0,0,'2019-11-13 12:25:54','2019-11-18 06:21:23'),(44,'US-UT Rate (4.75%)',0,0,'2019-11-13 12:25:54','2019-11-18 06:21:23'),(45,'US-VT Rate (6%)',0,0,'2019-11-13 12:25:54','2019-11-18 06:21:23'),(46,'US-VA Rate (4%)',0,0,'2019-11-13 12:25:54','2019-11-18 06:21:23'),(47,'US-WA Rate (6.5%)',0,0,'2019-11-13 12:25:54','2019-11-18 06:21:23'),(48,'US-WV Rate (6%)',0,0,'2019-11-13 12:25:54','2019-11-18 06:21:23'),(49,'US-WI Rate (5%)',0,0,'2019-11-13 12:25:54','2019-11-18 06:21:23'),(50,'US-WY Rate (4%)',0,0,'2019-11-13 12:25:54','2019-11-18 06:21:23'),(51,'US-PR Rate (5.5%)',0,0,'2019-11-13 12:25:54','2019-11-18 06:21:23'),(52,'US-DC Rate (6%)',0,0,'2019-11-13 12:25:54','2019-11-18 06:21:23'),(53,'NY and FL',0,0,'2019-11-18 06:21:38','2019-11-18 06:23:01');

--
-- Table structure for table `ps_tax_rules_group_shop`
--

CREATE TABLE `ps_tax_rules_group_shop` (
  `id_tax_rules_group` int(11) unsigned NOT NULL,
  `id_shop` int(11) unsigned NOT NULL,
  PRIMARY KEY (`id_tax_rules_group`,`id_shop`),
  KEY `id_shop` (`id_shop`)
) ENGINE=InnoDB DEFAULT CHARSET=utf8;

--
-- Dumping data for table `ps_tax_rules_group_shop`
--

INSERT INTO `ps_tax_rules_group_shop` VALUES (1,1),(2,1),(3,1),(4,1),(5,1),(6,1),(7,1),(8,1),(9,1),(10,1),(11,1),(12,1),(13,1),(14,1),(15,1),(16,1),(17,1),(18,1),(19,1),(20,1),(21,1),(22,1),(23,1),(24,1),(25,1),(26,1),(27,1),(28,1),(29,1),(30,1),(31,1),(32,1),(33,1),(34,1),(35,1),(36,1),(37,1),(38,1),(39,1),(40,1),(41,1),(42,1),(43,1),(44,1),(45,1),(46,1),(47,1),(48,1),(49,1),(50,1),(51,1),(52,1),(53,1);

--
-- Table structure for table `ps_timezone`
--

CREATE TABLE `ps_timezone` (
  `id_timezone` int(10) unsigned NOT NULL AUTO_INCREMENT,
  `name` varchar(32) NOT NULL,
  PRIMARY KEY (`id_timezone`)
) ENGINE=InnoDB AUTO_INCREMENT=561 DEFAULT CHARSET=utf8;

--
-- Dumping data for table `ps_timezone`
--

INSERT INTO `ps_timezone` VALUES (1,'Africa/Abidjan'),(2,'Africa/Accra'),(3,'Africa/Addis_Ababa'),(4,'Africa/Algiers'),(5,'Africa/Asmara'),(6,'Africa/Asmera'),(7,'Africa/Bamako'),(8,'Africa/Bangui'),(9,'Africa/Banjul'),(10,'Africa/Bissau'),(11,'Africa/Blantyre'),(12,'Africa/Brazzaville'),(13,'Africa/Bujumbura'),(14,'Africa/Cairo'),(15,'Africa/Casablanca'),(16,'Africa/Ceuta'),(17,'Africa/Conakry'),(18,'Africa/Dakar'),(19,'Africa/Dar_es_Salaam'),(20,'Africa/Djibouti'),(21,'Africa/Douala'),(22,'Africa/El_Aaiun'),(23,'Africa/Freetown'),(24,'Africa/Gaborone'),(25,'Africa/Harare'),(26,'Africa/Johannesburg'),(27,'Africa/Kampala'),(28,'Africa/Khartoum'),(29,'Africa/Kigali'),(30,'Africa/Kinshasa'),(31,'Africa/Lagos'),(32,'Africa/Libreville'),(33,'Africa/Lome'),(34,'Africa/Luanda'),(35,'Africa/Lubumbashi'),(36,'Africa/Lusaka'),(37,'Africa/Malabo'),(38,'Africa/Maputo'),(39,'Africa/Maseru'),(40,'Africa/Mbabane'),(41,'Africa/Mogadishu'),(42,'Africa/Monrovia'),(43,'Africa/Nairobi'),(44,'Africa/Ndjamena'),(45,'Africa/Niamey'),(46,'Africa/Nouakchott'),(47,'Africa/Ouagadougou'),(48,'Africa/Porto-Novo'),(49,'Africa/Sao_Tome'),(50,'Africa/Timbuktu'),(51,'Africa/Tripoli'),(52,'Africa/Tunis'),(53,'Africa/Windhoek'),(54,'America/Adak'),(55,'America/Anchorage '),(56,'America/Anguilla'),(57,'America/Antigua'),(58,'America/Araguaina'),(59,'America/Argentina/Buenos_Aires'),(60,'America/Argentina/Catamarca'),(61,'America/Argentina/ComodRivadavia'),(62,'America/Argentina/Cordoba'),(63,'America/Argentina/Jujuy'),(64,'America/Argentina/La_Rioja'),(65,'America/Argentina/Mendoza'),(66,'America/Argentina/Rio_Gallegos'),(67,'America/Argentina/Salta'),(68,'America/Argentina/San_Juan'),(69,'America/Argentina/San_Luis'),(70,'America/Argentina/Tucuman'),(71,'America/Argentina/Ushuaia'),(72,'America/Aruba'),(73,'America/Asuncion'),(74,'America/Atikokan'),(75,'America/Atka'),(76,'America/Bahia'),(77,'America/Barbados'),(78,'America/Belem'),(79,'America/Belize'),(80,'America/Blanc-Sablon'),(81,'America/Boa_Vista'),(82,'America/Bogota'),(83,'America/Boise'),(84,'America/Buenos_Aires'),(85,'America/Cambridge_Bay'),(86,'America/Campo_Grande'),(87,'America/Cancun'),(88,'America/Caracas'),(89,'America/Catamarca'),(90,'America/Cayenne'),(91,'America/Cayman'),(92,'America/Chicago'),(93,'America/Chihuahua'),(94,'America/Coral_Harbour'),(95,'America/Cordoba'),(96,'America/Costa_Rica'),(97,'America/Cuiaba'),(98,'America/Curacao'),(99,'America/Danmarkshavn'),(100,'America/Dawson'),(101,'America/Dawson_Creek'),(102,'America/Denver'),(103,'America/Detroit'),(104,'America/Dominica'),(105,'America/Edmonton'),(106,'America/Eirunepe'),(107,'America/El_Salvador'),(108,'America/Ensenada'),(109,'America/Fort_Wayne'),(110,'America/Fortaleza'),(111,'America/Glace_Bay'),(112,'America/Godthab'),(113,'America/Goose_Bay'),(114,'America/Grand_Turk'),(115,'America/Grenada'),(116,'America/Guadeloupe'),(117,'America/Guatemala'),(118,'America/Guayaquil'),(119,'America/Guyana'),(120,'America/Halifax'),(121,'America/Havana'),(122,'America/Hermosillo'),(123,'America/Indiana/Indianapolis'),(124,'America/Indiana/Knox'),(125,'America/Indiana/Marengo'),(126,'America/Indiana/Petersburg'),(127,'America/Indiana/Tell_City'),(128,'America/Indiana/Vevay'),(129,'America/Indiana/Vincennes'),(130,'America/Indiana/Winamac'),(131,'America/Indianapolis'),(132,'America/Inuvik'),(133,'America/Iqaluit'),(134,'America/Jamaica'),(135,'America/Jujuy'),(136,'America/Juneau'),(137,'America/Kentucky/Louisville'),(138,'America/Kentucky/Monticello'),(139,'America/Knox_IN'),(140,'America/La_Paz'),(141,'America/Lima'),(142,'America/Los_Angeles'),(143,'America/Louisville'),(144,'America/Maceio'),(145,'America/Managua'),(146,'America/Manaus'),(147,'America/Marigot'),(148,'America/Martinique'),(149,'America/Mazatlan'),(150,'America/Mendoza'),(151,'America/Menominee'),(152,'America/Merida'),(153,'America/Mexico_City'),(154,'America/Miquelon'),(155,'America/Moncton'),(156,'America/Monterrey'),(157,'America/Montevideo'),(158,'America/Montreal'),(159,'America/Montserrat'),(160,'America/Nassau'),(161,'America/New_York'),(162,'America/Nipigon'),(163,'America/Nome'),(164,'America/Noronha'),(165,'America/North_Dakota/Center'),(166,'America/North_Dakota/New_Salem'),(167,'America/Panama'),(168,'America/Pangnirtung'),(169,'America/Paramaribo'),(170,'America/Phoenix'),(171,'America/Port-au-Prince'),(172,'America/Port_of_Spain'),(173,'America/Porto_Acre'),(174,'America/Porto_Velho'),(175,'America/Puerto_Rico'),(176,'America/Rainy_River'),(177,'America/Rankin_Inlet'),(178,'America/Recife'),(179,'America/Regina'),(180,'America/Resolute'),(181,'America/Rio_Branco'),(182,'America/Rosario'),(183,'America/Santarem'),(184,'America/Santiago'),(185,'America/Santo_Domingo'),(186,'America/Sao_Paulo'),(187,'America/Scoresbysund'),(188,'America/Shiprock'),(189,'America/St_Barthelemy'),(190,'America/St_Johns'),(191,'America/St_Kitts'),(192,'America/St_Lucia'),(193,'America/St_Thomas'),(194,'America/St_Vincent'),(195,'America/Swift_Current'),(196,'America/Tegucigalpa'),(197,'America/Thule'),(198,'America/Thunder_Bay'),(199,'America/Tijuana'),(200,'America/Toronto'),(201,'America/Tortola'),(202,'America/Vancouver'),(203,'America/Virgin'),(204,'America/Whitehorse'),(205,'America/Winnipeg'),(206,'America/Yakutat'),(207,'America/Yellowknife'),(208,'Antarctica/Casey'),(209,'Antarctica/Davis'),(210,'Antarctica/DumontDUrville'),(211,'Antarctica/Mawson'),(212,'Antarctica/McMurdo'),(213,'Antarctica/Palmer'),(214,'Antarctica/Rothera'),(215,'Antarctica/South_Pole'),(216,'Antarctica/Syowa'),(217,'Antarctica/Vostok'),(218,'Arctic/Longyearbyen'),(219,'Asia/Aden'),(220,'Asia/Almaty'),(221,'Asia/Amman'),(222,'Asia/Anadyr'),(223,'Asia/Aqtau'),(224,'Asia/Aqtobe'),(225,'Asia/Ashgabat'),(226,'Asia/Ashkhabad'),(227,'Asia/Baghdad'),(228,'Asia/Bahrain'),(229,'Asia/Baku'),(230,'Asia/Bangkok'),(231,'Asia/Beirut'),(232,'Asia/Bishkek'),(233,'Asia/Brunei'),(234,'Asia/Calcutta'),(235,'Asia/Choibalsan'),(236,'Asia/Chongqing'),(237,'Asia/Chungking'),(238,'Asia/Colombo'),(239,'Asia/Dacca'),(240,'Asia/Damascus'),(241,'Asia/Dhaka'),(242,'Asia/Dili'),(243,'Asia/Dubai'),(244,'Asia/Dushanbe'),(245,'Asia/Gaza'),(246,'Asia/Harbin'),(247,'Asia/Ho_Chi_Minh'),(248,'Asia/Hong_Kong'),(249,'Asia/Hovd'),(250,'Asia/Irkutsk'),(251,'Asia/Istanbul'),(252,'Asia/Jakarta'),(253,'Asia/Jayapura'),(254,'Asia/Jerusalem'),(255,'Asia/Kabul'),(256,'Asia/Kamchatka'),(257,'Asia/Karachi'),(258,'Asia/Kashgar'),(259,'Asia/Kathmandu'),(260,'Asia/Katmandu'),(261,'Asia/Kolkata'),(262,'Asia/Krasnoyarsk'),(263,'Asia/Kuala_Lumpur'),(264,'Asia/Kuching'),(265,'Asia/Kuwait'),(266,'Asia/Macao'),(267,'Asia/Macau'),(268,'Asia/Magadan'),(269,'Asia/Makassar'),(270,'Asia/Manila'),(271,'Asia/Muscat'),(272,'Asia/Nicosia'),(273,'Asia/Novosibirsk'),(274,'Asia/Omsk'),(275,'Asia/Oral'),(276,'Asia/Phnom_Penh'),(277,'Asia/Pontianak'),(278,'Asia/Pyongyang'),(279,'Asia/Qatar'),(280,'Asia/Qyzylorda'),(281,'Asia/Rangoon'),(282,'Asia/Riyadh'),(283,'Asia/Saigon'),(284,'Asia/Sakhalin'),(285,'Asia/Samarkand'),(286,'Asia/Seoul'),(287,'Asia/Shanghai'),(288,'Asia/Singapore'),(289,'Asia/Taipei'),(290,'Asia/Tashkent'),(291,'Asia/Tbilisi'),(292,'Asia/Tehran'),(293,'Asia/Tel_Aviv'),(294,'Asia/Thimbu'),(295,'Asia/Thimphu'),(296,'Asia/Tokyo'),(297,'Asia/Ujung_Pandang'),(298,'Asia/Ulaanbaatar'),(299,'Asia/Ulan_Bator'),(300,'Asia/Urumqi'),(301,'Asia/Vientiane'),(302,'Asia/Vladivostok'),(303,'Asia/Yakutsk'),(304,'Asia/Yekaterinburg'),(305,'Asia/Yerevan'),(306,'Atlantic/Azores'),(307,'Atlantic/Bermuda'),(308,'Atlantic/Canary'),(309,'Atlantic/Cape_Verde'),(310,'Atlantic/Faeroe'),(311,'Atlantic/Faroe'),(312,'Atlantic/Jan_Mayen'),(313,'Atlantic/Madeira'),(314,'Atlantic/Reykjavik'),(315,'Atlantic/South_Georgia'),(316,'Atlantic/St_Helena'),(317,'Atlantic/Stanley'),(318,'Australia/ACT'),(319,'Australia/Adelaide'),(320,'Australia/Brisbane'),(321,'Australia/Broken_Hill'),(322,'Australia/Canberra'),(323,'Australia/Currie'),(324,'Australia/Darwin'),(325,'Australia/Eucla'),(326,'Australia/Hobart'),(327,'Australia/LHI'),(328,'Australia/Lindeman'),(329,'Australia/Lord_Howe'),(330,'Australia/Melbourne'),(331,'Australia/North'),(332,'Australia/NSW'),(333,'Australia/Perth'),(334,'Australia/Queensland'),(335,'Australia/South'),(336,'Australia/Sydney'),(337,'Australia/Tasmania'),(338,'Australia/Victoria'),(339,'Australia/West'),(340,'Australia/Yancowinna'),(341,'Europe/Amsterdam'),(342,'Europe/Andorra'),(343,'Europe/Athens'),(344,'Europe/Belfast'),(345,'Europe/Belgrade'),(346,'Europe/Berlin'),(347,'Europe/Bratislava'),(348,'Europe/Brussels'),(349,'Europe/Bucharest'),(350,'Europe/Budapest'),(351,'Europe/Chisinau'),(352,'Europe/Copenhagen'),(353,'Europe/Dublin'),(354,'Europe/Gibraltar'),(355,'Europe/Guernsey'),(356,'Europe/Helsinki'),(357,'Europe/Isle_of_Man'),(358,'Europe/Istanbul'),(359,'Europe/Jersey'),(360,'Europe/Kaliningrad'),(361,'Europe/Kiev'),(362,'Europe/Lisbon'),(363,'Europe/Ljubljana'),(364,'Europe/London'),(365,'Europe/Luxembourg'),(366,'Europe/Madrid'),(367,'Europe/Malta'),(368,'Europe/Mariehamn'),(369,'Europe/Minsk'),(370,'Europe/Monaco'),(371,'Europe/Moscow'),(372,'Europe/Nicosia'),(373,'Europe/Oslo'),(374,'Europe/Paris'),(375,'Europe/Podgorica'),(376,'Europe/Prague'),(377,'Europe/Riga'),(378,'Europe/Rome'),(379,'Europe/Samara'),(380,'Europe/San_Marino'),(381,'Europe/Sarajevo'),(382,'Europe/Simferopol'),(383,'Europe/Skopje'),(384,'Europe/Sofia'),(385,'Europe/Stockholm'),(386,'Europe/Tallinn'),(387,'Europe/Tirane'),(388,'Europe/Tiraspol'),(389,'Europe/Uzhgorod'),(390,'Europe/Vaduz'),(391,'Europe/Vatican'),(392,'Europe/Vienna'),(393,'Europe/Vilnius'),(394,'Europe/Volgograd'),(395,'Europe/Warsaw'),(396,'Europe/Zagreb'),(397,'Europe/Zaporozhye'),(398,'Europe/Zurich'),(399,'Indian/Antananarivo'),(400,'Indian/Chagos'),(401,'Indian/Christmas'),(402,'Indian/Cocos'),(403,'Indian/Comoro'),(404,'Indian/Kerguelen'),(405,'Indian/Mahe'),(406,'Indian/Maldives'),(407,'Indian/Mauritius'),(408,'Indian/Mayotte'),(409,'Indian/Reunion'),(410,'Pacific/Apia'),(411,'Pacific/Auckland'),(412,'Pacific/Chatham'),(413,'Pacific/Easter'),(414,'Pacific/Efate'),(415,'Pacific/Enderbury'),(416,'Pacific/Fakaofo'),(417,'Pacific/Fiji'),(418,'Pacific/Funafuti'),(419,'Pacific/Galapagos'),(420,'Pacific/Gambier'),(421,'Pacific/Guadalcanal'),(422,'Pacific/Guam'),(423,'Pacific/Honolulu'),(424,'Pacific/Johnston'),(425,'Pacific/Kiritimati'),(426,'Pacific/Kosrae'),(427,'Pacific/Kwajalein'),(428,'Pacific/Majuro'),(429,'Pacific/Marquesas'),(430,'Pacific/Midway'),(431,'Pacific/Nauru'),(432,'Pacific/Niue'),(433,'Pacific/Norfolk'),(434,'Pacific/Noumea'),(435,'Pacific/Pago_Pago'),(436,'Pacific/Palau'),(437,'Pacific/Pitcairn'),(438,'Pacific/Ponape'),(439,'Pacific/Port_Moresby'),(440,'Pacific/Rarotonga'),(441,'Pacific/Saipan'),(442,'Pacific/Samoa'),(443,'Pacific/Tahiti'),(444,'Pacific/Tarawa'),(445,'Pacific/Tongatapu'),(446,'Pacific/Truk'),(447,'Pacific/Wake'),(448,'Pacific/Wallis'),(449,'Pacific/Yap'),(450,'Brazil/Acre'),(451,'Brazil/DeNoronha'),(452,'Brazil/East'),(453,'Brazil/West'),(454,'Canada/Atlantic'),(455,'Canada/Central'),(456,'Canada/East-Saskatchewan'),(457,'Canada/Eastern'),(458,'Canada/Mountain'),(459,'Canada/Newfoundland'),(460,'Canada/Pacific'),(461,'Canada/Saskatchewan'),(462,'Canada/Yukon'),(463,'CET'),(464,'Chile/Continental'),(465,'Chile/EasterIsland'),(466,'CST6CDT'),(467,'Cuba'),(468,'EET'),(469,'Egypt'),(470,'Eire'),(471,'EST'),(472,'EST5EDT'),(473,'Etc/GMT'),(474,'Etc/GMT+0'),(475,'Etc/GMT+1'),(476,'Etc/GMT+10'),(477,'Etc/GMT+11'),(478,'Etc/GMT+12'),(479,'Etc/GMT+2'),(480,'Etc/GMT+3'),(481,'Etc/GMT+4'),(482,'Etc/GMT+5'),(483,'Etc/GMT+6'),(484,'Etc/GMT+7'),(485,'Etc/GMT+8'),(486,'Etc/GMT+9'),(487,'Etc/GMT-0'),(488,'Etc/GMT-1'),(489,'Etc/GMT-10'),(490,'Etc/GMT-11'),(491,'Etc/GMT-12'),(492,'Etc/GMT-13'),(493,'Etc/GMT-14'),(494,'Etc/GMT-2'),(495,'Etc/GMT-3'),(496,'Etc/GMT-4'),(497,'Etc/GMT-5'),(498,'Etc/GMT-6'),(499,'Etc/GMT-7'),(500,'Etc/GMT-8'),(501,'Etc/GMT-9'),(502,'Etc/GMT0'),(503,'Etc/Greenwich'),(504,'Etc/UCT'),(505,'Etc/Universal'),(506,'Etc/UTC'),(507,'Etc/Zulu'),(508,'Factory'),(509,'GB'),(510,'GB-Eire'),(511,'GMT'),(512,'GMT+0'),(513,'GMT-0'),(514,'GMT0'),(515,'Greenwich'),(516,'Hongkong'),(517,'HST'),(518,'Iceland'),(519,'Iran'),(520,'Israel'),(521,'Jamaica'),(522,'Japan'),(523,'Kwajalein'),(524,'Libya'),(525,'MET'),(526,'Mexico/BajaNorte'),(527,'Mexico/BajaSur'),(528,'Mexico/General'),(529,'MST'),(530,'MST7MDT'),(531,'Navajo'),(532,'NZ'),(533,'NZ-CHAT'),(534,'Poland'),(535,'Portugal'),(536,'PRC'),(537,'PST8PDT'),(538,'ROC'),(539,'ROK'),(540,'Singapore'),(541,'Turkey'),(542,'UCT'),(543,'Universal'),(544,'US/Alaska'),(545,'US/Aleutian'),(546,'US/Arizona'),(547,'US/Central'),(548,'US/East-Indiana'),(549,'US/Eastern'),(550,'US/Hawaii'),(551,'US/Indiana-Starke'),(552,'US/Michigan'),(553,'US/Mountain'),(554,'US/Pacific'),(555,'US/Pacific-New'),(556,'US/Samoa'),(557,'UTC'),(558,'W-SU'),(559,'WET'),(560,'Zulu');

--
-- Table structure for table `ps_translation`
--

CREATE TABLE `ps_translation` (
  `id_translation` int(11) NOT NULL AUTO_INCREMENT,
  `id_lang` int(11) NOT NULL,
  `key` text COLLATE utf8_unicode_ci NOT NULL,
  `translation` text COLLATE utf8_unicode_ci NOT NULL,
  `domain` varchar(80) COLLATE utf8_unicode_ci NOT NULL,
  `theme` varchar(32) COLLATE utf8_unicode_ci DEFAULT NULL,
  PRIMARY KEY (`id_translation`),
  KEY `IDX_ADEBEB36BA299860` (`id_lang`),
  KEY `key` (`domain`)
) ENGINE=InnoDB DEFAULT CHARSET=utf8 COLLATE=utf8_unicode_ci;

--
-- Dumping data for table `ps_translation`
--


--
-- Table structure for table `ps_warehouse`
--

CREATE TABLE `ps_warehouse` (
  `id_warehouse` int(11) unsigned NOT NULL AUTO_INCREMENT,
  `id_currency` int(11) unsigned NOT NULL,
  `id_address` int(11) unsigned NOT NULL,
  `id_employee` int(11) unsigned NOT NULL,
  `reference` varchar(64) DEFAULT NULL,
  `name` varchar(45) NOT NULL,
  `management_type` enum('WA','FIFO','LIFO') NOT NULL DEFAULT 'WA',
  `deleted` tinyint(1) unsigned NOT NULL DEFAULT '0',
  PRIMARY KEY (`id_warehouse`)
) ENGINE=InnoDB DEFAULT CHARSET=utf8;

--
-- Dumping data for table `ps_warehouse`
--


--
-- Table structure for table `ps_warehouse_carrier`
--

CREATE TABLE `ps_warehouse_carrier` (
  `id_carrier` int(11) unsigned NOT NULL,
  `id_warehouse` int(11) unsigned NOT NULL,
  PRIMARY KEY (`id_warehouse`,`id_carrier`),
  KEY `id_warehouse` (`id_warehouse`),
  KEY `id_carrier` (`id_carrier`)
) ENGINE=InnoDB DEFAULT CHARSET=utf8;

--
-- Dumping data for table `ps_warehouse_carrier`
--


--
-- Table structure for table `ps_warehouse_product_location`
--

CREATE TABLE `ps_warehouse_product_location` (
  `id_warehouse_product_location` int(11) unsigned NOT NULL AUTO_INCREMENT,
  `id_product` int(11) unsigned NOT NULL,
  `id_product_attribute` int(11) unsigned NOT NULL,
  `id_warehouse` int(11) unsigned NOT NULL,
  `location` varchar(64) DEFAULT NULL,
  PRIMARY KEY (`id_warehouse_product_location`),
  UNIQUE KEY `id_product` (`id_product`,`id_product_attribute`,`id_warehouse`)
) ENGINE=InnoDB DEFAULT CHARSET=utf8;

--
-- Dumping data for table `ps_warehouse_product_location`
--


--
-- Table structure for table `ps_warehouse_shop`
--

CREATE TABLE `ps_warehouse_shop` (
  `id_shop` int(11) unsigned NOT NULL,
  `id_warehouse` int(11) unsigned NOT NULL,
  PRIMARY KEY (`id_warehouse`,`id_shop`),
  KEY `id_warehouse` (`id_warehouse`),
  KEY `id_shop` (`id_shop`)
) ENGINE=InnoDB DEFAULT CHARSET=utf8;

--
-- Dumping data for table `ps_warehouse_shop`
--


--
-- Table structure for table `ps_web_browser`
--

CREATE TABLE `ps_web_browser` (
  `id_web_browser` int(10) unsigned NOT NULL AUTO_INCREMENT,
  `name` varchar(64) DEFAULT NULL,
  PRIMARY KEY (`id_web_browser`)
) ENGINE=InnoDB AUTO_INCREMENT=12 DEFAULT CHARSET=utf8;

--
-- Dumping data for table `ps_web_browser`
--

INSERT INTO `ps_web_browser` VALUES (1,'Safari'),(2,'Safari iPad'),(3,'Firefox'),(4,'Opera'),(5,'IE 6'),(6,'IE 7'),(7,'IE 8'),(8,'IE 9'),(9,'IE 10'),(10,'IE 11'),(11,'Chrome');

--
-- Table structure for table `ps_webservice_account`
--

CREATE TABLE `ps_webservice_account` (
  `id_webservice_account` int(11) NOT NULL AUTO_INCREMENT,
  `key` varchar(32) NOT NULL,
  `description` text,
  `class_name` varchar(50) NOT NULL DEFAULT 'WebserviceRequest',
  `is_module` tinyint(2) NOT NULL DEFAULT '0',
  `module_name` varchar(50) DEFAULT NULL,
  `active` tinyint(2) NOT NULL,
  PRIMARY KEY (`id_webservice_account`),
  KEY `key` (`key`)
) ENGINE=InnoDB DEFAULT CHARSET=utf8;

--
-- Dumping data for table `ps_webservice_account`
--


--
-- Table structure for table `ps_webservice_account_shop`
--

CREATE TABLE `ps_webservice_account_shop` (
  `id_webservice_account` int(11) unsigned NOT NULL,
  `id_shop` int(11) unsigned NOT NULL,
  PRIMARY KEY (`id_webservice_account`,`id_shop`),
  KEY `id_shop` (`id_shop`)
) ENGINE=InnoDB DEFAULT CHARSET=utf8;

--
-- Dumping data for table `ps_webservice_account_shop`
--


--
-- Table structure for table `ps_webservice_permission`
--

CREATE TABLE `ps_webservice_permission` (
  `id_webservice_permission` int(11) NOT NULL AUTO_INCREMENT,
  `resource` varchar(50) NOT NULL,
  `method` enum('GET','POST','PUT','DELETE','HEAD') NOT NULL,
  `id_webservice_account` int(11) NOT NULL,
  PRIMARY KEY (`id_webservice_permission`),
  UNIQUE KEY `resource_2` (`resource`,`method`,`id_webservice_account`),
  KEY `resource` (`resource`),
  KEY `method` (`method`),
  KEY `id_webservice_account` (`id_webservice_account`)
) ENGINE=InnoDB DEFAULT CHARSET=utf8;

--
-- Dumping data for table `ps_webservice_permission`
--


--
-- Table structure for table `ps_xip_category_post`
--

CREATE TABLE `ps_xip_category_post` (
  `id_xip_category_post` int(10) unsigned NOT NULL AUTO_INCREMENT,
  `id_post` int(11) unsigned NOT NULL DEFAULT '0',
  `id_category` int(11) unsigned NOT NULL DEFAULT '0',
  `type` varchar(100) DEFAULT NULL,
  PRIMARY KEY (`id_xip_category_post`)
) ENGINE=InnoDB DEFAULT CHARSET=utf8;

--
-- Dumping data for table `ps_xip_category_post`
--


--
-- Table structure for table `ps_xip_comments`
--

CREATE TABLE `ps_xip_comments` (
  `id_xip_comments` int(10) unsigned NOT NULL AUTO_INCREMENT,
  `name` varchar(256) DEFAULT NULL,
  `email` varchar(90) DEFAULT NULL,
  `subject` varchar(256) DEFAULT NULL,
  `website` varchar(128) DEFAULT NULL,
  `content` text,
  `id_parent` int(11) DEFAULT NULL,
  `id_post` int(11) DEFAULT NULL,
  `id_customer` int(11) DEFAULT NULL,
  `id_guest` int(11) DEFAULT NULL,
  `active` int(11) DEFAULT NULL,
  `position` int(11) DEFAULT NULL,
  `uniqueid` int(11) DEFAULT NULL,
  `created` datetime NOT NULL,
  `updated` datetime NOT NULL,
  PRIMARY KEY (`id_xip_comments`)
) ENGINE=InnoDB DEFAULT CHARSET=utf8;

--
-- Dumping data for table `ps_xip_comments`
--


--
-- Table structure for table `ps_xip_image_type`
--

CREATE TABLE `ps_xip_image_type` (
  `id_xip_image_type` int(10) unsigned NOT NULL AUTO_INCREMENT,
  `name` varchar(100) DEFAULT NULL,
  `width` int(11) unsigned NOT NULL DEFAULT '0',
  `height` int(11) unsigned NOT NULL DEFAULT '0',
  `id_shop` int(11) unsigned NOT NULL DEFAULT '0',
  `active` int(11) unsigned NOT NULL DEFAULT '1',
  PRIMARY KEY (`id_xip_image_type`)
) ENGINE=InnoDB AUTO_INCREMENT=5 DEFAULT CHARSET=utf8;

--
-- Dumping data for table `ps_xip_image_type`
--

INSERT INTO `ps_xip_image_type` VALUES (1,'small',200,130,1,1),(2,'home_default',370,240,1,1),(3,'medium',870,565,1,1),(4,'large',940,610,1,1);

--
-- Table structure for table `ps_xipcategory`
--

CREATE TABLE `ps_xipcategory` (
  `id_xipcategory` int(10) unsigned NOT NULL AUTO_INCREMENT,
  `category_group` int(10) NOT NULL DEFAULT '0',
  `category_img` varchar(300) NOT NULL DEFAULT '',
  `category_type` varchar(300) NOT NULL DEFAULT '',
  `position` int(10) NOT NULL,
  `active` int(10) NOT NULL,
  PRIMARY KEY (`id_xipcategory`)
) ENGINE=InnoDB AUTO_INCREMENT=4 DEFAULT CHARSET=utf8;

--
-- Dumping data for table `ps_xipcategory`
--

INSERT INTO `ps_xipcategory` VALUES (1,0,'','category',0,1),(2,0,'','category',1,1),(3,0,'','category',1,1);

--
-- Table structure for table `ps_xipcategory_lang`
--

CREATE TABLE `ps_xipcategory_lang` (
  `id_xipcategory` int(10) unsigned NOT NULL AUTO_INCREMENT,
  `id_lang` int(10) unsigned NOT NULL,
  `name` varchar(350) NOT NULL DEFAULT '',
  `link_rewrite` varchar(350) NOT NULL DEFAULT '',
  `title` varchar(350) NOT NULL DEFAULT '',
  `description` longtext,
  `meta_description` longtext,
  `keyword` text,
  PRIMARY KEY (`id_xipcategory`,`id_lang`)
) ENGINE=InnoDB AUTO_INCREMENT=4 DEFAULT CHARSET=utf8;

--
-- Dumping data for table `ps_xipcategory_lang`
--

INSERT INTO `ps_xipcategory_lang` VALUES (1,1,'Fashion','fashion','Fashion','Fashion','Fashion','Fashion'),(2,1,'Lifestyle','lifestyle','Lifestyle','Lifestyle','Lifestyle','Lifestyle'),(3,1,'Entertainment','entertainment','Entertainment','Entertainment','Entertainment','Entertainment');

--
-- Table structure for table `ps_xipcategory_shop`
--

CREATE TABLE `ps_xipcategory_shop` (
  `id_xipcategory` int(11) NOT NULL,
  `id_shop` int(11) NOT NULL,
  PRIMARY KEY (`id_xipcategory`,`id_shop`)
) ENGINE=InnoDB DEFAULT CHARSET=utf8;

--
-- Dumping data for table `ps_xipcategory_shop`
--

INSERT INTO `ps_xipcategory_shop` VALUES (1,1),(2,1),(3,1);

--
-- Table structure for table `ps_xippostmeta`
--

CREATE TABLE `ps_xippostmeta` (
  `id_xippostmeta` int(10) unsigned NOT NULL AUTO_INCREMENT,
  `id_xipposts` bigint(20) unsigned NOT NULL DEFAULT '0',
  `meta_key` varchar(255) DEFAULT NULL,
  `meta_value` longtext,
  PRIMARY KEY (`id_xippostmeta`)
) ENGINE=InnoDB DEFAULT CHARSET=utf8;

--
-- Dumping data for table `ps_xippostmeta`
--


--
-- Table structure for table `ps_xipposts`
--

CREATE TABLE `ps_xipposts` (
  `id_xipposts` int(10) unsigned NOT NULL AUTO_INCREMENT,
  `post_author` bigint(20) unsigned NOT NULL DEFAULT '0',
  `post_date` datetime NOT NULL DEFAULT '0000-00-00 00:00:00',
  `comment_status` varchar(20) NOT NULL DEFAULT 'open',
  `post_password` varchar(20) NOT NULL DEFAULT '',
  `post_modified` datetime NOT NULL DEFAULT '0000-00-00 00:00:00',
  `post_parent` bigint(20) unsigned NOT NULL DEFAULT '0',
  `category_default` bigint(20) unsigned NOT NULL DEFAULT '0',
  `post_type` varchar(20) NOT NULL DEFAULT 'post',
  `post_format` varchar(20) NOT NULL DEFAULT 'post',
  `post_img` varchar(300) NOT NULL DEFAULT '',
  `video` longtext NOT NULL,
  `audio` longtext NOT NULL,
  `gallery` longtext NOT NULL,
  `related_products` text NOT NULL,
  `comment_count` bigint(20) NOT NULL DEFAULT '0',
  `position` int(10) NOT NULL,
  `active` int(10) NOT NULL,
  PRIMARY KEY (`id_xipposts`)
) ENGINE=InnoDB AUTO_INCREMENT=5 DEFAULT CHARSET=utf8;

--
-- Dumping data for table `ps_xipposts`
--

INSERT INTO `ps_xipposts` VALUES (1,1,'2019-11-18 05:22:27','open','','2019-11-18 05:22:27',0,1,'post','standrad','blog1.jpg','','','','0',0,0,1),(2,1,'2019-11-18 05:22:27','open','','2019-11-18 05:22:27',0,1,'post','standrad','blog2.jpg','','','','0',0,1,1),(3,1,'2019-11-18 05:22:27','open','','2019-11-18 05:22:27',0,1,'post','standrad','blog3.jpg','','','','0',0,1,1),(4,1,'2019-11-18 05:22:27','open','','2019-11-18 05:22:27',0,1,'post','standrad','blog4.jpg','','','','0',0,1,1);

--
-- Table structure for table `ps_xipposts_lang`
--

CREATE TABLE `ps_xipposts_lang` (
  `id_xipposts` int(10) unsigned NOT NULL AUTO_INCREMENT,
  `id_lang` int(10) unsigned NOT NULL,
  `post_title` text NOT NULL,
  `meta_title` varchar(300) NOT NULL DEFAULT '',
  `meta_description` longtext NOT NULL,
  `meta_keyword` longtext NOT NULL,
  `post_content` longtext NOT NULL,
  `post_excerpt` text NOT NULL,
  `link_rewrite` varchar(400) NOT NULL DEFAULT '',
  PRIMARY KEY (`id_xipposts`,`id_lang`)
) ENGINE=InnoDB AUTO_INCREMENT=5 DEFAULT CHARSET=utf8;

--
-- Dumping data for table `ps_xipposts_lang`
--

INSERT INTO `ps_xipposts_lang` VALUES (1,1,'This is First Post For XipBlog','This is First Post For XipBlog','Lorem Ipsum is simply dummy text of the printing and typesetting industry. Lorem Ipsum has been the industrys standard dummy text ever since the 1500s, when an unknown printer took a galley of type and scrambled it to make a type specimen book.','Lorem,Ipsum,simply,dummy','Lorem ipsum dolor sit amet, consectetur adipisicing elit, do eiusmod tempor incididunt ut labore et dolore magna aliqua. Ut enim adminim veniam, quis nostrud exercitation ullamco laboris nisi ut aliquip commodo consequat. Duis aute irure dolor in rep rehenderit. Lorem ipsum dolor sit amet, consectetur adipisicing elit, sed do eiumod tempor incididunt ut labore et dolore magna aliqua. Lorem ipsum dolor sit amet, consectetur adipisicing elit, do eiusmod tempor incididunt ut labore et dolore magna aliqua. Lorem ipsum dolor sit amet, consectetur adipisicing elit, do eiusmod tempor incididunt ut labore et dolore magna aliqua. Ut enim adminim veniam, quis nostrud exercitation ullamco laboris nisi ut aliquip commodo consequat. Duis aute irure dolor in rep rehenderit. Lorem ipsum dolor sit amet, consectetur adipisicing elit, sed do eiumod tempor incididunt ut labore et dolore magna aliqua. Lorem ipsum dolor sit amet, consectetur adipisicing elit, do eiusmod tempor incididunt ut labore et dolore magna aliqua. Lorem ipsum dolor sit amet, consectetur adipisicing elit, do eiusmod tempor incididunt ut labore et dolore magna aliqua. Ut enim adminim veniam, quis nostrud exercitation ullamco laboris nisi ut aliquip commodo consequat. Duis aute irure dolor in rep rehenderit. Lorem ipsum dolor sit amet, consectetur adipisicing elit, sed do eiumod tempor incididunt ut labore et dolore magna aliqua. Lorem ipsum dolor sit amet, consectetur adipisicing elit, do eiusmod tempor cididunt ut labore et dolore magna aliqua. Lorem ipsum dolor sit amet, consectetur adipisicing elit, do eiusmod tempor incididunt ut labore et dolore magna aliqua. Ut enim adminim veniam, quis nostrud exercitation ullamco laboris nisi ut aliquip commodo consequat. Duis aute irure dolor in rep rehenderit. Lorem ipsum dolor sit amet, consectetur adipisicing elit, sed do eiumod tempor incididunt ut labore et dolore magna aliqua. Lorem ipsum dolor sit amet, consectetur adipisicing elit, do eiusmod tempor incididunt ut labore et dolore magna aliqua. Lorem ipsum dolor sit amet, consectetur adipisicing elit, do eiusmod tempor incididunt ut labore et dolore magna aliqua. Ut enim adminim veniam, quis nostrud exercitation ullamco laboris nisi ut aliquip commodo consequat. Duis aute irure dolor in rep rehenderit. Lorem ipsum dolor sit amet, consectetur adipisicing elit, sed do eiumod tempor incididunt ut labore et dolore magna aliqua. Lorem ipsum dolor sit amet, consectetur adipisicing elit, do eiusmod tempor incididunt ut labore et dolore magna aliqua. Lorem ipsum dolor sit amet, consectetur adipisicing elit, do eiusmod tempor incididunt ut labore et dolore magna aliqua. Ut enim adminim veniam, quis nostrud exercitation ullamco laboris nisi ut aliquip commodo consequat. Duis aute irure dolor in rep rehenderit. Lorem ipsum dolor sit amet, consectetur adipisicing elit, sed do eiumod tempor incididunt ut labore et dolore magna aliqua. Lorem ipsum dolor sit amet, consectetur adipisicing elit, do eiusmod tempor incididunt ut labore et dolore magna aliqua.','Lorem Ipsum is simply dummy text of the printing and typesetting industry. Lorem Ipsum has been the industrys standard dummy text ever since the 1500s, when an unknown printer took a galley of type and scrambled it to make a type specimen book.','this-is-first-post-for-xipblog'),(2,1,'This is Secound Post For XipBlog','This is Secound Post For XipBlog','Lorem Ipsum is simply dummy text of the printing and typesetting industry. Lorem Ipsum has been the industrys standard dummy text ever since the 1500s, when an unknown printer took a galley of type and scrambled it to make a type specimen book.','Lorem,Ipsum,simply,dummy','Lorem ipsum dolor sit amet, consectetur adipisicing elit, do eiusmod tempor incididunt ut labore et dolore magna aliqua. Ut enim adminim veniam, quis nostrud exercitation ullamco laboris nisi ut aliquip commodo consequat. Duis aute irure dolor in rep rehenderit. Lorem ipsum dolor sit amet, consectetur adipisicing elit, sed do eiumod tempor incididunt ut labore et dolore magna aliqua. Lorem ipsum dolor sit amet, consectetur adipisicing elit, do eiusmod tempor incididunt ut labore et dolore magna aliqua. Lorem ipsum dolor sit amet, consectetur adipisicing elit, do eiusmod tempor incididunt ut labore et dolore magna aliqua. Ut enim adminim veniam, quis nostrud exercitation ullamco laboris nisi ut aliquip commodo consequat. Duis aute irure dolor in rep rehenderit. Lorem ipsum dolor sit amet, consectetur adipisicing elit, sed do eiumod tempor incididunt ut labore et dolore magna aliqua. Lorem ipsum dolor sit amet, consectetur adipisicing elit, do eiusmod tempor incididunt ut labore et dolore magna aliqua. Lorem ipsum dolor sit amet, consectetur adipisicing elit, do eiusmod tempor incididunt ut labore et dolore magna aliqua. Ut enim adminim veniam, quis nostrud exercitation ullamco laboris nisi ut aliquip commodo consequat. Duis aute irure dolor in rep rehenderit. Lorem ipsum dolor sit amet, consectetur adipisicing elit, sed do eiumod tempor incididunt ut labore et dolore magna aliqua. Lorem ipsum dolor sit amet, consectetur adipisicing elit, do eiusmod tempor cididunt ut labore et dolore magna aliqua. Lorem ipsum dolor sit amet, consectetur adipisicing elit, do eiusmod tempor incididunt ut labore et dolore magna aliqua. Ut enim adminim veniam, quis nostrud exercitation ullamco laboris nisi ut aliquip commodo consequat. Duis aute irure dolor in rep rehenderit. Lorem ipsum dolor sit amet, consectetur adipisicing elit, sed do eiumod tempor incididunt ut labore et dolore magna aliqua. Lorem ipsum dolor sit amet, consectetur adipisicing elit, do eiusmod tempor incididunt ut labore et dolore magna aliqua. Lorem ipsum dolor sit amet, consectetur adipisicing elit, do eiusmod tempor incididunt ut labore et dolore magna aliqua. Ut enim adminim veniam, quis nostrud exercitation ullamco laboris nisi ut aliquip commodo consequat. Duis aute irure dolor in rep rehenderit. Lorem ipsum dolor sit amet, consectetur adipisicing elit, sed do eiumod tempor incididunt ut labore et dolore magna aliqua. Lorem ipsum dolor sit amet, consectetur adipisicing elit, do eiusmod tempor incididunt ut labore et dolore magna aliqua. Lorem ipsum dolor sit amet, consectetur adipisicing elit, do eiusmod tempor incididunt ut labore et dolore magna aliqua. Ut enim adminim veniam, quis nostrud exercitation ullamco laboris nisi ut aliquip commodo consequat. Duis aute irure dolor in rep rehenderit. Lorem ipsum dolor sit amet, consectetur adipisicing elit, sed do eiumod tempor incididunt ut labore et dolore magna aliqua. Lorem ipsum dolor sit amet, consectetur adipisicing elit, do eiusmod tempor incididunt ut labore et dolore magna aliqua.','Lorem Ipsum is simply dummy text of the printing and typesetting industry. Lorem Ipsum has been the industrys standard dummy text ever since the 1500s, when an unknown printer took a galley of type and scrambled it to make a type specimen book.','this-is-secound-post-for-xipblog'),(3,1,'This is Third Post For XipBlog','This is Third Post For XipBlog','Lorem Ipsum is simply dummy text of the printing and typesetting industry. Lorem Ipsum has been the industrys standard dummy text ever since the 1500s, when an unknown printer took a galley of type and scrambled it to make a type specimen book.','Lorem,Ipsum,simply,dummy','Lorem ipsum dolor sit amet, consectetur adipisicing elit, do eiusmod tempor incididunt ut labore et dolore magna aliqua. Ut enim adminim veniam, quis nostrud exercitation ullamco laboris nisi ut aliquip commodo consequat. Duis aute irure dolor in rep rehenderit. Lorem ipsum dolor sit amet, consectetur adipisicing elit, sed do eiumod tempor incididunt ut labore et dolore magna aliqua. Lorem ipsum dolor sit amet, consectetur adipisicing elit, do eiusmod tempor incididunt ut labore et dolore magna aliqua. Lorem ipsum dolor sit amet, consectetur adipisicing elit, do eiusmod tempor incididunt ut labore et dolore magna aliqua. Ut enim adminim veniam, quis nostrud exercitation ullamco laboris nisi ut aliquip commodo consequat. Duis aute irure dolor in rep rehenderit. Lorem ipsum dolor sit amet, consectetur adipisicing elit, sed do eiumod tempor incididunt ut labore et dolore magna aliqua. Lorem ipsum dolor sit amet, consectetur adipisicing elit, do eiusmod tempor incididunt ut labore et dolore magna aliqua. Lorem ipsum dolor sit amet, consectetur adipisicing elit, do eiusmod tempor incididunt ut labore et dolore magna aliqua. Ut enim adminim veniam, quis nostrud exercitation ullamco laboris nisi ut aliquip commodo consequat. Duis aute irure dolor in rep rehenderit. Lorem ipsum dolor sit amet, consectetur adipisicing elit, sed do eiumod tempor incididunt ut labore et dolore magna aliqua. Lorem ipsum dolor sit amet, consectetur adipisicing elit, do eiusmod tempor cididunt ut labore et dolore magna aliqua. Lorem ipsum dolor sit amet, consectetur adipisicing elit, do eiusmod tempor incididunt ut labore et dolore magna aliqua. Ut enim adminim veniam, quis nostrud exercitation ullamco laboris nisi ut aliquip commodo consequat. Duis aute irure dolor in rep rehenderit. Lorem ipsum dolor sit amet, consectetur adipisicing elit, sed do eiumod tempor incididunt ut labore et dolore magna aliqua. Lorem ipsum dolor sit amet, consectetur adipisicing elit, do eiusmod tempor incididunt ut labore et dolore magna aliqua. Lorem ipsum dolor sit amet, consectetur adipisicing elit, do eiusmod tempor incididunt ut labore et dolore magna aliqua. Ut enim adminim veniam, quis nostrud exercitation ullamco laboris nisi ut aliquip commodo consequat. Duis aute irure dolor in rep rehenderit. Lorem ipsum dolor sit amet, consectetur adipisicing elit, sed do eiumod tempor incididunt ut labore et dolore magna aliqua. Lorem ipsum dolor sit amet, consectetur adipisicing elit, do eiusmod tempor incididunt ut labore et dolore magna aliqua. Lorem ipsum dolor sit amet, consectetur adipisicing elit, do eiusmod tempor incididunt ut labore et dolore magna aliqua. Ut enim adminim veniam, quis nostrud exercitation ullamco laboris nisi ut aliquip commodo consequat. Duis aute irure dolor in rep rehenderit. Lorem ipsum dolor sit amet, consectetur adipisicing elit, sed do eiumod tempor incididunt ut labore et dolore magna aliqua. Lorem ipsum dolor sit amet, consectetur adipisicing elit, do eiusmod tempor incididunt ut labore et dolore magna aliqua.','Lorem Ipsum is simply dummy text of the printing and typesetting industry. Lorem Ipsum has been the industrys standard dummy text ever since the 1500s, when an unknown printer took a galley of type and scrambled it to make a type specimen book.','this-is-third-post-for-xipblog'),(4,1,'This is Fourth Post For XipBlog','This is Fourth Post For XipBlog','Lorem Ipsum is simply dummy text of the printing and typesetting industry. Lorem Ipsum has been the industrys standard dummy text ever since the 1500s, when an unknown printer took a galley of type and scrambled it to make a type specimen book.','Lorem,Ipsum,simply,dummy','Lorem ipsum dolor sit amet, consectetur adipisicing elit, do eiusmod tempor incididunt ut labore et dolore magna aliqua. Ut enim adminim veniam, quis nostrud exercitation ullamco laboris nisi ut aliquip commodo consequat. Duis aute irure dolor in rep rehenderit. Lorem ipsum dolor sit amet, consectetur adipisicing elit, sed do eiumod tempor incididunt ut labore et dolore magna aliqua. Lorem ipsum dolor sit amet, consectetur adipisicing elit, do eiusmod tempor incididunt ut labore et dolore magna aliqua. Lorem ipsum dolor sit amet, consectetur adipisicing elit, do eiusmod tempor incididunt ut labore et dolore magna aliqua. Ut enim adminim veniam, quis nostrud exercitation ullamco laboris nisi ut aliquip commodo consequat. Duis aute irure dolor in rep rehenderit. Lorem ipsum dolor sit amet, consectetur adipisicing elit, sed do eiumod tempor incididunt ut labore et dolore magna aliqua. Lorem ipsum dolor sit amet, consectetur adipisicing elit, do eiusmod tempor incididunt ut labore et dolore magna aliqua. Lorem ipsum dolor sit amet, consectetur adipisicing elit, do eiusmod tempor incididunt ut labore et dolore magna aliqua. Ut enim adminim veniam, quis nostrud exercitation ullamco laboris nisi ut aliquip commodo consequat. Duis aute irure dolor in rep rehenderit. Lorem ipsum dolor sit amet, consectetur adipisicing elit, sed do eiumod tempor incididunt ut labore et dolore magna aliqua. Lorem ipsum dolor sit amet, consectetur adipisicing elit, do eiusmod tempor cididunt ut labore et dolore magna aliqua. Lorem ipsum dolor sit amet, consectetur adipisicing elit, do eiusmod tempor incididunt ut labore et dolore magna aliqua. Ut enim adminim veniam, quis nostrud exercitation ullamco laboris nisi ut aliquip commodo consequat. Duis aute irure dolor in rep rehenderit. Lorem ipsum dolor sit amet, consectetur adipisicing elit, sed do eiumod tempor incididunt ut labore et dolore magna aliqua. Lorem ipsum dolor sit amet, consectetur adipisicing elit, do eiusmod tempor incididunt ut labore et dolore magna aliqua. Lorem ipsum dolor sit amet, consectetur adipisicing elit, do eiusmod tempor incididunt ut labore et dolore magna aliqua. Ut enim adminim veniam, quis nostrud exercitation ullamco laboris nisi ut aliquip commodo consequat. Duis aute irure dolor in rep rehenderit. Lorem ipsum dolor sit amet, consectetur adipisicing elit, sed do eiumod tempor incididunt ut labore et dolore magna aliqua. Lorem ipsum dolor sit amet, consectetur adipisicing elit, do eiusmod tempor incididunt ut labore et dolore magna aliqua. Lorem ipsum dolor sit amet, consectetur adipisicing elit, do eiusmod tempor incididunt ut labore et dolore magna aliqua. Ut enim adminim veniam, quis nostrud exercitation ullamco laboris nisi ut aliquip commodo consequat. Duis aute irure dolor in rep rehenderit. Lorem ipsum dolor sit amet, consectetur adipisicing elit, sed do eiumod tempor incididunt ut labore et dolore magna aliqua. Lorem ipsum dolor sit amet, consectetur adipisicing elit, do eiusmod tempor incididunt ut labore et dolore magna aliqua.','Lorem Ipsum is simply dummy text of the printing and typesetting industry. Lorem Ipsum has been the industrys standard dummy text ever since the 1500s, when an unknown printer took a galley of type and scrambled it to make a type specimen book.','this-is-fourth-post-for-xipblog');

--
-- Table structure for table `ps_xipposts_shop`
--

CREATE TABLE `ps_xipposts_shop` (
  `id_xipposts` int(11) NOT NULL,
  `id_shop` int(11) NOT NULL,
  PRIMARY KEY (`id_xipposts`,`id_shop`)
) ENGINE=InnoDB DEFAULT CHARSET=utf8;

--
-- Dumping data for table `ps_xipposts_shop`
--

INSERT INTO `ps_xipposts_shop` VALUES (1,1),(2,1),(3,1),(4,1);

--
-- Table structure for table `ps_zone`
--

CREATE TABLE `ps_zone` (
  `id_zone` int(10) unsigned NOT NULL AUTO_INCREMENT,
  `name` varchar(64) NOT NULL,
  `active` tinyint(1) unsigned NOT NULL DEFAULT '0',
  PRIMARY KEY (`id_zone`)
) ENGINE=InnoDB AUTO_INCREMENT=10 DEFAULT CHARSET=utf8;

--
-- Dumping data for table `ps_zone`
--

INSERT INTO `ps_zone` VALUES (1,'Europe',1),(2,'North America',1),(3,'Asia',1),(4,'Africa',1),(5,'Oceania',1),(6,'South America',1),(7,'Europe (non-EU)',1),(8,'Central America/Antilla',1),(9,'United States',1);

--
-- Table structure for table `ps_zone_shop`
--

CREATE TABLE `ps_zone_shop` (
  `id_zone` int(11) unsigned NOT NULL,
  `id_shop` int(11) unsigned NOT NULL,
  PRIMARY KEY (`id_zone`,`id_shop`),
  KEY `id_shop` (`id_shop`)
) ENGINE=InnoDB DEFAULT CHARSET=utf8;

--
-- Dumping data for table `ps_zone_shop`
--

INSERT INTO `ps_zone_shop` VALUES (1,1),(2,1),(3,1),(4,1),(5,1),(6,1),(7,1),(8,1),(9,1);

--
-- Dumping events for database 'fmdollc'
--

--
-- Dumping routines for database 'fmdollc'
--


