--
-- Host: localhost    Database: fmdollc
-- ------------------------------------------------------


--
-- Table structure for table `ps_access`
--

CREATE TABLE `ps_access` (
  `id_profile` int(10) unsigned NOT NULL,
  `id_authorization_role` int(10) unsigned NOT NULL,
  PRIMARY KEY (`id_profile`,`id_authorization_role`)
) ENGINE=InnoDB DEFAULT CHARSET=utf8;

--
-- Dumping data for table `ps_access`
--

INSERT INTO `ps_access` VALUES (1,1),(1,2),(1,3),(1,4),(1,5),(1,6),(1,7),(1,8),(1,9),(1,10),(1,11),(1,12),(1,13),(1,14),(1,15),(1,16),(1,17),(1,18),(1,19),(1,20),(1,21),(1,22),(1,23),(1,24),(1,25),(1,26),(1,27),(1,28),(1,29),(1,30),(1,31),(1,32),(1,33),(1,34),(1,35),(1,36),(1,37),(1,38),(1,39),(1,40),(1,41),(1,42),(1,43),(1,44),(1,45),(1,46),(1,47),(1,48),(1,49),(1,50),(1,51),(1,52),(1,53),(1,54),(1,55),(1,56),(1,57),(1,58),(1,59),(1,60),(1,61),(1,62),(1,63),(1,64),(1,65),(1,66),(1,67),(1,68),(1,69),(1,70),(1,71),(1,72),(1,73),(1,74),(1,75),(1,76),(1,77),(1,78),(1,79),(1,80),(1,81),(1,82),(1,83),(1,84),(1,85),(1,86),(1,87),(1,88),(1,89),(1,90),(1,91),(1,92),(1,93),(1,94),(1,95),(1,96),(1,97),(1,98),(1,99),(1,100),(1,101),(1,102),(1,103),(1,104),(1,105),(1,106),(1,107),(1,108),(1,109),(1,110),(1,111),(1,112),(1,113),(1,114),(1,115),(1,116),(1,117),(1,118),(1,119),(1,120),(1,121),(1,122),(1,123),(1,124),(1,125),(1,126),(1,127),(1,128),(1,129),(1,130),(1,131),(1,132),(1,133),(1,134),(1,135),(1,136),(1,137),(1,138),(1,139),(1,140),(1,141),(1,142),(1,143),(1,144),(1,145),(1,146),(1,147),(1,148),(1,149),(1,150),(1,151),(1,152),(1,153),(1,154),(1,155),(1,156),(1,157),(1,158),(1,159),(1,160),(1,161),(1,162),(1,163),(1,164),(1,165),(1,166),(1,167),(1,168),(1,169),(1,170),(1,171),(1,172),(1,173),(1,174),(1,175),(1,176),(1,177),(1,178),(1,179),(1,180),(1,181),(1,182),(1,183),(1,184),(1,185),(1,186),(1,187),(1,188),(1,189),(1,190),(1,191),(1,192),(1,193),(1,194),(1,195),(1,196),(1,197),(1,198),(1,199),(1,200),(1,201),(1,202),(1,203),(1,204),(1,205),(1,206),(1,207),(1,208),(1,209),(1,210),(1,211),(1,212),(1,213),(1,214),(1,215),(1,216),(1,217),(1,218),(1,219),(1,220),(1,221),(1,222),(1,223),(1,224),(1,225),(1,226),(1,227),(1,228),(1,229),(1,230),(1,231),(1,232),(1,233),(1,234),(1,235),(1,236),(1,237),(1,238),(1,239),(1,240),(1,241),(1,242),(1,243),(1,244),(1,245),(1,246),(1,247),(1,248),(1,249),(1,250),(1,251),(1,252),(1,253),(1,254),(1,255),(1,256),(1,257),(1,258),(1,259),(1,260),(1,261),(1,262),(1,263),(1,264),(1,265),(1,266),(1,267),(1,268),(1,269),(1,270),(1,271),(1,272),(1,273),(1,274),(1,275),(1,276),(1,277),(1,278),(1,279),(1,280),(1,281),(1,282),(1,283),(1,284),(1,285),(1,286),(1,287),(1,288),(1,289),(1,290),(1,291),(1,292),(1,293),(1,294),(1,295),(1,296),(1,297),(1,298),(1,299),(1,300),(1,301),(1,302),(1,303),(1,304),(1,305),(1,306),(1,307),(1,308),(1,309),(1,310),(1,311),(1,312),(1,313),(1,314),(1,315),(1,316),(1,317),(1,318),(1,319),(1,320),(1,321),(1,322),(1,323),(1,324),(1,325),(1,326),(1,327),(1,328),(1,329),(1,330),(1,331),(1,332),(1,333),(1,334),(1,335),(1,336),(1,337),(1,338),(1,339),(1,340),(1,341),(1,342),(1,343),(1,344),(1,345),(1,346),(1,347),(1,348),(1,349),(1,350),(1,351),(1,352),(1,353),(1,354),(1,355),(1,356),(1,357),(1,358),(1,359),(1,360),(1,361),(1,362),(1,363),(1,364),(1,365),(1,366),(1,367),(1,368),(1,369),(1,370),(1,371),(1,372),(1,373),(1,374),(1,375),(1,376),(1,377),(1,378),(1,379),(1,380),(1,381),(1,382),(1,383),(1,384),(1,385),(1,386),(1,387),(1,388),(1,389),(1,390),(1,391),(1,392),(1,393),(1,394),(1,395),(1,396),(1,397),(1,398),(1,399),(1,400),(1,401),(1,402),(1,403),(1,404),(1,405),(1,406),(1,407),(1,408),(1,409),(1,410),(1,411),(1,412),(1,413),(1,414),(1,415),(1,416),(1,417),(1,418),(1,419),(1,420),(1,421),(1,422),(1,423),(1,424),(1,425),(1,426),(1,427),(1,428),(1,429),(1,430),(1,431),(1,432),(1,433),(1,434),(1,435),(1,436),(1,437),(1,438),(1,439),(1,440),(1,441),(1,442),(1,443),(1,444),(1,445),(1,446),(1,447),(1,448),(1,449),(1,450),(1,451),(1,452),(1,453),(1,454),(1,455),(1,456),(1,457),(1,458),(1,459),(1,460),(1,461),(1,462),(1,463),(1,464),(1,489),(1,490),(1,491),(1,492),(1,557),(1,558),(1,559),(1,560),(1,605),(1,606),(1,607),(1,608),(1,609),(1,610),(1,611),(1,612),(1,613),(1,614),(1,615),(1,616),(1,717),(1,718),(1,719),(1,720),(1,721),(1,722),(1,723),(1,724),(1,737),(1,738),(1,739),(1,740),(1,741),(1,742),(1,743),(1,744),(1,749),(1,750),(1,751),(1,752),(1,753),(1,754),(1,755),(1,756),(1,761),(1,762),(1,763),(1,764),(1,789),(1,790),(1,791),(1,792),(1,793),(1,794),(1,795),(1,796),(1,809),(1,810),(1,811),(1,812),(1,817),(1,818),(1,819),(1,820),(1,825),(1,826),(1,827),(1,828),(1,853),(1,854),(1,855),(1,856),(1,873),(1,874),(1,875),(1,876),(1,877),(1,878),(1,879),(1,880),(1,881),(1,882),(1,883),(1,884),(1,885),(1,886),(1,887),(1,888),(1,889),(1,890),(1,891),(1,892),(1,897),(1,898),(1,899),(1,900),(1,901),(1,902),(1,903),(1,904),(1,905),(1,906),(1,907),(1,908),(1,909),(1,910),(1,911),(1,912),(2,9),(2,10),(2,11),(2,12),(2,33),(2,34),(2,35),(2,36),(2,45),(2,46),(2,47),(2,48),(2,49),(2,50),(2,51),(2,52),(2,85),(2,86),(2,87),(2,88),(2,129),(2,130),(2,131),(2,132),(2,189),(2,190),(2,191),(2,192),(2,209),(2,210),(2,211),(2,212),(2,217),(2,218),(2,219),(2,220),(2,229),(2,230),(2,231),(2,232),(2,242),(2,243),(2,249),(2,250),(2,251),(2,252),(2,269),(2,270),(2,271),(2,272),(2,273),(2,274),(2,275),(2,276),(2,309),(2,310),(2,311),(2,312),(2,325),(2,326),(2,327),(2,328),(2,337),(2,338),(2,339),(2,340),(2,349),(2,350),(2,351),(2,352),(2,373),(2,374),(2,375),(2,376),(2,389),(2,390),(2,391),(2,392),(2,397),(2,398),(2,399),(2,400),(2,401),(2,402),(2,403),(2,404),(2,425),(2,426),(2,427),(2,428),(2,433),(2,434),(2,435),(2,436),(2,449),(2,450),(2,451),(2,452),(2,453),(2,454),(2,455),(2,456),(3,45),(3,46),(3,47),(3,48),(3,49),(3,50),(3,51),(3,52),(3,125),(3,126),(3,127),(3,128),(3,141),(3,142),(3,143),(3,144),(3,225),(3,226),(3,227),(3,228),(3,265),(3,266),(3,267),(3,268),(3,309),(3,310),(3,311),(3,312),(3,329),(3,330),(3,331),(3,332),(3,429),(3,430),(3,431),(3,432),(3,445),(3,446),(3,447),(3,448),(3,449),(3,450),(3,451),(3,452),(3,453),(3,454),(3,455),(3,456),(3,457),(3,458),(3,459),(3,460),(4,0),(4,9),(4,10),(4,11),(4,12),(4,17),(4,18),(4,19),(4,20),(4,41),(4,42),(4,43),(4,44),(4,45),(4,46),(4,47),(4,48),(4,49),(4,50),(4,51),(4,52),(4,129),(4,130),(4,131),(4,132),(4,154),(4,181),(4,182),(4,183),(4,184),(4,189),(4,190),(4,191),(4,192),(4,209),(4,210),(4,211),(4,212),(4,217),(4,218),(4,219),(4,220),(4,229),(4,230),(4,231),(4,232),(4,237),(4,238),(4,239),(4,240),(4,242),(4,243),(4,249),(4,250),(4,251),(4,252),(4,266),(4,309),(4,310),(4,311),(4,312),(4,317),(4,318),(4,319),(4,320),(4,330),(4,349),(4,350),(4,351),(4,352),(4,401),(4,402),(4,403),(4,404),(4,437),(4,438),(4,439),(4,440),(4,445),(4,446),(4,447),(4,448),(4,453),(4,454),(4,455),(4,456),(4,457),(4,458),(4,459),(4,460);

--
-- Table structure for table `ps_accessory`
--

CREATE TABLE `ps_accessory` (
  `id_product_1` int(10) unsigned NOT NULL,
  `id_product_2` int(10) unsigned NOT NULL,
  KEY `accessory_product` (`id_product_1`,`id_product_2`)
) ENGINE=InnoDB DEFAULT CHARSET=utf8;

--
-- Dumping data for table `ps_accessory`
--


--
-- Table structure for table `ps_address`
--

CREATE TABLE `ps_address` (
  `id_address` int(10) unsigned NOT NULL AUTO_INCREMENT,
  `id_country` int(10) unsigned NOT NULL,
  `id_state` int(10) unsigned DEFAULT NULL,
  `id_customer` int(10) unsigned NOT NULL DEFAULT '0',
  `id_manufacturer` int(10) unsigned NOT NULL DEFAULT '0',
  `id_supplier` int(10) unsigned NOT NULL DEFAULT '0',
  `id_warehouse` int(10) unsigned NOT NULL DEFAULT '0',
  `alias` varchar(32) NOT NULL,
  `company` varchar(255) DEFAULT NULL,
  `lastname` varchar(255) NOT NULL,
  `firstname` varchar(255) NOT NULL,
  `address1` varchar(128) NOT NULL,
  `address2` varchar(128) DEFAULT NULL,
  `postcode` varchar(12) DEFAULT NULL,
  `city` varchar(64) NOT NULL,
  `other` text,
  `phone` varchar(32) DEFAULT NULL,
  `phone_mobile` varchar(32) DEFAULT NULL,
  `vat_number` varchar(32) DEFAULT NULL,
  `dni` varchar(16) DEFAULT NULL,
  `date_add` datetime NOT NULL,
  `date_upd` datetime NOT NULL,
  `active` tinyint(1) unsigned NOT NULL DEFAULT '1',
  `deleted` tinyint(1) unsigned NOT NULL DEFAULT '0',
  PRIMARY KEY (`id_address`),
  KEY `address_customer` (`id_customer`),
  KEY `id_country` (`id_country`),
  KEY `id_state` (`id_state`),
  KEY `id_manufacturer` (`id_manufacturer`),
  KEY `id_supplier` (`id_supplier`),
  KEY `id_warehouse` (`id_warehouse`)
) ENGINE=InnoDB AUTO_INCREMENT=6 DEFAULT CHARSET=utf8;

--
-- Dumping data for table `ps_address`
--

INSERT INTO `ps_address` VALUES (1,21,0,1,0,0,0,'Anonymous','Anonymous','Anonymous','Anonymous','Anonymous','','00000','Anonymous','','0000000000','0000000000','0000','0000','2019-11-13 12:26:21','2019-11-13 12:26:21',1,0),(2,8,0,2,0,0,0,'Mon adresse','My Company','DOE','John','16, Main street','2nd floor','75002','Paris ','','0102030405','','','','2019-11-13 12:26:44','2019-11-13 12:26:44',1,0),(3,21,35,0,0,0,0,'supplier','Fashion','supplier','supplier','767 Fifth Ave.','','10153','New York','','(212) 336-1440','','','','2019-11-13 12:26:44','2019-11-13 12:26:44',1,0),(4,21,35,0,1,0,0,'manufacturer','Fashion','manufacturer','manufacturer','767 Fifth Ave.','','10154','New York','','(212) 336-1666','','','','2019-11-13 12:26:44','2019-11-13 12:26:44',1,0),(5,21,12,2,0,0,0,'My address','My Company','DOE','John','16, Main street','2nd floor','33133','Miami','','0102030405','','','','2019-11-13 12:26:44','2019-11-13 12:26:44',1,0);

--
-- Table structure for table `ps_address_format`
--

CREATE TABLE `ps_address_format` (
  `id_country` int(10) unsigned NOT NULL,
  `format` varchar(255) NOT NULL DEFAULT '',
  PRIMARY KEY (`id_country`)
) ENGINE=InnoDB DEFAULT CHARSET=utf8;

--
-- Dumping data for table `ps_address_format`
--

INSERT INTO `ps_address_format` VALUES (1,'firstname lastname\ncompany\nvat_number\naddress1\naddress2\npostcode city\nCountry:name\nphone'),(2,'firstname lastname\ncompany\nvat_number\naddress1\naddress2\npostcode city\nCountry:name\nphone'),(3,'firstname lastname\ncompany\nvat_number\naddress1\naddress2\npostcode city\nCountry:name\nphone'),(4,'firstname lastname\ncompany\naddress1\naddress2\ncity State:name postcode\nCountry:name\nphone'),(5,'firstname lastname\ncompany\nvat_number\naddress1\naddress2\npostcode city\nCountry:name\nphone'),(6,'firstname lastname\ncompany\nvat_number\naddress1\naddress2\npostcode city\nCountry:name\nphone'),(7,'firstname lastname\ncompany\nvat_number\naddress1\naddress2\npostcode city\nCountry:name\nphone'),(8,'firstname lastname\ncompany\nvat_number\naddress1\naddress2\npostcode city\nCountry:name\nphone'),(9,'firstname lastname\ncompany\nvat_number\naddress1\naddress2\npostcode city\nCountry:name\nphone'),(10,'firstname lastname\ncompany\nvat_number\naddress1\naddress2\npostcode city\nState:name\nCountry:name\nphone'),(11,'firstname lastname\ncompany\nvat_number\naddress1\naddress2\npostcode city\nState:name\nCountry:name\nphone'),(12,'firstname lastname\ncompany\nvat_number\naddress1\naddress2\npostcode city\nCountry:name\nphone'),(13,'firstname lastname\ncompany\nvat_number\naddress1\naddress2\npostcode city\nCountry:name\nphone'),(14,'firstname lastname\ncompany\nvat_number\naddress1\naddress2\npostcode city\nCountry:name\nphone'),(15,'firstname lastname\ncompany\nvat_number\naddress1\naddress2\npostcode city\nCountry:name\nphone'),(16,'firstname lastname\ncompany\nvat_number\naddress1\naddress2\npostcode city\nCountry:name\nphone'),(17,'firstname lastname\ncompany\nvat_number\naddress1\naddress2\ncity\npostcode\nCountry:name\nphone'),(18,'firstname lastname\ncompany\nvat_number\naddress1\naddress2\npostcode city\nCountry:name\nphone'),(19,'firstname lastname\ncompany\nvat_number\naddress1\naddress2\npostcode city\nCountry:name\nphone'),(20,'firstname lastname\ncompany\nvat_number\naddress1\naddress2\npostcode city\nCountry:name\nphone'),(21,'firstname lastname\ncompany\naddress1 address2\ncity, State:name postcode\nCountry:name\nphone'),(22,'firstname lastname\ncompany\nvat_number\naddress1\naddress2\npostcode city\nCountry:name\nphone'),(23,'firstname lastname\ncompany\nvat_number\naddress1\naddress2\npostcode city\nCountry:name\nphone'),(24,'firstname lastname\ncompany\nvat_number\naddress1\naddress2\ncity State:iso_code postcode\nCountry:name\nphone'),(25,'firstname lastname\ncompany\nvat_number\naddress1\naddress2\npostcode city\nCountry:name\nphone'),(26,'firstname lastname\ncompany\nvat_number\naddress1\naddress2\npostcode city\nCountry:name\nphone'),(27,'firstname lastname\ncompany\nvat_number\naddress1\naddress2\npostcode city\nCountry:name\nphone'),(28,'firstname lastname\ncompany\nvat_number\naddress1\naddress2\npostcode city\nCountry:name\nphone'),(29,'firstname lastname\ncompany\nvat_number\naddress1\naddress2\npostcode city\nCountry:name\nphone'),(30,'firstname lastname\ncompany\nvat_number\naddress1\naddress2\npostcode city\nCountry:name\nphone'),(31,'firstname lastname\ncompany\nvat_number\naddress1\naddress2\npostcode city\nCountry:name\nphone'),(32,'firstname lastname\ncompany\nvat_number\naddress1\naddress2\npostcode city\nCountry:name\nphone'),(33,'firstname lastname\ncompany\nvat_number\naddress1\naddress2\npostcode city\nCountry:name\nphone'),(34,'firstname lastname\ncompany\nvat_number\naddress1\naddress2\npostcode city\nCountry:name\nphone'),(35,'firstname lastname\ncompany\nvat_number\naddress1\naddress2\npostcode city\nCountry:name\nphone'),(36,'firstname lastname\ncompany\nvat_number\naddress1\naddress2\npostcode city\nCountry:name\nphone'),(37,'firstname lastname\ncompany\nvat_number\naddress1\naddress2\npostcode city\nCountry:name\nphone'),(38,'firstname lastname\ncompany\nvat_number\naddress1\naddress2\npostcode city\nCountry:name\nphone'),(39,'firstname lastname\ncompany\nvat_number\naddress1\naddress2\npostcode city\nCountry:name\nphone'),(40,'firstname lastname\ncompany\nvat_number\naddress1\naddress2\npostcode city\nCountry:name\nphone'),(41,'firstname lastname\ncompany\nvat_number\naddress1\naddress2\npostcode city\nCountry:name\nphone'),(42,'firstname lastname\ncompany\nvat_number\naddress1\naddress2\npostcode city\nCountry:name\nphone'),(43,'firstname lastname\ncompany\nvat_number\naddress1\naddress2\npostcode city\nCountry:name\nphone'),(44,'firstname lastname\ncompany\nvat_number\naddress1\naddress2\npostcode city\nState:name\nCountry:name\nphone'),(45,'firstname lastname\ncompany\nvat_number\naddress1\naddress2\npostcode city\nCountry:name\nphone'),(46,'firstname lastname\ncompany\nvat_number\naddress1\naddress2\npostcode city\nCountry:name\nphone'),(47,'firstname lastname\ncompany\nvat_number\naddress1\naddress2\npostcode city\nCountry:name\nphone'),(48,'firstname lastname\ncompany\nvat_number\naddress1\naddress2\npostcode city\nCountry:name\nphone'),(49,'firstname lastname\ncompany\nvat_number\naddress1\naddress2\npostcode city\nCountry:name\nphone'),(50,'firstname lastname\ncompany\nvat_number\naddress1\naddress2\npostcode city\nCountry:name\nphone'),(51,'firstname lastname\ncompany\nvat_number\naddress1\naddress2\npostcode city\nCountry:name\nphone'),(52,'firstname lastname\ncompany\nvat_number\naddress1\naddress2\npostcode city\nCountry:name\nphone'),(53,'firstname lastname\ncompany\nvat_number\naddress1\naddress2\npostcode city\nCountry:name\nphone'),(54,'firstname lastname\ncompany\nvat_number\naddress1\naddress2\npostcode city\nCountry:name\nphone'),(55,'firstname lastname\ncompany\nvat_number\naddress1\naddress2\npostcode city\nCountry:name\nphone'),(56,'firstname lastname\ncompany\nvat_number\naddress1\naddress2\npostcode city\nCountry:name\nphone'),(57,'firstname lastname\ncompany\nvat_number\naddress1\naddress2\npostcode city\nCountry:name\nphone'),(58,'firstname lastname\ncompany\nvat_number\naddress1\naddress2\npostcode city\nCountry:name\nphone'),(59,'firstname lastname\ncompany\nvat_number\naddress1\naddress2\npostcode city\nCountry:name\nphone'),(60,'firstname lastname\ncompany\nvat_number\naddress1\naddress2\npostcode city\nCountry:name\nphone'),(61,'firstname lastname\ncompany\nvat_number\naddress1\naddress2\npostcode city\nCountry:name\nphone'),(62,'firstname lastname\ncompany\nvat_number\naddress1\naddress2\npostcode city\nCountry:name\nphone'),(63,'firstname lastname\ncompany\nvat_number\naddress1\naddress2\npostcode city\nCountry:name\nphone'),(64,'firstname lastname\ncompany\nvat_number\naddress1\naddress2\npostcode city\nCountry:name\nphone'),(65,'firstname lastname\ncompany\nvat_number\naddress1\naddress2\npostcode city\nCountry:name\nphone'),(66,'firstname lastname\ncompany\nvat_number\naddress1\naddress2\npostcode city\nCountry:name\nphone'),(67,'firstname lastname\ncompany\nvat_number\naddress1\naddress2\npostcode city\nCountry:name\nphone'),(68,'firstname lastname\ncompany\nvat_number\naddress1\naddress2\npostcode city\nCountry:name\nphone'),(69,'firstname lastname\ncompany\nvat_number\naddress1\naddress2\npostcode city\nCountry:name\nphone'),(70,'firstname lastname\ncompany\nvat_number\naddress1\naddress2\npostcode city\nCountry:name\nphone'),(71,'firstname lastname\ncompany\nvat_number\naddress1\naddress2\npostcode city\nCountry:name\nphone'),(72,'firstname lastname\ncompany\nvat_number\naddress1\naddress2\npostcode city\nCountry:name\nphone'),(73,'firstname lastname\ncompany\nvat_number\naddress1\naddress2\npostcode city\nCountry:name\nphone'),(74,'firstname lastname\ncompany\nvat_number\naddress1\naddress2\npostcode city\nCountry:name\nphone'),(75,'firstname lastname\ncompany\nvat_number\naddress1\naddress2\npostcode city\nCountry:name\nphone'),(76,'firstname lastname\ncompany\nvat_number\naddress1\naddress2\npostcode city\nCountry:name\nphone'),(77,'firstname lastname\ncompany\nvat_number\naddress1\naddress2\npostcode city\nCountry:name\nphone'),(78,'firstname lastname\ncompany\nvat_number\naddress1\naddress2\npostcode city\nCountry:name\nphone'),(79,'firstname lastname\ncompany\nvat_number\naddress1\naddress2\npostcode city\nCountry:name\nphone'),(80,'firstname lastname\ncompany\nvat_number\naddress1\naddress2\npostcode city\nCountry:name\nphone'),(81,'firstname lastname\ncompany\nvat_number\naddress1\naddress2\npostcode city\nCountry:name\nphone'),(82,'firstname lastname\ncompany\nvat_number\naddress1\naddress2\npostcode city\nCountry:name\nphone'),(83,'firstname lastname\ncompany\nvat_number\naddress1\naddress2\npostcode city\nCountry:name\nphone'),(84,'firstname lastname\ncompany\nvat_number\naddress1\naddress2\npostcode city\nCountry:name\nphone'),(85,'firstname lastname\ncompany\nvat_number\naddress1\naddress2\npostcode city\nCountry:name\nphone'),(86,'firstname lastname\ncompany\nvat_number\naddress1\naddress2\npostcode city\nCountry:name\nphone'),(87,'firstname lastname\ncompany\nvat_number\naddress1\naddress2\npostcode city\nCountry:name\nphone'),(88,'firstname lastname\ncompany\nvat_number\naddress1\naddress2\npostcode city\nCountry:name\nphone'),(89,'firstname lastname\ncompany\nvat_number\naddress1\naddress2\npostcode city\nCountry:name\nphone'),(90,'firstname lastname\ncompany\nvat_number\naddress1\naddress2\npostcode city\nCountry:name\nphone'),(91,'firstname lastname\ncompany\nvat_number\naddress1\naddress2\npostcode city\nCountry:name\nphone'),(92,'firstname lastname\ncompany\nvat_number\naddress1\naddress2\npostcode city\nCountry:name\nphone'),(93,'firstname lastname\ncompany\nvat_number\naddress1\naddress2\npostcode city\nCountry:name\nphone'),(94,'firstname lastname\ncompany\nvat_number\naddress1\naddress2\npostcode city\nCountry:name\nphone'),(95,'firstname lastname\ncompany\nvat_number\naddress1\naddress2\npostcode city\nCountry:name\nphone'),(96,'firstname lastname\ncompany\nvat_number\naddress1\naddress2\npostcode city\nCountry:name\nphone'),(97,'firstname lastname\ncompany\nvat_number\naddress1\naddress2\npostcode city\nCountry:name\nphone'),(98,'firstname lastname\ncompany\nvat_number\naddress1\naddress2\npostcode city\nCountry:name\nphone'),(99,'firstname lastname\ncompany\nvat_number\naddress1\naddress2\npostcode city\nCountry:name\nphone'),(100,'firstname lastname\ncompany\nvat_number\naddress1\naddress2\npostcode city\nCountry:name\nphone'),(101,'firstname lastname\ncompany\nvat_number\naddress1\naddress2\npostcode city\nCountry:name\nphone'),(102,'firstname lastname\ncompany\nvat_number\naddress1\naddress2\npostcode city\nCountry:name\nphone'),(103,'firstname lastname\ncompany\nvat_number\naddress1\naddress2\npostcode city\nCountry:name\nphone'),(104,'firstname lastname\ncompany\nvat_number\naddress1\naddress2\npostcode city\nCountry:name\nphone'),(105,'firstname lastname\ncompany\nvat_number\naddress1\naddress2\npostcode city\nCountry:name\nphone'),(106,'firstname lastname\ncompany\nvat_number\naddress1\naddress2\npostcode city\nCountry:name\nphone'),(107,'firstname lastname\ncompany\nvat_number\naddress1\naddress2\npostcode city\nCountry:name\nphone'),(108,'firstname lastname\ncompany\nvat_number\naddress1\naddress2\npostcode city\nCountry:name\nphone'),(109,'firstname lastname\ncompany\nvat_number\naddress1\naddress2\npostcode city\nCountry:name\nphone'),(110,'firstname lastname\ncompany\nvat_number\naddress1\naddress2\ncity\npostcode\nState:name\nCountry:name\nphone'),(111,'firstname lastname\ncompany\nvat_number\naddress1\naddress2\npostcode city\nState:name\nCountry:name\nphone'),(112,'firstname lastname\ncompany\nvat_number\naddress1\naddress2\npostcode city\nCountry:name\nphone'),(113,'firstname lastname\ncompany\nvat_number\naddress1\naddress2\npostcode city\nCountry:name\nphone'),(114,'firstname lastname\ncompany\nvat_number\naddress1\naddress2\npostcode city\nCountry:name\nphone'),(115,'firstname lastname\ncompany\nvat_number\naddress1\naddress2\npostcode city\nCountry:name\nphone'),(116,'firstname lastname\ncompany\nvat_number\naddress1\naddress2\npostcode city\nCountry:name\nphone'),(117,'firstname lastname\ncompany\nvat_number\naddress1\naddress2\npostcode city\nCountry:name\nphone'),(118,'firstname lastname\ncompany\nvat_number\naddress1\naddress2\npostcode city\nCountry:name\nphone'),(119,'firstname lastname\ncompany\nvat_number\naddress1\naddress2\npostcode city\nCountry:name\nphone'),(120,'firstname lastname\ncompany\nvat_number\naddress1\naddress2\npostcode city\nCountry:name\nphone'),(121,'firstname lastname\ncompany\nvat_number\naddress1\naddress2\npostcode city\nCountry:name\nphone'),(122,'firstname lastname\ncompany\nvat_number\naddress1\naddress2\npostcode city\nCountry:name\nphone'),(123,'firstname lastname\ncompany\nvat_number\naddress1\naddress2\npostcode city\nCountry:name\nphone'),(124,'firstname lastname\ncompany\nvat_number\naddress1\naddress2\npostcode city\nCountry:name\nphone'),(125,'firstname lastname\ncompany\nvat_number\naddress1\naddress2\npostcode city\nCountry:name\nphone'),(126,'firstname lastname\ncompany\nvat_number\naddress1\naddress2\npostcode city\nCountry:name\nphone'),(127,'firstname lastname\ncompany\nvat_number\naddress1\naddress2\npostcode city\nCountry:name\nphone'),(128,'firstname lastname\ncompany\nvat_number\naddress1\naddress2\npostcode city\nCountry:name\nphone'),(129,'firstname lastname\ncompany\nvat_number\naddress1\naddress2\npostcode city\nCountry:name\nphone'),(130,'firstname lastname\ncompany\nvat_number\naddress1\naddress2\npostcode city\nCountry:name\nphone'),(131,'firstname lastname\ncompany\nvat_number\naddress1\naddress2\npostcode city\nCountry:name\nphone'),(132,'firstname lastname\ncompany\nvat_number\naddress1\naddress2\npostcode city\nCountry:name\nphone'),(133,'firstname lastname\ncompany\nvat_number\naddress1\naddress2\npostcode city\nCountry:name\nphone'),(134,'firstname lastname\ncompany\nvat_number\naddress1\naddress2\npostcode city\nCountry:name\nphone'),(135,'firstname lastname\ncompany\nvat_number\naddress1\naddress2\npostcode city\nCountry:name\nphone'),(136,'firstname lastname\ncompany\nvat_number\naddress1\naddress2\npostcode city\nCountry:name\nphone'),(137,'firstname lastname\ncompany\nvat_number\naddress1\naddress2\npostcode city\nCountry:name\nphone'),(138,'firstname lastname\ncompany\nvat_number\naddress1\naddress2\npostcode city\nCountry:name\nphone'),(139,'firstname lastname\ncompany\nvat_number\naddress1\naddress2\npostcode city\nCountry:name\nphone'),(140,'firstname lastname\ncompany\nvat_number\naddress1\naddress2\npostcode city\nCountry:name\nphone'),(141,'firstname lastname\ncompany\nvat_number\naddress1\naddress2\npostcode city\nCountry:name\nphone'),(142,'firstname lastname\ncompany\nvat_number\naddress1\naddress2\npostcode city\nCountry:name\nphone'),(143,'firstname lastname\ncompany\nvat_number\naddress1\naddress2\npostcode city\nCountry:name\nphone'),(144,'firstname lastname\ncompany\nvat_number\naddress1\naddress2\npostcode city\nCountry:name\nphone'),(145,'firstname lastname\ncompany\nvat_number\naddress1\naddress2\npostcode city\nState:name\nCountry:name\nphone'),(146,'firstname lastname\ncompany\nvat_number\naddress1\naddress2\npostcode city\nCountry:name\nphone'),(147,'firstname lastname\ncompany\nvat_number\naddress1\naddress2\npostcode city\nCountry:name\nphone'),(148,'firstname lastname\ncompany\nvat_number\naddress1\naddress2\npostcode city\nCountry:name\nphone'),(149,'firstname lastname\ncompany\nvat_number\naddress1\naddress2\npostcode city\nCountry:name\nphone'),(150,'firstname lastname\ncompany\nvat_number\naddress1\naddress2\npostcode city\nCountry:name\nphone'),(151,'firstname lastname\ncompany\nvat_number\naddress1\naddress2\npostcode city\nCountry:name\nphone'),(152,'firstname lastname\ncompany\nvat_number\naddress1\naddress2\npostcode city\nCountry:name\nphone'),(153,'firstname lastname\ncompany\nvat_number\naddress1\naddress2\npostcode city\nCountry:name\nphone'),(154,'firstname lastname\ncompany\nvat_number\naddress1\naddress2\npostcode city\nCountry:name\nphone'),(155,'firstname lastname\ncompany\nvat_number\naddress1\naddress2\npostcode city\nCountry:name\nphone'),(156,'firstname lastname\ncompany\nvat_number\naddress1\naddress2\npostcode city\nCountry:name\nphone'),(157,'firstname lastname\ncompany\nvat_number\naddress1\naddress2\npostcode city\nCountry:name\nphone'),(158,'firstname lastname\ncompany\nvat_number\naddress1\naddress2\npostcode city\nCountry:name\nphone'),(159,'firstname lastname\ncompany\nvat_number\naddress1\naddress2\npostcode city\nCountry:name\nphone'),(160,'firstname lastname\ncompany\nvat_number\naddress1\naddress2\npostcode city\nCountry:name\nphone'),(161,'firstname lastname\ncompany\nvat_number\naddress1\naddress2\npostcode city\nCountry:name\nphone'),(162,'firstname lastname\ncompany\nvat_number\naddress1\naddress2\npostcode city\nCountry:name\nphone'),(163,'firstname lastname\ncompany\nvat_number\naddress1\naddress2\npostcode city\nCountry:name\nphone'),(164,'firstname lastname\ncompany\nvat_number\naddress1\naddress2\npostcode city\nCountry:name\nphone'),(165,'firstname lastname\ncompany\nvat_number\naddress1\naddress2\npostcode city\nCountry:name\nphone'),(166,'firstname lastname\ncompany\nvat_number\naddress1\naddress2\npostcode city\nCountry:name\nphone'),(167,'firstname lastname\ncompany\nvat_number\naddress1\naddress2\npostcode city\nCountry:name\nphone'),(168,'firstname lastname\ncompany\nvat_number\naddress1\naddress2\npostcode city\nCountry:name\nphone'),(169,'firstname lastname\ncompany\nvat_number\naddress1\naddress2\npostcode city\nCountry:name\nphone'),(170,'firstname lastname\ncompany\nvat_number\naddress1\naddress2\npostcode city\nCountry:name\nphone'),(171,'firstname lastname\ncompany\nvat_number\naddress1\naddress2\npostcode city\nCountry:name\nphone'),(172,'firstname lastname\ncompany\nvat_number\naddress1\naddress2\npostcode city\nCountry:name\nphone'),(173,'firstname lastname\ncompany\nvat_number\naddress1\naddress2\npostcode city\nCountry:name\nphone'),(174,'firstname lastname\ncompany\nvat_number\naddress1\naddress2\npostcode city\nCountry:name\nphone'),(175,'firstname lastname\ncompany\nvat_number\naddress1\naddress2\npostcode city\nCountry:name\nphone'),(176,'firstname lastname\ncompany\nvat_number\naddress1\naddress2\npostcode city\nCountry:name\nphone'),(177,'firstname lastname\ncompany\nvat_number\naddress1\naddress2\npostcode city\nCountry:name\nphone'),(178,'firstname lastname\ncompany\nvat_number\naddress1\naddress2\npostcode city\nCountry:name\nphone'),(179,'firstname lastname\ncompany\nvat_number\naddress1\naddress2\npostcode city\nCountry:name\nphone'),(180,'firstname lastname\ncompany\nvat_number\naddress1\naddress2\npostcode city\nCountry:name\nphone'),(181,'firstname lastname\ncompany\nvat_number\naddress1\naddress2\npostcode city\nCountry:name\nphone'),(182,'firstname lastname\ncompany\nvat_number\naddress1\naddress2\npostcode city\nCountry:name\nphone'),(183,'firstname lastname\ncompany\nvat_number\naddress1\naddress2\npostcode city\nCountry:name\nphone'),(184,'firstname lastname\ncompany\nvat_number\naddress1\naddress2\npostcode city\nCountry:name\nphone'),(185,'firstname lastname\ncompany\nvat_number\naddress1\naddress2\npostcode city\nCountry:name\nphone'),(186,'firstname lastname\ncompany\nvat_number\naddress1\naddress2\npostcode city\nCountry:name\nphone'),(187,'firstname lastname\ncompany\nvat_number\naddress1\naddress2\npostcode city\nCountry:name\nphone'),(188,'firstname lastname\ncompany\nvat_number\naddress1\naddress2\npostcode city\nCountry:name\nphone'),(189,'firstname lastname\ncompany\nvat_number\naddress1\naddress2\npostcode city\nCountry:name\nphone'),(190,'firstname lastname\ncompany\nvat_number\naddress1\naddress2\npostcode city\nCountry:name\nphone'),(191,'firstname lastname\ncompany\nvat_number\naddress1\naddress2\npostcode city\nCountry:name\nphone'),(192,'firstname lastname\ncompany\nvat_number\naddress1\naddress2\npostcode city\nCountry:name\nphone'),(193,'firstname lastname\ncompany\nvat_number\naddress1\naddress2\npostcode city\nCountry:name\nphone'),(194,'firstname lastname\ncompany\nvat_number\naddress1\naddress2\npostcode city\nCountry:name\nphone'),(195,'firstname lastname\ncompany\nvat_number\naddress1\naddress2\npostcode city\nCountry:name\nphone'),(196,'firstname lastname\ncompany\nvat_number\naddress1\naddress2\npostcode city\nCountry:name\nphone'),(197,'firstname lastname\ncompany\nvat_number\naddress1\naddress2\npostcode city\nCountry:name\nphone'),(198,'firstname lastname\ncompany\nvat_number\naddress1\naddress2\npostcode city\nCountry:name\nphone'),(199,'firstname lastname\ncompany\nvat_number\naddress1\naddress2\npostcode city\nCountry:name\nphone'),(200,'firstname lastname\ncompany\nvat_number\naddress1\naddress2\npostcode city\nCountry:name\nphone'),(201,'firstname lastname\ncompany\nvat_number\naddress1\naddress2\npostcode city\nCountry:name\nphone'),(202,'firstname lastname\ncompany\nvat_number\naddress1\naddress2\npostcode city\nCountry:name\nphone'),(203,'firstname lastname\ncompany\nvat_number\naddress1\naddress2\npostcode city\nCountry:name\nphone'),(204,'firstname lastname\ncompany\nvat_number\naddress1\naddress2\npostcode city\nCountry:name\nphone'),(205,'firstname lastname\ncompany\nvat_number\naddress1\naddress2\npostcode city\nCountry:name\nphone'),(206,'firstname lastname\ncompany\nvat_number\naddress1\naddress2\npostcode city\nCountry:name\nphone'),(207,'firstname lastname\ncompany\nvat_number\naddress1\naddress2\npostcode city\nCountry:name\nphone'),(208,'firstname lastname\ncompany\nvat_number\naddress1\naddress2\npostcode city\nCountry:name\nphone'),(209,'firstname lastname\ncompany\nvat_number\naddress1\naddress2\npostcode city\nCountry:name\nphone'),(210,'firstname lastname\ncompany\nvat_number\naddress1\naddress2\npostcode city\nCountry:name\nphone'),(211,'firstname lastname\ncompany\nvat_number\naddress1\naddress2\npostcode city\nCountry:name\nphone'),(212,'firstname lastname\ncompany\nvat_number\naddress1\naddress2\npostcode city\nCountry:name\nphone'),(213,'firstname lastname\ncompany\nvat_number\naddress1\naddress2\npostcode city\nCountry:name\nphone'),(214,'firstname lastname\ncompany\nvat_number\naddress1\naddress2\npostcode city\nCountry:name\nphone'),(215,'firstname lastname\ncompany\nvat_number\naddress1\naddress2\npostcode city\nCountry:name\nphone'),(216,'firstname lastname\ncompany\nvat_number\naddress1\naddress2\npostcode city\nCountry:name\nphone'),(217,'firstname lastname\ncompany\nvat_number\naddress1\naddress2\npostcode city\nCountry:name\nphone'),(218,'firstname lastname\ncompany\nvat_number\naddress1\naddress2\npostcode city\nCountry:name\nphone'),(219,'firstname lastname\ncompany\nvat_number\naddress1\naddress2\npostcode city\nCountry:name\nphone'),(220,'firstname lastname\ncompany\nvat_number\naddress1\naddress2\npostcode city\nCountry:name\nphone'),(221,'firstname lastname\ncompany\nvat_number\naddress1\naddress2\npostcode city\nCountry:name\nphone'),(222,'firstname lastname\ncompany\nvat_number\naddress1\naddress2\npostcode city\nCountry:name\nphone'),(223,'firstname lastname\ncompany\nvat_number\naddress1\naddress2\npostcode city\nCountry:name\nphone'),(224,'firstname lastname\ncompany\nvat_number\naddress1\naddress2\npostcode city\nCountry:name\nphone'),(225,'firstname lastname\ncompany\nvat_number\naddress1\naddress2\npostcode city\nCountry:name\nphone'),(226,'firstname lastname\ncompany\nvat_number\naddress1\naddress2\npostcode city\nCountry:name\nphone'),(227,'firstname lastname\ncompany\nvat_number\naddress1\naddress2\npostcode city\nCountry:name\nphone'),(228,'firstname lastname\ncompany\nvat_number\naddress1\naddress2\npostcode city\nCountry:name\nphone'),(229,'firstname lastname\ncompany\nvat_number\naddress1\naddress2\npostcode city\nCountry:name\nphone'),(230,'firstname lastname\ncompany\nvat_number\naddress1\naddress2\npostcode city\nCountry:name\nphone'),(231,'firstname lastname\ncompany\nvat_number\naddress1\naddress2\npostcode city\nCountry:name\nphone'),(232,'firstname lastname\ncompany\nvat_number\naddress1\naddress2\npostcode city\nCountry:name\nphone'),(233,'firstname lastname\ncompany\nvat_number\naddress1\naddress2\npostcode city\nCountry:name\nphone'),(234,'firstname lastname\ncompany\nvat_number\naddress1\naddress2\npostcode city\nCountry:name\nphone'),(235,'firstname lastname\ncompany\nvat_number\naddress1\naddress2\npostcode city\nCountry:name\nphone'),(236,'firstname lastname\ncompany\nvat_number\naddress1\naddress2\npostcode city\nCountry:name\nphone'),(237,'firstname lastname\ncompany\nvat_number\naddress1\naddress2\npostcode city\nCountry:name\nphone'),(238,'firstname lastname\ncompany\nvat_number\naddress1\naddress2\npostcode city\nCountry:name\nphone'),(239,'firstname lastname\ncompany\nvat_number\naddress1\naddress2\npostcode city\nCountry:name\nphone'),(240,'firstname lastname\ncompany\nvat_number\naddress1\naddress2\npostcode city\nCountry:name\nphone'),(241,'firstname lastname\ncompany\nvat_number\naddress1\naddress2\npostcode city\nCountry:name\nphone'),(242,'firstname lastname\ncompany\nvat_number\naddress1\naddress2\npostcode city\nCountry:name\nphone'),(243,'firstname lastname\ncompany\nvat_number\naddress1\naddress2\npostcode city\nCountry:name\nphone'),(244,'firstname lastname\ncompany\nvat_number\naddress1\naddress2\npostcode city\nCountry:name\nphone');

--
-- Table structure for table `ps_admin_filter`
--

CREATE TABLE `ps_admin_filter` (
  `id` int(11) NOT NULL AUTO_INCREMENT,
  `employee` int(11) NOT NULL,
  `shop` int(11) NOT NULL,
  `controller` varchar(60) COLLATE utf8_unicode_ci NOT NULL,
  `action` varchar(100) COLLATE utf8_unicode_ci NOT NULL,
  `filter` longtext COLLATE utf8_unicode_ci NOT NULL,
  `filter_id` varchar(255) COLLATE utf8_unicode_ci NOT NULL,
  PRIMARY KEY (`id`),
  UNIQUE KEY `admin_filter_search_id_idx` (`employee`,`shop`,`controller`,`action`,`filter_id`)
) ENGINE=InnoDB AUTO_INCREMENT=16 DEFAULT CHARSET=utf8 COLLATE=utf8_unicode_ci;

--
-- Dumping data for table `ps_admin_filter`
--

INSERT INTO `ps_admin_filter` VALUES (1,1,1,'contacts','index','{\"limit\":10,\"orderBy\":\"id_contact\",\"sortOrder\":\"asc\",\"filters\":[]}',''),(2,1,1,'meta','index','{\"limit\":50,\"orderBy\":\"id_meta\",\"sortOrder\":\"asc\",\"filters\":[]}',''),(3,1,1,'email','index','{\"limit\":50,\"orderBy\":\"id_mail\",\"sortOrder\":\"desc\",\"filters\":[]}',''),(4,1,1,'webservice','index','{\"limit\":50,\"orderBy\":\"id_webservice_account\",\"sortOrder\":\"asc\",\"filters\":[]}',''),(5,1,1,'ProductController','catalogAction','{\"filter_category\":\"\",\"filter_column_id_product\":\"\",\"filter_column_name\":\"\",\"filter_column_reference\":\"\",\"filter_column_name_category\":\"\",\"filter_column_price\":\"\",\"filter_column_sav_quantity\":\"\",\"filter_column_active\":\"\",\"last_offset\":\"0\",\"last_limit\":\"20\",\"last_orderBy\":\"id_product\",\"last_sortOrder\":\"desc\"}',''),(6,1,1,'category','index','{\"orderBy\":\"position\",\"sortOrder\":\"asc\",\"limit\":50,\"filters\":{\"id_category_parent\":\"2\"}}',''),(7,1,1,'','','{\"limit\":10,\"orderBy\":\"name\",\"sortOrder\":\"asc\",\"filters\":[]}','manufacturer'),(8,1,1,'','','{\"limit\":10,\"orderBy\":\"id_address\",\"sortOrder\":\"desc\",\"filters\":[]}','manufacturer_address'),(9,1,1,'customer','index','{\"limit\":50,\"orderBy\":\"date_add\",\"sortOrder\":\"DESC\",\"filters\":[]}',''),(10,1,1,'','','{\"limit\":50,\"orderBy\":\"id_lang\",\"sortOrder\":\"ASC\",\"filters\":[]}','language'),(11,1,1,'','','{\"limit\":50,\"orderBy\":\"id_currency\",\"sortOrder\":\"asc\",\"filters\":[]}','currency'),(12,1,1,'tax','index','{\"limit\":50,\"orderBy\":\"id_tax\",\"sortOrder\":\"asc\",\"filters\":[]}',''),(13,1,1,'employee','index','{\"limit\":50,\"orderBy\":\"id_employee\",\"sortOrder\":\"asc\",\"filters\":[]}',''),(14,1,1,'','','{\"orderBy\":\"position\",\"sortOrder\":\"asc\",\"limit\":50,\"filters\":{\"id_cms_category_parent\":1}}','cms_page_category'),(15,1,1,'','','{\"orderBy\":\"position\",\"sortOrder\":\"asc\",\"limit\":50,\"filters\":{\"id_cms_category_parent\":1}}','cms_page');

--
-- Table structure for table `ps_advice`
--

CREATE TABLE `ps_advice` (
  `id_advice` int(11) NOT NULL AUTO_INCREMENT,
  `id_ps_advice` int(11) NOT NULL,
  `id_tab` int(11) NOT NULL,
  `ids_tab` text,
  `validated` tinyint(1) unsigned NOT NULL DEFAULT '0',
  `hide` tinyint(1) NOT NULL DEFAULT '0',
  `location` enum('after','before') NOT NULL,
  `selector` varchar(255) DEFAULT NULL,
  `start_day` int(11) NOT NULL DEFAULT '0',
  `stop_day` int(11) NOT NULL DEFAULT '0',
  `weight` int(11) DEFAULT '1',
  PRIMARY KEY (`id_advice`)
) ENGINE=InnoDB AUTO_INCREMENT=33 DEFAULT CHARSET=utf8;

--
-- Dumping data for table `ps_advice`
--

INSERT INTO `ps_advice` VALUES (1,2147483647,1,NULL,1,0,'after','#dashtrends',0,0,1),(2,2147483647,1,NULL,1,0,'after','#dashtrends',0,0,1),(4,2147483647,1,NULL,1,0,'after','#dashtrends',0,0,1),(7,2147483647,1,NULL,1,0,'after','#dashtrends',0,0,1),(8,2147483647,1,NULL,1,0,'after','.dash_news',0,0,1),(9,2147483647,1,NULL,1,0,'after','.dash_news',0,0,1),(10,2147483647,1,NULL,1,0,'after','.dash_news',0,0,1),(11,2147483647,1,NULL,1,0,'after','.dash_news',0,0,1),(12,2147483647,1,NULL,1,0,'after','.dash_news',0,0,1),(13,2147483647,1,NULL,1,0,'after','.dash_news',0,0,1),(14,2147483647,1,NULL,1,0,'after','.dash_news',0,0,1),(17,2147483647,1,NULL,1,0,'after','#dashtrends',0,0,1),(18,2147483647,1,NULL,1,0,'after','#dashtrends',0,0,1),(19,853,1,NULL,1,0,'after','#dashtrends',0,0,1),(20,2147483647,1,NULL,1,0,'after','#dashtrends',0,0,1),(21,674,1,NULL,1,0,'after','#dashtrends',0,0,1),(22,765,1,NULL,1,0,'after','#dashtrends',0,0,1),(23,2147483647,1,NULL,1,0,'after','#dashtrends',0,0,1),(24,2147483647,1,NULL,1,0,'after','.dash_news',0,0,1),(25,2147483647,1,NULL,1,0,'after','.dash_news',0,0,1),(26,2147483647,1,NULL,1,0,'after','.dash_news',0,0,1),(27,2147483647,1,NULL,1,0,'after','.dash_news',0,0,1),(28,2147483647,1,NULL,1,0,'after','.dash_news',0,0,1),(29,2147483647,1,NULL,1,0,'after','.dash_news',0,0,1),(30,2147483647,1,NULL,1,0,'after','.dash_news',0,0,1),(31,2147483647,1,NULL,1,0,'after','.dash_news',0,0,1),(32,828,1,NULL,1,0,'after','.dash_news',0,0,1);

--
-- Table structure for table `ps_advice_lang`
--

CREATE TABLE `ps_advice_lang` (
  `id_advice` int(11) NOT NULL,
  `id_lang` int(11) NOT NULL,
  `html` text,
  PRIMARY KEY (`id_advice`,`id_lang`)
) ENGINE=InnoDB DEFAULT CHARSET=utf8;

--
-- Dumping data for table `ps_advice_lang`
--

INSERT INTO `ps_advice_lang` VALUES (1,1,'<div id=\"wrap_id_advice_1572888514763\">\n            <div class=\"col-lg-6\">\n              <section id=\"\" class=\"panel panel-advice\" style=\"position: relative; padding: 10px; min-height: 75px;\">\n                <a href=\"#\" id=\"1572888514763\" class=\"close_link gamification_premium_close\" style=\"display: none; position: absolute; top: 10px; right: 10px;\">\n                  <i class=\"icon-remove\"></i>\n                </a>\n                <span class=\"gamification-close-confirmation hide\">\n                  Are you sure?\n                  <button class=\"btn btn-default btn-sm\" data-advice=\"delete\">\n                    <i class=\"icon-trash\"></i>Delete\n                  </button>\n                  <button class=\"btn btn-default btn-sm\" data-advice=\"cancel\">Cancel</button>\n                </span>\n                <a class=\"preactivationLink row\" rel=\"Shipstation\" href=\"{link}AdminModules{/link}&install=Shipstation&module_name=Shipstation&redirectconfig\" style=\"display: table; margin: 0; text-decoration: none;\">\n                  <img src=\"https://storage.googleapis.com/production-gamification-assets/premium/Shipstation.png\" class=\"advice-img img-thumbnail\">\n                  <img src=\"https://gamification.prestashop.com/api/getAdviceImg/1572888514763.png\" class=\"hide\">\n                  <p class=\"advice-description\" style=\"padding: 0 20px; display: table-cell; vertical-align: middle;\">Use free shipping to increase sales and stand out from competition.</p>\n                </a>\n              </section>\n            </div>\n            <script>\n              $(document).ready( function () {\n                var link = $(\'#wrap_id_advice_1572888514763 .preactivationLink\')[0].href;\n                link = encodeURIComponent(link);\n                var newUrl = \'https://gamification.prestashop.com/get_advice_link.php?id_advice=1572888514763&url=\'+link;\n                $(\'#wrap_id_advice_1572888514763 .preactivationLink\')[0].href = newUrl;\n              });\n            </script>\n          </div>'),(2,1,'<div id=\"wrap_id_advice_1547044257679\">\n            <div class=\"col-lg-6\">\n              <section id=\"\" class=\"panel panel-advice\" style=\"position: relative; padding: 10px; min-height: 75px;\">\n                <a href=\"#\" id=\"1547044257679\" class=\"close_link gamification_premium_close\" style=\"display: none; position: absolute; top: 10px; right: 10px;\">\n                  <i class=\"icon-remove\"></i>\n                </a>\n                <span class=\"gamification-close-confirmation hide\">\n                  Are you sure?\n                  <button class=\"btn btn-default btn-sm\" data-advice=\"delete\">\n                    <i class=\"icon-trash\"></i>Delete\n                  </button>\n                  <button class=\"btn btn-default btn-sm\" data-advice=\"cancel\">Cancel</button>\n                </span>\n                <a class=\"preactivationLink row\" rel=\"Yourpay\" href=\"{link}AdminModules{/link}&install=Yourpay&module_name=Yourpay&redirectconfig\" style=\"display: table; margin: 0; text-decoration: none;\">\n                  <img src=\"https://storage.googleapis.com/production-gamification-assets/premium/Yourpay.png\" class=\"advice-img img-thumbnail\">\n                  <img src=\"https://gamification.prestashop.com/api/getAdviceImg/1547044257679.png\" class=\"hide\">\n                  <p class=\"advice-description\" style=\"padding: 0 20px; display: table-cell; vertical-align: middle;\">Online payment solution - Secure, Safe and flexible</p>\n                </a>\n              </section>\n            </div>\n            <script>\n              $(document).ready( function () {\n                var link = $(\'#wrap_id_advice_1547044257679 .preactivationLink\')[0].href;\n                link = encodeURIComponent(link);\n                var newUrl = \'https://gamification.prestashop.com/get_advice_link.php?id_advice=1547044257679&url=\'+link;\n                $(\'#wrap_id_advice_1547044257679 .preactivationLink\')[0].href = newUrl;\n              });\n            </script>\n          </div>'),(4,1,'<div id=\"wrap_id_advice_1527065522328\">\n            <div class=\"col-lg-6\">\n              <section id=\"\" class=\"panel panel-advice\" style=\"position: relative; padding: 10px; min-height: 75px;\">\n                <a href=\"#\" id=\"1527065522328\" class=\"close_link gamification_premium_close\" style=\"display: none; position: absolute; top: 10px; right: 10px;\">\n                  <i class=\"icon-remove\"></i>\n                </a>\n                <span class=\"gamification-close-confirmation hide\">\n                  Are you sure?\n                  <button class=\"btn btn-default btn-sm\" data-advice=\"delete\">\n                    <i class=\"icon-trash\"></i>Delete\n                  </button>\n                  <button class=\"btn btn-default btn-sm\" data-advice=\"cancel\">Cancel</button>\n                </span>\n                <a class=\"preactivationLink row\" rel=\"ns8csp\" href=\"{link}AdminModules{/link}&install=ns8csp&module_name=ns8csp&redirectconfig\" style=\"display: table; margin: 0; text-decoration: none;\">\n                  <img src=\"https://storage.googleapis.com/production-gamification-assets/premium/ns8csp.png\" class=\"advice-img img-thumbnail\">\n                  <img src=\"https://gamification.prestashop.com/api/getAdviceImg/1527065522328.png\" class=\"hide\">\n                  <p class=\"advice-description\" style=\"padding: 0 20px; display: table-cell; vertical-align: middle;\">Prevent advertising fraud, transaction fraud, and poor performance with NS8. Configure now!</p>\n                </a>\n              </section>\n            </div>\n            <script>\n              $(document).ready( function () {\n                var link = $(\'#wrap_id_advice_1527065522328 .preactivationLink\')[0].href;\n                link = encodeURIComponent(link);\n                var newUrl = \'https://gamification.prestashop.com/get_advice_link.php?id_advice=1527065522328&url=\'+link;\n                $(\'#wrap_id_advice_1527065522328 .preactivationLink\')[0].href = newUrl;\n              });\n            </script>\n          </div>'),(7,1,'<div id=\"wrap_id_advice_1553532749977\">\n            <div class=\"col-lg-6\">\n              <section id=\"\" class=\"panel panel-advice\" style=\"position: relative; padding: 10px; min-height: 75px;\">\n                <a href=\"#\" id=\"1553532749977\" class=\"close_link gamification_premium_close\" style=\"display: none; position: absolute; top: 10px; right: 10px;\">\n                  <i class=\"icon-remove\"></i>\n                </a>\n                <span class=\"gamification-close-confirmation hide\">\n                  Are you sure?\n                  <button class=\"btn btn-default btn-sm\" data-advice=\"delete\">\n                    <i class=\"icon-trash\"></i>Delete\n                  </button>\n                  <button class=\"btn btn-default btn-sm\" data-advice=\"cancel\">Cancel</button>\n                </span>\n                <a class=\"preactivationLink row\" rel=\"viabill\" href=\"{link}AdminModules{/link}&install=viabill&module_name=viabill&redirectconfig\" style=\"display: table; margin: 0; text-decoration: none;\">\n                  <img src=\"https://storage.googleapis.com/production-gamification-assets/premium/viabill.png\" class=\"advice-img img-thumbnail\">\n                  <img src=\"https://gamification.prestashop.com/api/getAdviceImg/1553532749977.png\" class=\"hide\">\n                  <p class=\"advice-description\" style=\"padding: 0 20px; display: table-cell; vertical-align: middle;\">Offer customer financing and increase your average order by 33%. Configure now!</p>\n                </a>\n              </section>\n            </div>\n            <script>\n              $(document).ready( function () {\n                var link = $(\'#wrap_id_advice_1553532749977 .preactivationLink\')[0].href;\n                link = encodeURIComponent(link);\n                var newUrl = \'https://gamification.prestashop.com/get_advice_link.php?id_advice=1553532749977&url=\'+link;\n                $(\'#wrap_id_advice_1553532749977 .preactivationLink\')[0].href = newUrl;\n              });\n            </script>\n          </div>'),(8,1,' <div id=\"wrap_id_advice_1565601651687\"> <section id=\"0_Acutrack\" class=\"panel\" style=\"display:none\"> <header class=\"panel-heading\"> <span class=\"icon-lightbulb\"></span> Tips of the day </header> <div class=\"panel-body\" style=\"padding:0\"> <img class=\"img-responsive\" src=\"https://storage.googleapis.com/production-gamification-assets/tips/Acutrack.png\" style=\"float:right; margin-left: 5px;\"> <img src=\"https://gamification.prestashop.com/api/getAdviceImg/1565601651687.png\"/> <p> <b>Give something valuable for FREE to boost your eCommerce</b> </p> <p> Giveaways help buyers get aware of your product, give you access to their contacts and thirdly the psychological principle of reciprocity-people pay when they get something for free! </p> <span class=\"text-right\" style=\"float:right\"> <a class=\"btn btn-default\" target=\"_blank\" href=\"https://gamification.prestashop.com/get_advice_link.php?id_advice=1565601651687&url=https://addons.prestashop.com/en/preparation-shipping/45483-acutrack-fulfillment-publishing.html%3Futm_source%3Dback-office%26utm_medium%3Dtipoftheday%26utm_campaign%3Dpartenariats%26utm_content%3DAcutrack\"> Learn More! </a> </span> </div> </section><script> $(document).ready( function () { $(\'#\'+rand(0)+\'_Acutrack\').show(); }); function rand(nbr){ return Math.floor(Math.random()*(nbr+1)); } </script> </div>'),(9,1,' <div id=\"wrap_id_advice_1565951072010\"> <section id=\"0_Clearbanc\" class=\"panel\" style=\"display:none\"> <header class=\"panel-heading\"> <span class=\"icon-lightbulb\"></span> Tips of the day </header> <div class=\"panel-body\" style=\"padding:0\"> <img class=\"img-responsive\" src=\"https://storage.googleapis.com/production-gamification-assets/tips/Clearbanc.png\" style=\"float:right; margin-left: 5px;\"> <img src=\"https://gamification.prestashop.com/api/getAdviceImg/1565951072010.png\"/> <p> <b>Did you know Clearbanc can provide fast, affordable capital to D2C brands? </b> </p> <p> The holiday season is coming up faster than you think! Now\'s the time to start lining up extra funding to fuel your marketing budget and inventory, so you\'re set up for success. </p> <span class=\"text-right\" style=\"float:right\"> <a class=\"btn btn-default\" target=\"_blank\" href=\"https://gamification.prestashop.com/get_advice_link.php?id_advice=1565951072010&url=https://addons.prestashop.com/en/services/46198-clearbanc-growth-capital.html%3Futm_source%3Dback-office%26utm_medium%3Dtipoftheday%26utm_campaign%3Dpartenariats%26utm_content%3DClearbanc\"> Learn More! </a> </span> </div> </section><script> $(document).ready( function () { $(\'#\'+rand(0)+\'_Clearbanc\').show(); }); function rand(nbr){ return Math.floor(Math.random()*(nbr+1)); } </script> </div>'),(10,1,' <div id=\"wrap_id_advice_1571666142870\"> <section id=\"0_GetResponse\" class=\"panel\" style=\"display:none\"> <header class=\"panel-heading\"> <span class=\"icon-lightbulb\"></span> Tips of the day </header> <div class=\"panel-body\" style=\"padding:0\"> <img class=\"img-responsive\" src=\"https://storage.googleapis.com/production-gamification-assets/tips/GetResponse.png?1571666154784\" style=\"float:right; margin-left: 5px;\"> <img src=\"https://gamification.prestashop.com/api/getAdviceImg/1571666142870.png\"/> <p> <b>Did you know that welcome emails have 84% open rate and 25% click-through rate? </b> </p> <p> Welcome emails have excellent 84.22% open rate and 25.91% click-through rate. </p> <span class=\"text-right\" style=\"float:right\"> <a class=\"btn btn-default\" target=\"_blank\" href=\"https://gamification.prestashop.com/get_advice_link.php?id_advice=1571666142870&url=https://addons.prestashop.com/en/newsletter-sms/20954-getresponse.html%3Futm_source%3Dback-office%26utm_medium%3Dtipoftheday%26utm_campaign%3Dpartenariats%26utm_content%3DGetResponse\"> More information? </a> </span> </div> </section><script> $(document).ready( function () { $(\'#\'+rand(0)+\'_GetResponse\').show(); }); function rand(nbr){ return Math.floor(Math.random()*(nbr+1)); } </script> </div>'),(11,1,' <div id=\"wrap_id_advice_1533286918885\"> <section id=\"0_Mailchimp\" class=\"panel\" style=\"display:none\"> <header class=\"panel-heading\"> <span class=\"icon-lightbulb\"></span> Tips of the day </header> <div class=\"panel-body\" style=\"padding:0\"> <img class=\"img-responsive\" src=\"https://storage.googleapis.com/production-gamification-assets/tips/Mailchimp.png\" style=\"float:right; margin-left: 5px;\"> <img src=\"https://gamification.prestashop.com/api/getAdviceImg/1533286918885.png\"/> <p> <b>Boost engagement and revenue by learning more about your audience</b> </p> <p> Create personalized, relevant emails that target your audience based on demographic data like gender and age. </p> <span class=\"text-right\" style=\"float:right\"> <a class=\"btn btn-default\" target=\"_blank\" href=\"https://gamification.prestashop.com/get_advice_link.php?id_advice=1533286918885&url=https://addons.prestashop.com/en/newsletter-sms/26957-mailchimp.html%3Futm_source%3Dback-office%26utm_medium%3Dtipoftheday%26utm_campaign%3Dpartenariats%26utm_content%3DMailchimp\"> See How MailChimp Can Help </a> </span> </div> </section><section id=\"1_Mailchimp\" class=\"panel\" style=\"display:none\"> <header class=\"panel-heading\"> <span class=\"icon-lightbulb\"></span> Tips of the day </header> <div class=\"panel-body\" style=\"padding:0\"> <img class=\"img-responsive\" src=\"https://storage.googleapis.com/production-gamification-assets/tips/Mailchimp.png\" style=\"float:right; margin-left: 5px;\"> <img src=\"https://gamification.prestashop.com/api/getAdviceImg/1533286918885.png\"/> <p> <b>Sell more stuff by rewarding loyal customers</b> </p> <p> Reward your best customers with an automated email series containing special coupons or other exclusive offers, and get almost 5x more orders per recipient than regular bulk email.  </p> <span class=\"text-right\" style=\"float:right\"> <a class=\"btn btn-default\" target=\"_blank\" href=\"https://gamification.prestashop.com/get_advice_link.php?id_advice=1533286918885&url=https://addons.prestashop.com/en/newsletter-sms/26957-mailchimp.html%3Futm_source%3Dback-office%26utm_medium%3Dtipoftheday%26utm_campaign%3Dpartenariats%26utm_content%3DMailchimp\"> Start Thanking Your Customers </a> </span> </div> </section><section id=\"2_Mailchimp\" class=\"panel\" style=\"display:none\"> <header class=\"panel-heading\"> <span class=\"icon-lightbulb\"></span> Tips of the day </header> <div class=\"panel-body\" style=\"padding:0\"> <img class=\"img-responsive\" src=\"https://storage.googleapis.com/production-gamification-assets/tips/Mailchimp.png\" style=\"float:right; margin-left: 5px;\"> <img src=\"https://gamification.prestashop.com/api/getAdviceImg/1533286918885.png\"/> <p> <b>Boost sales by reminding customers about items they’ve left behind</b> </p> <p> 67% of online shopping carts are abandoned before checkout. Abandoned cart emails help you follow up with people who navigate away from their cart and convince them to finish their purchase. </p> <span class=\"text-right\" style=\"float:right\"> <a class=\"btn btn-default\" target=\"_blank\" href=\"https://gamification.prestashop.com/get_advice_link.php?id_advice=1533286918885&url=https://addons.prestashop.com/en/newsletter-sms/26957-mailchimp.html%3Futm_source%3Dback-office%26utm_medium%3Dtipoftheday%26utm_campaign%3Dpartenariats%26utm_content%3DMailchimp\"> Start Recapturing Lost Sales </a> </span> </div> </section><script> $(document).ready( function () { $(\'#\'+rand(2)+\'_Mailchimp\').show(); }); function rand(nbr){ return Math.floor(Math.random()*(nbr+1)); } </script> </div>'),(12,1,' <div id=\"wrap_id_advice_1570092202472\"> <section id=\"0_PagBrasil\" class=\"panel\" style=\"display:none\"> <header class=\"panel-heading\"> <span class=\"icon-lightbulb\"></span> Tips of the day </header> <div class=\"panel-body\" style=\"padding:0\"> <img class=\"img-responsive\" src=\"https://storage.googleapis.com/production-gamification-assets/tips/PagBrasil.png\" style=\"float:right; margin-left: 5px;\"> <img src=\"https://gamification.prestashop.com/api/getAdviceImg/1570092202472.png\"/> <p> <b>Did you know the boleto is the second most used payment method in Brazil?</b> </p> <p> Boost your sales in Brazil with domestic payment solutions, like the\nboleto. With PagBrasil, your customer can choose from a wide range of payment\nmethods! </p> <span class=\"text-right\" style=\"float:right\"> <a class=\"btn btn-default\" target=\"_blank\" href=\"https://gamification.prestashop.com/get_advice_link.php?id_advice=1570092202472&url=https://addons.prestashop.com/en/payment-card-wallet/43807-pagbrasil.html%3Futm_source%3Dback-office%26utm_medium%3Dtipoftheday%26utm_campaign%3Dpartenariats%26utm_content%3DPagBrasil\"> Discover More </a> </span> </div> </section><script> $(document).ready( function () { $(\'#\'+rand(0)+\'_PagBrasil\').show(); }); function rand(nbr){ return Math.floor(Math.random()*(nbr+1)); } </script> </div>'),(13,1,' <div id=\"wrap_id_advice_1539881809586\"> <section id=\"0_PrestaShop ERP\" class=\"panel\" style=\"display:none\"> <header class=\"panel-heading\"> <span class=\"icon-lightbulb\"></span> Tips of the day </header> <div class=\"panel-body\" style=\"padding:0\"> <img class=\"img-responsive\" src=\"https://storage.googleapis.com/production-gamification-assets/tips/PrestaShop ERP.png\" style=\"float:right; margin-left: 5px;\"> <img src=\"https://gamification.prestashop.com/api/getAdviceImg/1539881809586.png\"/> <p> <b>The PrestaShop ERP suite modules made in partnership with Boost My Shop.﻿</b> </p> <p> PrestaShop ERP is a suite of standalone modules that provide merchants with standard and advanced features of stock management, supply order management and purchase preparation. </p> <span class=\"text-right\" style=\"float:right\"> <a class=\"btn btn-default\" target=\"_blank\" href=\"https://gamification.prestashop.com/get_advice_link.php?id_advice=1539881809586&url=https://addons.prestashop.com/151_%3Futm_source%3Dback-office%26utm_medium%3Dtipoftheday%26utm_campaign%3Dpartenariats%26utm_content%3DPrestaShop ERP\"> Learn more </a> </span> </div> </section><script> $(document).ready( function () { $(\'#\'+rand(0)+\'_PrestaShop ERP\').show(); }); function rand(nbr){ return Math.floor(Math.random()*(nbr+1)); } </script> </div>'),(14,1,' <div id=\"wrap_id_advice_1568989368802\"> <section id=\"0_Shipstation\" class=\"panel\" style=\"display:none\"> <header class=\"panel-heading\"> <span class=\"icon-lightbulb\"></span> Tips of the day </header> <div class=\"panel-body\" style=\"padding:0\"> <img class=\"img-responsive\" src=\"https://storage.googleapis.com/production-gamification-assets/tips/Shipstation.png\" style=\"float:right; margin-left: 5px;\"> <img src=\"https://gamification.prestashop.com/api/getAdviceImg/1568989368802.png\"/> <p> <b>93% of consumers will add products to their cart to receive free shipping.</b> </p> <p> Shipping should be part of your marketing strategy, especially since 58% of people abandon carts with shipping charges. Use free shipping to increase sales and stand out from competition.  </p> <span class=\"text-right\" style=\"float:right\"> <a class=\"btn btn-default\" target=\"_blank\" href=\"https://gamification.prestashop.com/get_advice_link.php?id_advice=1568989368802&url=https://addons.prestashop.com/en/delivery-tracking/46218-shipstation.html%3Futm_source%3Dback-office%26utm_medium%3Dtipoftheday%26utm_campaign%3Dpartenariats%26utm_content%3DShipstation\"> Learn more </a> </span> </div> </section><script> $(document).ready( function () { $(\'#\'+rand(0)+\'_Shipstation\').show(); }); function rand(nbr){ return Math.floor(Math.random()*(nbr+1)); } </script> </div>'),(17,1,'<div id=\"wrap_id_advice_1572888514763\">\n            <div class=\"col-lg-6\">\n              <section id=\"\" class=\"panel panel-advice\" style=\"position: relative; padding: 10px; min-height: 75px;\">\n                <a href=\"#\" id=\"1572888514763\" class=\"close_link gamification_premium_close\" style=\"display: none; position: absolute; top: 10px; right: 10px;\">\n                  <i class=\"icon-remove\"></i>\n                </a>\n                <span class=\"gamification-close-confirmation hide\">\n                  Are you sure?\n                  <button class=\"btn btn-default btn-sm\" data-advice=\"delete\">\n                    <i class=\"icon-trash\"></i>Delete\n                  </button>\n                  <button class=\"btn btn-default btn-sm\" data-advice=\"cancel\">Cancel</button>\n                </span>\n                <a class=\"preactivationLink row\" rel=\"Shipstation\" href=\"{link}AdminModules{/link}&install=Shipstation&module_name=Shipstation&redirectconfig\" style=\"display: table; margin: 0; text-decoration: none;\">\n                  <img src=\"https://storage.googleapis.com/production-gamification-assets/premium/Shipstation.png\" class=\"advice-img img-thumbnail\">\n                  <img src=\"https://gamification.prestashop.com/api/getAdviceImg/1572888514763.png\" class=\"hide\">\n                  <p class=\"advice-description\" style=\"padding: 0 20px; display: table-cell; vertical-align: middle;\">Use free shipping to increase sales and stand out from competition.</p>\n                </a>\n              </section>\n            </div>\n            <script>\n              $(document).ready( function () {\n                var link = $(\'#wrap_id_advice_1572888514763 .preactivationLink\')[0].href;\n                link = encodeURIComponent(link);\n                var newUrl = \'https://gamification.prestashop.com/get_advice_link.php?id_advice=1572888514763&url=\'+link;\n                $(\'#wrap_id_advice_1572888514763 .preactivationLink\')[0].href = newUrl;\n              });\n            </script>\n          </div>'),(18,1,'<div id=\"wrap_id_advice_1547044257679\">\n            <div class=\"col-lg-6\">\n              <section id=\"\" class=\"panel panel-advice\" style=\"position: relative; padding: 10px; min-height: 75px;\">\n                <a href=\"#\" id=\"1547044257679\" class=\"close_link gamification_premium_close\" style=\"display: none; position: absolute; top: 10px; right: 10px;\">\n                  <i class=\"icon-remove\"></i>\n                </a>\n                <span class=\"gamification-close-confirmation hide\">\n                  Are you sure?\n                  <button class=\"btn btn-default btn-sm\" data-advice=\"delete\">\n                    <i class=\"icon-trash\"></i>Delete\n                  </button>\n                  <button class=\"btn btn-default btn-sm\" data-advice=\"cancel\">Cancel</button>\n                </span>\n                <a class=\"preactivationLink row\" rel=\"Yourpay\" href=\"{link}AdminModules{/link}&install=Yourpay&module_name=Yourpay&redirectconfig\" style=\"display: table; margin: 0; text-decoration: none;\">\n                  <img src=\"https://storage.googleapis.com/production-gamification-assets/premium/Yourpay.png\" class=\"advice-img img-thumbnail\">\n                  <img src=\"https://gamification.prestashop.com/api/getAdviceImg/1547044257679.png\" class=\"hide\">\n                  <p class=\"advice-description\" style=\"padding: 0 20px; display: table-cell; vertical-align: middle;\">Online payment solution - Secure, Safe and flexible</p>\n                </a>\n              </section>\n            </div>\n            <script>\n              $(document).ready( function () {\n                var link = $(\'#wrap_id_advice_1547044257679 .preactivationLink\')[0].href;\n                link = encodeURIComponent(link);\n                var newUrl = \'https://gamification.prestashop.com/get_advice_link.php?id_advice=1547044257679&url=\'+link;\n                $(\'#wrap_id_advice_1547044257679 .preactivationLink\')[0].href = newUrl;\n              });\n            </script>\n          </div>'),(19,1,'<div id=\"wrap_id_advice_853\">\n            <div class=\"col-lg-6\">\n              <section id=\"\" class=\"panel panel-advice\" style=\"position: relative; padding: 10px; min-height: 75px;\">\n                <a href=\"#\" id=\"853\" class=\"close_link gamification_premium_close\" style=\"display: none; position: absolute; top: 10px; right: 10px;\">\n                  <i class=\"icon-remove\"></i>\n                </a>\n                <span class=\"gamification-close-confirmation hide\">\n                  Are you sure?\n                  <button class=\"btn btn-default btn-sm\" data-advice=\"delete\">\n                    <i class=\"icon-trash\"></i>Delete\n                  </button>\n                  <button class=\"btn btn-default btn-sm\" data-advice=\"cancel\">Cancel</button>\n                </span>\n                <a class=\"preactivationLink row\" rel=\"mailchimp\" href=\"{link}AdminModules{/link}&install=mailchimp&module_name=mailchimp&redirectconfig\" style=\"display: table; margin: 0; text-decoration: none;\">\n                  <img src=\"https://storage.googleapis.com/production-gamification-assets/premium/mailchimp.png\" class=\"advice-img img-thumbnail\">\n                  <img src=\"https://gamification.prestashop.com/api/getAdviceImg/853.png\" class=\"hide\">\n                  <p class=\"advice-description\" style=\"padding: 0 20px; display: table-cell; vertical-align: middle;\">Bolster sales and connect with your customers using MailChimp’s powerful tools. Configura ahora<br/></p>\n                </a>\n              </section>\n            </div>\n            <script>\n              $(document).ready( function () {\n                var link = $(\'#wrap_id_advice_853 .preactivationLink\')[0].href;\n                link = encodeURIComponent(link);\n                var newUrl = \'https://gamification.prestashop.com/get_advice_link.php?id_advice=853&url=\'+link;\n                $(\'#wrap_id_advice_853 .preactivationLink\')[0].href = newUrl;\n              });\n            </script>\n          </div>'),(20,1,'<div id=\"wrap_id_advice_1527065522328\">\n            <div class=\"col-lg-6\">\n              <section id=\"\" class=\"panel panel-advice\" style=\"position: relative; padding: 10px; min-height: 75px;\">\n                <a href=\"#\" id=\"1527065522328\" class=\"close_link gamification_premium_close\" style=\"display: none; position: absolute; top: 10px; right: 10px;\">\n                  <i class=\"icon-remove\"></i>\n                </a>\n                <span class=\"gamification-close-confirmation hide\">\n                  Are you sure?\n                  <button class=\"btn btn-default btn-sm\" data-advice=\"delete\">\n                    <i class=\"icon-trash\"></i>Delete\n                  </button>\n                  <button class=\"btn btn-default btn-sm\" data-advice=\"cancel\">Cancel</button>\n                </span>\n                <a class=\"preactivationLink row\" rel=\"ns8csp\" href=\"{link}AdminModules{/link}&install=ns8csp&module_name=ns8csp&redirectconfig\" style=\"display: table; margin: 0; text-decoration: none;\">\n                  <img src=\"https://storage.googleapis.com/production-gamification-assets/premium/ns8csp.png\" class=\"advice-img img-thumbnail\">\n                  <img src=\"https://gamification.prestashop.com/api/getAdviceImg/1527065522328.png\" class=\"hide\">\n                  <p class=\"advice-description\" style=\"padding: 0 20px; display: table-cell; vertical-align: middle;\">Prevent advertising fraud, transaction fraud, and poor performance with NS8. Configure now!</p>\n                </a>\n              </section>\n            </div>\n            <script>\n              $(document).ready( function () {\n                var link = $(\'#wrap_id_advice_1527065522328 .preactivationLink\')[0].href;\n                link = encodeURIComponent(link);\n                var newUrl = \'https://gamification.prestashop.com/get_advice_link.php?id_advice=1527065522328&url=\'+link;\n                $(\'#wrap_id_advice_1527065522328 .preactivationLink\')[0].href = newUrl;\n              });\n            </script>\n          </div>'),(21,1,'<div id=\"wrap_id_advice_674\">\n            <div class=\"col-lg-6\">\n              <section id=\"\" class=\"panel panel-advice\" style=\"position: relative; padding: 10px; min-height: 75px;\">\n                <a href=\"#\" id=\"674\" class=\"close_link gamification_premium_close\" style=\"display: none; position: absolute; top: 10px; right: 10px;\">\n                  <i class=\"icon-remove\"></i>\n                </a>\n                <span class=\"gamification-close-confirmation hide\">\n                  Are you sure?\n                  <button class=\"btn btn-default btn-sm\" data-advice=\"delete\">\n                    <i class=\"icon-trash\"></i>Delete\n                  </button>\n                  <button class=\"btn btn-default btn-sm\" data-advice=\"cancel\">Cancel</button>\n                </span>\n                <a class=\"preactivationLink row\" rel=\"sendinblue\" href=\"{link}AdminModules{/link}&install=sendinblue&module_name=sendinblue&redirectconfig\" style=\"display: table; margin: 0; text-decoration: none;\">\n                  <img src=\"https://storage.googleapis.com/production-gamification-assets/premium/sendinblue.png\" class=\"advice-img img-thumbnail\">\n                  <img src=\"https://gamification.prestashop.com/api/getAdviceImg/674.png\" class=\"hide\">\n                  <p class=\"advice-description\" style=\"padding: 0 20px; display: table-cell; vertical-align: middle;\">Easily manage your email, newsletter and SMS campaigns with one single interface<br/></p>\n                </a>\n              </section>\n            </div>\n            <script>\n              $(document).ready( function () {\n                var link = $(\'#wrap_id_advice_674 .preactivationLink\')[0].href;\n                link = encodeURIComponent(link);\n                var newUrl = \'https://gamification.prestashop.com/get_advice_link.php?id_advice=674&url=\'+link;\n                $(\'#wrap_id_advice_674 .preactivationLink\')[0].href = newUrl;\n              });\n            </script>\n          </div>'),(22,1,'<div id=\"wrap_id_advice_765\">\n            <div class=\"col-lg-6\">\n              <section id=\"\" class=\"panel panel-advice\" style=\"position: relative; padding: 10px; min-height: 75px;\">\n                <a href=\"#\" id=\"765\" class=\"close_link gamification_premium_close\" style=\"display: none; position: absolute; top: 10px; right: 10px;\">\n                  <i class=\"icon-remove\"></i>\n                </a>\n                <span class=\"gamification-close-confirmation hide\">\n                  Are you sure?\n                  <button class=\"btn btn-default btn-sm\" data-advice=\"delete\">\n                    <i class=\"icon-trash\"></i>Delete\n                  </button>\n                  <button class=\"btn btn-default btn-sm\" data-advice=\"cancel\">Cancel</button>\n                </span>\n                <a class=\"preactivationLink row\" rel=\"skrill\" href=\"{link}AdminModules{/link}&install=skrill&module_name=skrill&redirectconfig\" style=\"display: table; margin: 0; text-decoration: none;\">\n                  <img src=\"https://storage.googleapis.com/production-gamification-assets/premium/skrill2.png\" class=\"advice-img img-thumbnail\">\n                  <img src=\"https://gamification.prestashop.com/api/getAdviceImg/765.png\" class=\"hide\">\n                  <p class=\"advice-description\" style=\"padding: 0 20px; display: table-cell; vertical-align: middle;\">Skrill Checkout - sell globally and grow<br/></p>\n                </a>\n              </section>\n            </div>\n            <script>\n              $(document).ready( function () {\n                var link = $(\'#wrap_id_advice_765 .preactivationLink\')[0].href;\n                link = encodeURIComponent(link);\n                var newUrl = \'https://gamification.prestashop.com/get_advice_link.php?id_advice=765&url=\'+link;\n                $(\'#wrap_id_advice_765 .preactivationLink\')[0].href = newUrl;\n              });\n            </script>\n          </div>'),(23,1,'<div id=\"wrap_id_advice_1553532749977\">\n            <div class=\"col-lg-6\">\n              <section id=\"\" class=\"panel panel-advice\" style=\"position: relative; padding: 10px; min-height: 75px;\">\n                <a href=\"#\" id=\"1553532749977\" class=\"close_link gamification_premium_close\" style=\"display: none; position: absolute; top: 10px; right: 10px;\">\n                  <i class=\"icon-remove\"></i>\n                </a>\n                <span class=\"gamification-close-confirmation hide\">\n                  Are you sure?\n                  <button class=\"btn btn-default btn-sm\" data-advice=\"delete\">\n                    <i class=\"icon-trash\"></i>Delete\n                  </button>\n                  <button class=\"btn btn-default btn-sm\" data-advice=\"cancel\">Cancel</button>\n                </span>\n                <a class=\"preactivationLink row\" rel=\"viabill\" href=\"{link}AdminModules{/link}&install=viabill&module_name=viabill&redirectconfig\" style=\"display: table; margin: 0; text-decoration: none;\">\n                  <img src=\"https://storage.googleapis.com/production-gamification-assets/premium/viabill.png\" class=\"advice-img img-thumbnail\">\n                  <img src=\"https://gamification.prestashop.com/api/getAdviceImg/1553532749977.png\" class=\"hide\">\n                  <p class=\"advice-description\" style=\"padding: 0 20px; display: table-cell; vertical-align: middle;\">Offer customer financing and increase your average order by 33%. Configure now!</p>\n                </a>\n              </section>\n            </div>\n            <script>\n              $(document).ready( function () {\n                var link = $(\'#wrap_id_advice_1553532749977 .preactivationLink\')[0].href;\n                link = encodeURIComponent(link);\n                var newUrl = \'https://gamification.prestashop.com/get_advice_link.php?id_advice=1553532749977&url=\'+link;\n                $(\'#wrap_id_advice_1553532749977 .preactivationLink\')[0].href = newUrl;\n              });\n            </script>\n          </div>'),(24,1,' <div id=\"wrap_id_advice_1565601651687\"> <section id=\"0_Acutrack\" class=\"panel\" style=\"display:none\"> <header class=\"panel-heading\"> <span class=\"icon-lightbulb\"></span> Tips of the day </header> <div class=\"panel-body\" style=\"padding:0\"> <img class=\"img-responsive\" src=\"https://storage.googleapis.com/production-gamification-assets/tips/Acutrack.png\" style=\"float:right; margin-left: 5px;\"> <img src=\"https://gamification.prestashop.com/api/getAdviceImg/1565601651687.png\"/> <p> <b>Give something valuable for FREE to boost your eCommerce</b> </p> <p> Giveaways help buyers get aware of your product, give you access to their contacts and thirdly the psychological principle of reciprocity-people pay when they get something for free! </p> <span class=\"text-right\" style=\"float:right\"> <a class=\"btn btn-default\" target=\"_blank\" href=\"https://gamification.prestashop.com/get_advice_link.php?id_advice=1565601651687&url=https://addons.prestashop.com/en/preparation-shipping/45483-acutrack-fulfillment-publishing.html%3Futm_source%3Dback-office%26utm_medium%3Dtipoftheday%26utm_campaign%3Dpartenariats%26utm_content%3DAcutrack\"> Learn More! </a> </span> </div> </section><script> $(document).ready( function () { $(\'#\'+rand(0)+\'_Acutrack\').show(); }); function rand(nbr){ return Math.floor(Math.random()*(nbr+1)); } </script> </div>'),(25,1,' <div id=\"wrap_id_advice_1565951072010\"> <section id=\"0_Clearbanc\" class=\"panel\" style=\"display:none\"> <header class=\"panel-heading\"> <span class=\"icon-lightbulb\"></span> Tips of the day </header> <div class=\"panel-body\" style=\"padding:0\"> <img class=\"img-responsive\" src=\"https://storage.googleapis.com/production-gamification-assets/tips/Clearbanc.png\" style=\"float:right; margin-left: 5px;\"> <img src=\"https://gamification.prestashop.com/api/getAdviceImg/1565951072010.png\"/> <p> <b>Did you know Clearbanc can provide fast, affordable capital to D2C brands? </b> </p> <p> The holiday season is coming up faster than you think! Now\'s the time to start lining up extra funding to fuel your marketing budget and inventory, so you\'re set up for success. </p> <span class=\"text-right\" style=\"float:right\"> <a class=\"btn btn-default\" target=\"_blank\" href=\"https://gamification.prestashop.com/get_advice_link.php?id_advice=1565951072010&url=https://addons.prestashop.com/en/services/46198-clearbanc-growth-capital.html%3Futm_source%3Dback-office%26utm_medium%3Dtipoftheday%26utm_campaign%3Dpartenariats%26utm_content%3DClearbanc\"> Learn More! </a> </span> </div> </section><script> $(document).ready( function () { $(\'#\'+rand(0)+\'_Clearbanc\').show(); }); function rand(nbr){ return Math.floor(Math.random()*(nbr+1)); } </script> </div>'),(26,1,' <div id=\"wrap_id_advice_1571666142870\"> <section id=\"0_GetResponse\" class=\"panel\" style=\"display:none\"> <header class=\"panel-heading\"> <span class=\"icon-lightbulb\"></span> Tips of the day </header> <div class=\"panel-body\" style=\"padding:0\"> <img class=\"img-responsive\" src=\"https://storage.googleapis.com/production-gamification-assets/tips/GetResponse.png?1571666154784\" style=\"float:right; margin-left: 5px;\"> <img src=\"https://gamification.prestashop.com/api/getAdviceImg/1571666142870.png\"/> <p> <b>Did you know that welcome emails have 84% open rate and 25% click-through rate? </b> </p> <p> Welcome emails have excellent 84.22% open rate and 25.91% click-through rate. </p> <span class=\"text-right\" style=\"float:right\"> <a class=\"btn btn-default\" target=\"_blank\" href=\"https://gamification.prestashop.com/get_advice_link.php?id_advice=1571666142870&url=https://addons.prestashop.com/en/newsletter-sms/20954-getresponse.html%3Futm_source%3Dback-office%26utm_medium%3Dtipoftheday%26utm_campaign%3Dpartenariats%26utm_content%3DGetResponse\"> More information? </a> </span> </div> </section><script> $(document).ready( function () { $(\'#\'+rand(0)+\'_GetResponse\').show(); }); function rand(nbr){ return Math.floor(Math.random()*(nbr+1)); } </script> </div>'),(27,1,' <div id=\"wrap_id_advice_1533286918885\"> <section id=\"0_Mailchimp\" class=\"panel\" style=\"display:none\"> <header class=\"panel-heading\"> <span class=\"icon-lightbulb\"></span> Tips of the day </header> <div class=\"panel-body\" style=\"padding:0\"> <img class=\"img-responsive\" src=\"https://storage.googleapis.com/production-gamification-assets/tips/Mailchimp.png\" style=\"float:right; margin-left: 5px;\"> <img src=\"https://gamification.prestashop.com/api/getAdviceImg/1533286918885.png\"/> <p> <b>Boost engagement and revenue by learning more about your audience</b> </p> <p> Create personalized, relevant emails that target your audience based on demographic data like gender and age. </p> <span class=\"text-right\" style=\"float:right\"> <a class=\"btn btn-default\" target=\"_blank\" href=\"https://gamification.prestashop.com/get_advice_link.php?id_advice=1533286918885&url=https://addons.prestashop.com/en/newsletter-sms/26957-mailchimp.html%3Futm_source%3Dback-office%26utm_medium%3Dtipoftheday%26utm_campaign%3Dpartenariats%26utm_content%3DMailchimp\"> See How MailChimp Can Help </a> </span> </div> </section><section id=\"1_Mailchimp\" class=\"panel\" style=\"display:none\"> <header class=\"panel-heading\"> <span class=\"icon-lightbulb\"></span> Tips of the day </header> <div class=\"panel-body\" style=\"padding:0\"> <img class=\"img-responsive\" src=\"https://storage.googleapis.com/production-gamification-assets/tips/Mailchimp.png\" style=\"float:right; margin-left: 5px;\"> <img src=\"https://gamification.prestashop.com/api/getAdviceImg/1533286918885.png\"/> <p> <b>Sell more stuff by rewarding loyal customers</b> </p> <p> Reward your best customers with an automated email series containing special coupons or other exclusive offers, and get almost 5x more orders per recipient than regular bulk email.  </p> <span class=\"text-right\" style=\"float:right\"> <a class=\"btn btn-default\" target=\"_blank\" href=\"https://gamification.prestashop.com/get_advice_link.php?id_advice=1533286918885&url=https://addons.prestashop.com/en/newsletter-sms/26957-mailchimp.html%3Futm_source%3Dback-office%26utm_medium%3Dtipoftheday%26utm_campaign%3Dpartenariats%26utm_content%3DMailchimp\"> Start Thanking Your Customers </a> </span> </div> </section><section id=\"2_Mailchimp\" class=\"panel\" style=\"display:none\"> <header class=\"panel-heading\"> <span class=\"icon-lightbulb\"></span> Tips of the day </header> <div class=\"panel-body\" style=\"padding:0\"> <img class=\"img-responsive\" src=\"https://storage.googleapis.com/production-gamification-assets/tips/Mailchimp.png\" style=\"float:right; margin-left: 5px;\"> <img src=\"https://gamification.prestashop.com/api/getAdviceImg/1533286918885.png\"/> <p> <b>Boost sales by reminding customers about items they’ve left behind</b> </p> <p> 67% of online shopping carts are abandoned before checkout. Abandoned cart emails help you follow up with people who navigate away from their cart and convince them to finish their purchase. </p> <span class=\"text-right\" style=\"float:right\"> <a class=\"btn btn-default\" target=\"_blank\" href=\"https://gamification.prestashop.com/get_advice_link.php?id_advice=1533286918885&url=https://addons.prestashop.com/en/newsletter-sms/26957-mailchimp.html%3Futm_source%3Dback-office%26utm_medium%3Dtipoftheday%26utm_campaign%3Dpartenariats%26utm_content%3DMailchimp\"> Start Recapturing Lost Sales </a> </span> </div> </section><script> $(document).ready( function () { $(\'#\'+rand(2)+\'_Mailchimp\').show(); }); function rand(nbr){ return Math.floor(Math.random()*(nbr+1)); } </script> </div>'),(28,1,' <div id=\"wrap_id_advice_1570092202472\"> <section id=\"0_PagBrasil\" class=\"panel\" style=\"display:none\"> <header class=\"panel-heading\"> <span class=\"icon-lightbulb\"></span> Tips of the day </header> <div class=\"panel-body\" style=\"padding:0\"> <img class=\"img-responsive\" src=\"https://storage.googleapis.com/production-gamification-assets/tips/PagBrasil.png\" style=\"float:right; margin-left: 5px;\"> <img src=\"https://gamification.prestashop.com/api/getAdviceImg/1570092202472.png\"/> <p> <b>Did you know the boleto is the second most used payment method in Brazil?</b> </p> <p> Boost your sales in Brazil with domestic payment solutions, like the\nboleto. With PagBrasil, your customer can choose from a wide range of payment\nmethods! </p> <span class=\"text-right\" style=\"float:right\"> <a class=\"btn btn-default\" target=\"_blank\" href=\"https://gamification.prestashop.com/get_advice_link.php?id_advice=1570092202472&url=https://addons.prestashop.com/en/payment-card-wallet/43807-pagbrasil.html%3Futm_source%3Dback-office%26utm_medium%3Dtipoftheday%26utm_campaign%3Dpartenariats%26utm_content%3DPagBrasil\"> Discover More </a> </span> </div> </section><script> $(document).ready( function () { $(\'#\'+rand(0)+\'_PagBrasil\').show(); }); function rand(nbr){ return Math.floor(Math.random()*(nbr+1)); } </script> </div>'),(29,1,' <div id=\"wrap_id_advice_1539881809586\"> <section id=\"0_PrestaShop ERP\" class=\"panel\" style=\"display:none\"> <header class=\"panel-heading\"> <span class=\"icon-lightbulb\"></span> Tips of the day </header> <div class=\"panel-body\" style=\"padding:0\"> <img class=\"img-responsive\" src=\"https://storage.googleapis.com/production-gamification-assets/tips/PrestaShop ERP.png\" style=\"float:right; margin-left: 5px;\"> <img src=\"https://gamification.prestashop.com/api/getAdviceImg/1539881809586.png\"/> <p> <b>The PrestaShop ERP suite modules made in partnership with Boost My Shop.﻿</b> </p> <p> PrestaShop ERP is a suite of standalone modules that provide merchants with standard and advanced features of stock management, supply order management and purchase preparation. </p> <span class=\"text-right\" style=\"float:right\"> <a class=\"btn btn-default\" target=\"_blank\" href=\"https://gamification.prestashop.com/get_advice_link.php?id_advice=1539881809586&url=https://addons.prestashop.com/151_%3Futm_source%3Dback-office%26utm_medium%3Dtipoftheday%26utm_campaign%3Dpartenariats%26utm_content%3DPrestaShop ERP\"> Learn more </a> </span> </div> </section><script> $(document).ready( function () { $(\'#\'+rand(0)+\'_PrestaShop ERP\').show(); }); function rand(nbr){ return Math.floor(Math.random()*(nbr+1)); } </script> </div>'),(30,1,' <div id=\"wrap_id_advice_1568989368802\"> <section id=\"0_Shipstation\" class=\"panel\" style=\"display:none\"> <header class=\"panel-heading\"> <span class=\"icon-lightbulb\"></span> Tips of the day </header> <div class=\"panel-body\" style=\"padding:0\"> <img class=\"img-responsive\" src=\"https://storage.googleapis.com/production-gamification-assets/tips/Shipstation.png\" style=\"float:right; margin-left: 5px;\"> <img src=\"https://gamification.prestashop.com/api/getAdviceImg/1568989368802.png\"/> <p> <b>93% of consumers will add products to their cart to receive free shipping.</b> </p> <p> Shipping should be part of your marketing strategy, especially since 58% of people abandon carts with shipping charges. Use free shipping to increase sales and stand out from competition.  </p> <span class=\"text-right\" style=\"float:right\"> <a class=\"btn btn-default\" target=\"_blank\" href=\"https://gamification.prestashop.com/get_advice_link.php?id_advice=1568989368802&url=https://addons.prestashop.com/en/delivery-tracking/46218-shipstation.html%3Futm_source%3Dback-office%26utm_medium%3Dtipoftheday%26utm_campaign%3Dpartenariats%26utm_content%3DShipstation\"> Learn more </a> </span> </div> </section><script> $(document).ready( function () { $(\'#\'+rand(0)+\'_Shipstation\').show(); }); function rand(nbr){ return Math.floor(Math.random()*(nbr+1)); } </script> </div>'),(31,1,' <div id=\"wrap_id_advice_1529506639880\"> <section id=\"0_SitemapGenerator_addons\" class=\"panel\" style=\"display:none\"> <header class=\"panel-heading\"> <span class=\"icon-lightbulb\"></span> Tips of the day </header> <div class=\"panel-body\" style=\"padding:0\"> <img class=\"img-responsive\" src=\"https://storage.googleapis.com/production-gamification-assets/tips/Sitemap Generator.png\" style=\"float:right; margin-left: 5px;\"> <img src=\"https://gamification.prestashop.com/api/getAdviceImg/1529506639880.png\"/> <p> <b>New: SEO Sitemap Generator (XML & HTML) module</b> </p> <p> With the new SEO sitemap generator SEO module developed by PrestaShop, create your store\'s sitemaps with just one click! </p> <span class=\"text-right\" style=\"float:right\"> <a class=\"btn btn-default\" target=\"_blank\" href=\"https://gamification.prestashop.com/get_advice_link.php?id_advice=1529506639880&url=https://addons.prestashop.com/en/seo-natural-search-engine-optimization/32219-sitemap-generator-for-seo-xml-html.html%3Futm_source%3Dback-office%26utm_medium%3Dtipoftheday%26utm_campaign%3Dpartenariats%26utm_content%3DSitemapGenerator_addons\"> Find out more </a> </span> </div> </section><script> $(document).ready( function () { $(\'#\'+rand(0)+\'_SitemapGenerator_addons\').show(); }); function rand(nbr){ return Math.floor(Math.random()*(nbr+1)); } </script> </div>'),(32,1,' <div id=\"wrap_id_advice_828\"> <section id=\"0_adroll\" class=\"panel\" style=\"display:none\"> <header class=\"panel-heading\"> <span class=\"icon-lightbulb\"></span> Tips of the day </header> <div class=\"panel-body\" style=\"padding:0\"> <img class=\"img-responsive\" src=\"https://storage.googleapis.com/production-gamification-assets/tips/adroll.png\" style=\"float:right; margin-left: 5px;\"> <img src=\"https://gamification.prestashop.com/api/getAdviceImg/828.png\"/> <p> <b>Did you know that over 40% of people begin their holiday shopping by October?</b> </p> <p> Use AdRoll to retarget visitors across the web, mobile and Facebook and solve for shopping cart abandonment. Start targeting your customers today with 1 click! </p> <span class=\"text-right\" style=\"float:right\"> <a class=\"btn btn-default\" target=\"_blank\" href=\"https://gamification.prestashop.com/get_advice_link.php?id_advice=828&url=https://addons.prestashop.com/en/remarketing-shopping-cart-abandonment/26551-adroll-product-recommendations-cart-abandonment.html%3Futm_source%3Dback-office%26utm_medium%3Dtipoftheday%26utm_campaign%3Dpartenariats%26utm_content%3Dadroll\"> More information? </a> </span> </div> </section><script> $(document).ready( function () { $(\'#\'+rand(0)+\'_adroll\').show(); }); function rand(nbr){ return Math.floor(Math.random()*(nbr+1)); } </script> </div>');

--
-- Table structure for table `ps_alias`
--

CREATE TABLE `ps_alias` (
  `id_alias` int(10) unsigned NOT NULL AUTO_INCREMENT,
  `alias` varchar(255) NOT NULL,
  `search` varchar(255) NOT NULL,
  `active` tinyint(1) NOT NULL DEFAULT '1',
  PRIMARY KEY (`id_alias`),
  UNIQUE KEY `alias` (`alias`)
) ENGINE=InnoDB AUTO_INCREMENT=3 DEFAULT CHARSET=utf8;

--
-- Dumping data for table `ps_alias`
--

INSERT INTO `ps_alias` VALUES (1,'bloose','blouse',1),(2,'blues','blouse',1);

--
-- Table structure for table `ps_attachment`
--

CREATE TABLE `ps_attachment` (
  `id_attachment` int(10) unsigned NOT NULL AUTO_INCREMENT,
  `file` varchar(40) NOT NULL,
  `file_name` varchar(128) NOT NULL,
  `file_size` bigint(10) unsigned NOT NULL DEFAULT '0',
  `mime` varchar(128) NOT NULL,
  PRIMARY KEY (`id_attachment`)
) ENGINE=InnoDB DEFAULT CHARSET=utf8;

--
-- Dumping data for table `ps_attachment`
--


--
-- Table structure for table `ps_attachment_lang`
--

CREATE TABLE `ps_attachment_lang` (
  `id_attachment` int(10) unsigned NOT NULL AUTO_INCREMENT,
  `id_lang` int(10) unsigned NOT NULL,
  `name` varchar(32) DEFAULT NULL,
  `description` text,
  PRIMARY KEY (`id_attachment`,`id_lang`)
) ENGINE=InnoDB DEFAULT CHARSET=utf8;

--
-- Dumping data for table `ps_attachment_lang`
--


--
-- Table structure for table `ps_attribute`
--

CREATE TABLE `ps_attribute` (
  `id_attribute` int(11) NOT NULL AUTO_INCREMENT,
  `id_attribute_group` int(11) NOT NULL,
  `color` varchar(32) COLLATE utf8_unicode_ci NOT NULL,
  `position` int(11) NOT NULL,
  PRIMARY KEY (`id_attribute`),
  KEY `attribute_group` (`id_attribute_group`)
) ENGINE=InnoDB AUTO_INCREMENT=26 DEFAULT CHARSET=utf8 COLLATE=utf8_unicode_ci;

--
-- Dumping data for table `ps_attribute`
--

INSERT INTO `ps_attribute` VALUES (1,1,'',0),(2,1,'',1),(3,1,'',2),(4,1,'',3),(5,2,'#AAB2BD',0),(6,2,'#CFC4A6',1),(7,2,'#f5f5dc',2),(8,2,'#ffffff',3),(9,2,'#faebd7',4),(10,2,'#E84C3D',5),(11,2,'#434A54',6),(12,2,'#C19A6B',7),(13,2,'#F39C11',8),(14,2,'#5D9CEC',9),(15,2,'#A0D468',10),(16,2,'#F1C40F',11),(17,2,'#964B00',12),(18,2,'#FCCACD',13),(19,3,'',0),(20,3,'',1),(21,3,'',2),(22,4,'',0),(23,4,'',1),(24,4,'',2),(25,4,'',3);

--
-- Table structure for table `ps_attribute_group`
--

CREATE TABLE `ps_attribute_group` (
  `id_attribute_group` int(11) NOT NULL AUTO_INCREMENT,
  `is_color_group` tinyint(1) NOT NULL,
  `group_type` varchar(255) COLLATE utf8_unicode_ci NOT NULL,
  `position` int(11) NOT NULL,
  PRIMARY KEY (`id_attribute_group`)
) ENGINE=InnoDB AUTO_INCREMENT=5 DEFAULT CHARSET=utf8 COLLATE=utf8_unicode_ci;

--
-- Dumping data for table `ps_attribute_group`
--

INSERT INTO `ps_attribute_group` VALUES (1,0,'select',0),(2,1,'color',1),(3,0,'select',2),(4,0,'select',3);

--
-- Table structure for table `ps_attribute_group_lang`
--

CREATE TABLE `ps_attribute_group_lang` (
  `id_attribute_group` int(11) NOT NULL,
  `id_lang` int(11) NOT NULL,
  `name` varchar(128) COLLATE utf8_unicode_ci NOT NULL,
  `public_name` varchar(64) COLLATE utf8_unicode_ci NOT NULL,
  PRIMARY KEY (`id_attribute_group`,`id_lang`),
  KEY `IDX_4653726C67A664FB` (`id_attribute_group`),
  KEY `IDX_4653726CBA299860` (`id_lang`)
) ENGINE=InnoDB DEFAULT CHARSET=utf8 COLLATE=utf8_unicode_ci;

--
-- Dumping data for table `ps_attribute_group_lang`
--

INSERT INTO `ps_attribute_group_lang` VALUES (1,1,'Size','Size'),(2,1,'Color','Color'),(3,1,'Dimension','Dimension'),(4,1,'Paper Type','Paper Type');

--
-- Table structure for table `ps_attribute_group_shop`
--

CREATE TABLE `ps_attribute_group_shop` (
  `id_attribute_group` int(11) NOT NULL,
  `id_shop` int(11) NOT NULL,
  PRIMARY KEY (`id_attribute_group`,`id_shop`),
  KEY `IDX_DB30BAAC67A664FB` (`id_attribute_group`),
  KEY `IDX_DB30BAAC274A50A0` (`id_shop`)
) ENGINE=InnoDB DEFAULT CHARSET=utf8 COLLATE=utf8_unicode_ci;

--
-- Dumping data for table `ps_attribute_group_shop`
--

INSERT INTO `ps_attribute_group_shop` VALUES (1,1),(2,1),(3,1),(4,1);

--
-- Table structure for table `ps_attribute_impact`
--

CREATE TABLE `ps_attribute_impact` (
  `id_attribute_impact` int(10) unsigned NOT NULL AUTO_INCREMENT,
  `id_product` int(11) unsigned NOT NULL,
  `id_attribute` int(11) unsigned NOT NULL,
  `weight` decimal(20,6) NOT NULL,
  `price` decimal(17,2) NOT NULL,
  PRIMARY KEY (`id_attribute_impact`),
  UNIQUE KEY `id_product` (`id_product`,`id_attribute`)
) ENGINE=InnoDB DEFAULT CHARSET=utf8;

--
-- Dumping data for table `ps_attribute_impact`
--


--
-- Table structure for table `ps_attribute_lang`
--

CREATE TABLE `ps_attribute_lang` (
  `id_attribute` int(11) NOT NULL,
  `id_lang` int(11) NOT NULL,
  `name` varchar(128) COLLATE utf8_unicode_ci NOT NULL,
  PRIMARY KEY (`id_attribute`,`id_lang`),
  KEY `IDX_3ABE46A77A4F53DC` (`id_attribute`),
  KEY `IDX_3ABE46A7BA299860` (`id_lang`)
) ENGINE=InnoDB DEFAULT CHARSET=utf8 COLLATE=utf8_unicode_ci;

--
-- Dumping data for table `ps_attribute_lang`
--

INSERT INTO `ps_attribute_lang` VALUES (1,1,'S'),(2,1,'M'),(3,1,'L'),(4,1,'XL'),(5,1,'Grey'),(6,1,'Taupe'),(7,1,'Beige'),(8,1,'White'),(9,1,'Off White'),(10,1,'Red'),(11,1,'Black'),(12,1,'Camel'),(13,1,'Orange'),(14,1,'Blue'),(15,1,'Green'),(16,1,'Yellow'),(17,1,'Brown'),(18,1,'Pink'),(19,1,'40x60cm'),(20,1,'60x90cm'),(21,1,'80x120cm'),(22,1,'Ruled'),(23,1,'Plain'),(24,1,'Squarred'),(25,1,'Doted');

--
-- Table structure for table `ps_attribute_shop`
--

CREATE TABLE `ps_attribute_shop` (
  `id_attribute` int(11) NOT NULL,
  `id_shop` int(11) NOT NULL,
  PRIMARY KEY (`id_attribute`,`id_shop`),
  KEY `IDX_A7DD8E677A4F53DC` (`id_attribute`),
  KEY `IDX_A7DD8E67274A50A0` (`id_shop`)
) ENGINE=InnoDB DEFAULT CHARSET=utf8 COLLATE=utf8_unicode_ci;

--
-- Dumping data for table `ps_attribute_shop`
--

INSERT INTO `ps_attribute_shop` VALUES (1,1),(2,1),(3,1),(4,1),(5,1),(6,1),(7,1),(8,1),(9,1),(10,1),(11,1),(12,1),(13,1),(14,1),(15,1),(16,1),(17,1),(18,1),(19,1),(20,1),(21,1),(22,1),(23,1),(24,1),(25,1);

--
-- Table structure for table `ps_authorization_role`
--

CREATE TABLE `ps_authorization_role` (
  `id_authorization_role` int(10) unsigned NOT NULL AUTO_INCREMENT,
  `slug` varchar(255) NOT NULL,
  PRIMARY KEY (`id_authorization_role`),
  UNIQUE KEY `slug` (`slug`)
) ENGINE=InnoDB AUTO_INCREMENT=913 DEFAULT CHARSET=utf8;

--
-- Dumping data for table `ps_authorization_role`
--

INSERT INTO `ps_authorization_role` VALUES (765,'ROLE_MOD_MODULE_BLOCKREASSURANCE_CREATE'),(768,'ROLE_MOD_MODULE_BLOCKREASSURANCE_DELETE'),(766,'ROLE_MOD_MODULE_BLOCKREASSURANCE_READ'),(767,'ROLE_MOD_MODULE_BLOCKREASSURANCE_UPDATE'),(781,'ROLE_MOD_MODULE_BLOCKTAGS_CREATE'),(784,'ROLE_MOD_MODULE_BLOCKTAGS_DELETE'),(782,'ROLE_MOD_MODULE_BLOCKTAGS_READ'),(783,'ROLE_MOD_MODULE_BLOCKTAGS_UPDATE'),(477,'ROLE_MOD_MODULE_CONTACTFORM_CREATE'),(480,'ROLE_MOD_MODULE_CONTACTFORM_DELETE'),(478,'ROLE_MOD_MODULE_CONTACTFORM_READ'),(479,'ROLE_MOD_MODULE_CONTACTFORM_UPDATE'),(481,'ROLE_MOD_MODULE_DASHACTIVITY_CREATE'),(484,'ROLE_MOD_MODULE_DASHACTIVITY_DELETE'),(482,'ROLE_MOD_MODULE_DASHACTIVITY_READ'),(483,'ROLE_MOD_MODULE_DASHACTIVITY_UPDATE'),(493,'ROLE_MOD_MODULE_DASHGOALS_CREATE'),(496,'ROLE_MOD_MODULE_DASHGOALS_DELETE'),(494,'ROLE_MOD_MODULE_DASHGOALS_READ'),(495,'ROLE_MOD_MODULE_DASHGOALS_UPDATE'),(497,'ROLE_MOD_MODULE_DASHPRODUCTS_CREATE'),(500,'ROLE_MOD_MODULE_DASHPRODUCTS_DELETE'),(498,'ROLE_MOD_MODULE_DASHPRODUCTS_READ'),(499,'ROLE_MOD_MODULE_DASHPRODUCTS_UPDATE'),(485,'ROLE_MOD_MODULE_DASHTRENDS_CREATE'),(488,'ROLE_MOD_MODULE_DASHTRENDS_DELETE'),(486,'ROLE_MOD_MODULE_DASHTRENDS_READ'),(487,'ROLE_MOD_MODULE_DASHTRENDS_UPDATE'),(725,'ROLE_MOD_MODULE_GAMIFICATION_CREATE'),(728,'ROLE_MOD_MODULE_GAMIFICATION_DELETE'),(726,'ROLE_MOD_MODULE_GAMIFICATION_READ'),(727,'ROLE_MOD_MODULE_GAMIFICATION_UPDATE'),(501,'ROLE_MOD_MODULE_GRAPHNVD3_CREATE'),(504,'ROLE_MOD_MODULE_GRAPHNVD3_DELETE'),(502,'ROLE_MOD_MODULE_GRAPHNVD3_READ'),(503,'ROLE_MOD_MODULE_GRAPHNVD3_UPDATE'),(505,'ROLE_MOD_MODULE_GRIDHTML_CREATE'),(508,'ROLE_MOD_MODULE_GRIDHTML_DELETE'),(506,'ROLE_MOD_MODULE_GRIDHTML_READ'),(507,'ROLE_MOD_MODULE_GRIDHTML_UPDATE'),(509,'ROLE_MOD_MODULE_GSITEMAP_CREATE'),(512,'ROLE_MOD_MODULE_GSITEMAP_DELETE'),(510,'ROLE_MOD_MODULE_GSITEMAP_READ'),(511,'ROLE_MOD_MODULE_GSITEMAP_UPDATE'),(621,'ROLE_MOD_MODULE_PAGESNOTFOUND_CREATE'),(624,'ROLE_MOD_MODULE_PAGESNOTFOUND_DELETE'),(622,'ROLE_MOD_MODULE_PAGESNOTFOUND_READ'),(623,'ROLE_MOD_MODULE_PAGESNOTFOUND_UPDATE'),(865,'ROLE_MOD_MODULE_POSCOUNTDOWN_CREATE'),(868,'ROLE_MOD_MODULE_POSCOUNTDOWN_DELETE'),(866,'ROLE_MOD_MODULE_POSCOUNTDOWN_READ'),(867,'ROLE_MOD_MODULE_POSCOUNTDOWN_UPDATE'),(841,'ROLE_MOD_MODULE_POSLISTCATEGORIES_CREATE'),(844,'ROLE_MOD_MODULE_POSLISTCATEGORIES_DELETE'),(842,'ROLE_MOD_MODULE_POSLISTCATEGORIES_READ'),(843,'ROLE_MOD_MODULE_POSLISTCATEGORIES_UPDATE'),(797,'ROLE_MOD_MODULE_POSLOGO_CREATE'),(800,'ROLE_MOD_MODULE_POSLOGO_DELETE'),(798,'ROLE_MOD_MODULE_POSLOGO_READ'),(799,'ROLE_MOD_MODULE_POSLOGO_UPDATE'),(801,'ROLE_MOD_MODULE_POSMEGAMENU_CREATE'),(804,'ROLE_MOD_MODULE_POSMEGAMENU_DELETE'),(802,'ROLE_MOD_MODULE_POSMEGAMENU_READ'),(803,'ROLE_MOD_MODULE_POSMEGAMENU_UPDATE'),(857,'ROLE_MOD_MODULE_POSRECOMMENDEDPRODUCTS_CREATE'),(860,'ROLE_MOD_MODULE_POSRECOMMENDEDPRODUCTS_DELETE'),(858,'ROLE_MOD_MODULE_POSRECOMMENDEDPRODUCTS_READ'),(859,'ROLE_MOD_MODULE_POSRECOMMENDEDPRODUCTS_UPDATE'),(845,'ROLE_MOD_MODULE_POSSEARCHPRODUCTS_CREATE'),(848,'ROLE_MOD_MODULE_POSSEARCHPRODUCTS_DELETE'),(846,'ROLE_MOD_MODULE_POSSEARCHPRODUCTS_READ'),(847,'ROLE_MOD_MODULE_POSSEARCHPRODUCTS_UPDATE'),(813,'ROLE_MOD_MODULE_POSSLIDESHOWS_CREATE'),(816,'ROLE_MOD_MODULE_POSSLIDESHOWS_DELETE'),(814,'ROLE_MOD_MODULE_POSSLIDESHOWS_READ'),(815,'ROLE_MOD_MODULE_POSSLIDESHOWS_UPDATE'),(861,'ROLE_MOD_MODULE_POSSPECIALPRODUCTS_CREATE'),(864,'ROLE_MOD_MODULE_POSSPECIALPRODUCTS_DELETE'),(862,'ROLE_MOD_MODULE_POSSPECIALPRODUCTS_READ'),(863,'ROLE_MOD_MODULE_POSSPECIALPRODUCTS_UPDATE'),(821,'ROLE_MOD_MODULE_POSSTATICBLOCKS_CREATE'),(824,'ROLE_MOD_MODULE_POSSTATICBLOCKS_DELETE'),(822,'ROLE_MOD_MODULE_POSSTATICBLOCKS_READ'),(823,'ROLE_MOD_MODULE_POSSTATICBLOCKS_UPDATE'),(829,'ROLE_MOD_MODULE_POSSTATICFOOTER_CREATE'),(832,'ROLE_MOD_MODULE_POSSTATICFOOTER_DELETE'),(830,'ROLE_MOD_MODULE_POSSTATICFOOTER_READ'),(831,'ROLE_MOD_MODULE_POSSTATICFOOTER_UPDATE'),(833,'ROLE_MOD_MODULE_POSTABCATESLIDER_CREATE'),(836,'ROLE_MOD_MODULE_POSTABCATESLIDER_DELETE'),(834,'ROLE_MOD_MODULE_POSTABCATESLIDER_READ'),(835,'ROLE_MOD_MODULE_POSTABCATESLIDER_UPDATE'),(837,'ROLE_MOD_MODULE_POSTABPRODUCTSLIDER_CREATE'),(840,'ROLE_MOD_MODULE_POSTABPRODUCTSLIDER_DELETE'),(838,'ROLE_MOD_MODULE_POSTABPRODUCTSLIDER_READ'),(839,'ROLE_MOD_MODULE_POSTABPRODUCTSLIDER_UPDATE'),(849,'ROLE_MOD_MODULE_POSTESTIMONIALS_CREATE'),(852,'ROLE_MOD_MODULE_POSTESTIMONIALS_DELETE'),(850,'ROLE_MOD_MODULE_POSTESTIMONIALS_READ'),(851,'ROLE_MOD_MODULE_POSTESTIMONIALS_UPDATE'),(805,'ROLE_MOD_MODULE_POSVEGAMENU_CREATE'),(808,'ROLE_MOD_MODULE_POSVEGAMENU_DELETE'),(806,'ROLE_MOD_MODULE_POSVEGAMENU_READ'),(807,'ROLE_MOD_MODULE_POSVEGAMENU_UPDATE'),(785,'ROLE_MOD_MODULE_PRODUCTCOMMENTS_CREATE'),(788,'ROLE_MOD_MODULE_PRODUCTCOMMENTS_DELETE'),(786,'ROLE_MOD_MODULE_PRODUCTCOMMENTS_READ'),(787,'ROLE_MOD_MODULE_PRODUCTCOMMENTS_UPDATE'),(729,'ROLE_MOD_MODULE_PSADDONSCONNECT_CREATE'),(732,'ROLE_MOD_MODULE_PSADDONSCONNECT_DELETE'),(730,'ROLE_MOD_MODULE_PSADDONSCONNECT_READ'),(731,'ROLE_MOD_MODULE_PSADDONSCONNECT_UPDATE'),(733,'ROLE_MOD_MODULE_PSGDPR_CREATE'),(736,'ROLE_MOD_MODULE_PSGDPR_DELETE'),(734,'ROLE_MOD_MODULE_PSGDPR_READ'),(735,'ROLE_MOD_MODULE_PSGDPR_UPDATE'),(773,'ROLE_MOD_MODULE_PS_ADVERTISING_CREATE'),(776,'ROLE_MOD_MODULE_PS_ADVERTISING_DELETE'),(774,'ROLE_MOD_MODULE_PS_ADVERTISING_READ'),(775,'ROLE_MOD_MODULE_PS_ADVERTISING_UPDATE'),(513,'ROLE_MOD_MODULE_PS_BANNER_CREATE'),(516,'ROLE_MOD_MODULE_PS_BANNER_DELETE'),(514,'ROLE_MOD_MODULE_PS_BANNER_READ'),(515,'ROLE_MOD_MODULE_PS_BANNER_UPDATE'),(757,'ROLE_MOD_MODULE_PS_BUYBUTTONLITE_CREATE'),(760,'ROLE_MOD_MODULE_PS_BUYBUTTONLITE_DELETE'),(758,'ROLE_MOD_MODULE_PS_BUYBUTTONLITE_READ'),(759,'ROLE_MOD_MODULE_PS_BUYBUTTONLITE_UPDATE'),(777,'ROLE_MOD_MODULE_PS_CATEGORYPRODUCTS_CREATE'),(780,'ROLE_MOD_MODULE_PS_CATEGORYPRODUCTS_DELETE'),(778,'ROLE_MOD_MODULE_PS_CATEGORYPRODUCTS_READ'),(779,'ROLE_MOD_MODULE_PS_CATEGORYPRODUCTS_UPDATE'),(517,'ROLE_MOD_MODULE_PS_CATEGORYTREE_CREATE'),(520,'ROLE_MOD_MODULE_PS_CATEGORYTREE_DELETE'),(518,'ROLE_MOD_MODULE_PS_CATEGORYTREE_READ'),(519,'ROLE_MOD_MODULE_PS_CATEGORYTREE_UPDATE'),(521,'ROLE_MOD_MODULE_PS_CHECKPAYMENT_CREATE'),(524,'ROLE_MOD_MODULE_PS_CHECKPAYMENT_DELETE'),(522,'ROLE_MOD_MODULE_PS_CHECKPAYMENT_READ'),(523,'ROLE_MOD_MODULE_PS_CHECKPAYMENT_UPDATE'),(525,'ROLE_MOD_MODULE_PS_CONTACTINFO_CREATE'),(528,'ROLE_MOD_MODULE_PS_CONTACTINFO_DELETE'),(526,'ROLE_MOD_MODULE_PS_CONTACTINFO_READ'),(527,'ROLE_MOD_MODULE_PS_CONTACTINFO_UPDATE'),(529,'ROLE_MOD_MODULE_PS_CURRENCYSELECTOR_CREATE'),(532,'ROLE_MOD_MODULE_PS_CURRENCYSELECTOR_DELETE'),(530,'ROLE_MOD_MODULE_PS_CURRENCYSELECTOR_READ'),(531,'ROLE_MOD_MODULE_PS_CURRENCYSELECTOR_UPDATE'),(533,'ROLE_MOD_MODULE_PS_CUSTOMERACCOUNTLINKS_CREATE'),(536,'ROLE_MOD_MODULE_PS_CUSTOMERACCOUNTLINKS_DELETE'),(534,'ROLE_MOD_MODULE_PS_CUSTOMERACCOUNTLINKS_READ'),(535,'ROLE_MOD_MODULE_PS_CUSTOMERACCOUNTLINKS_UPDATE'),(537,'ROLE_MOD_MODULE_PS_CUSTOMERSIGNIN_CREATE'),(540,'ROLE_MOD_MODULE_PS_CUSTOMERSIGNIN_DELETE'),(538,'ROLE_MOD_MODULE_PS_CUSTOMERSIGNIN_READ'),(539,'ROLE_MOD_MODULE_PS_CUSTOMERSIGNIN_UPDATE'),(541,'ROLE_MOD_MODULE_PS_CUSTOMTEXT_CREATE'),(544,'ROLE_MOD_MODULE_PS_CUSTOMTEXT_DELETE'),(542,'ROLE_MOD_MODULE_PS_CUSTOMTEXT_READ'),(543,'ROLE_MOD_MODULE_PS_CUSTOMTEXT_UPDATE'),(545,'ROLE_MOD_MODULE_PS_EMAILSUBSCRIPTION_CREATE'),(548,'ROLE_MOD_MODULE_PS_EMAILSUBSCRIPTION_DELETE'),(546,'ROLE_MOD_MODULE_PS_EMAILSUBSCRIPTION_READ'),(547,'ROLE_MOD_MODULE_PS_EMAILSUBSCRIPTION_UPDATE'),(769,'ROLE_MOD_MODULE_PS_FACETEDSEARCH_CREATE'),(772,'ROLE_MOD_MODULE_PS_FACETEDSEARCH_DELETE'),(770,'ROLE_MOD_MODULE_PS_FACETEDSEARCH_READ'),(771,'ROLE_MOD_MODULE_PS_FACETEDSEARCH_UPDATE'),(553,'ROLE_MOD_MODULE_PS_FAVICONNOTIFICATIONBO_CREATE'),(556,'ROLE_MOD_MODULE_PS_FAVICONNOTIFICATIONBO_DELETE'),(554,'ROLE_MOD_MODULE_PS_FAVICONNOTIFICATIONBO_READ'),(555,'ROLE_MOD_MODULE_PS_FAVICONNOTIFICATIONBO_UPDATE'),(561,'ROLE_MOD_MODULE_PS_FEATUREDPRODUCTS_CREATE'),(564,'ROLE_MOD_MODULE_PS_FEATUREDPRODUCTS_DELETE'),(562,'ROLE_MOD_MODULE_PS_FEATUREDPRODUCTS_READ'),(563,'ROLE_MOD_MODULE_PS_FEATUREDPRODUCTS_UPDATE'),(565,'ROLE_MOD_MODULE_PS_IMAGESLIDER_CREATE'),(568,'ROLE_MOD_MODULE_PS_IMAGESLIDER_DELETE'),(566,'ROLE_MOD_MODULE_PS_IMAGESLIDER_READ'),(567,'ROLE_MOD_MODULE_PS_IMAGESLIDER_UPDATE'),(569,'ROLE_MOD_MODULE_PS_LANGUAGESELECTOR_CREATE'),(572,'ROLE_MOD_MODULE_PS_LANGUAGESELECTOR_DELETE'),(570,'ROLE_MOD_MODULE_PS_LANGUAGESELECTOR_READ'),(571,'ROLE_MOD_MODULE_PS_LANGUAGESELECTOR_UPDATE'),(577,'ROLE_MOD_MODULE_PS_LINKLIST_CREATE'),(580,'ROLE_MOD_MODULE_PS_LINKLIST_DELETE'),(578,'ROLE_MOD_MODULE_PS_LINKLIST_READ'),(579,'ROLE_MOD_MODULE_PS_LINKLIST_UPDATE'),(581,'ROLE_MOD_MODULE_PS_MAINMENU_CREATE'),(584,'ROLE_MOD_MODULE_PS_MAINMENU_DELETE'),(582,'ROLE_MOD_MODULE_PS_MAINMENU_READ'),(583,'ROLE_MOD_MODULE_PS_MAINMENU_UPDATE'),(745,'ROLE_MOD_MODULE_PS_MBO_CREATE'),(748,'ROLE_MOD_MODULE_PS_MBO_DELETE'),(746,'ROLE_MOD_MODULE_PS_MBO_READ'),(747,'ROLE_MOD_MODULE_PS_MBO_UPDATE'),(585,'ROLE_MOD_MODULE_PS_SEARCHBAR_CREATE'),(588,'ROLE_MOD_MODULE_PS_SEARCHBAR_DELETE'),(586,'ROLE_MOD_MODULE_PS_SEARCHBAR_READ'),(587,'ROLE_MOD_MODULE_PS_SEARCHBAR_UPDATE'),(589,'ROLE_MOD_MODULE_PS_SHAREBUTTONS_CREATE'),(592,'ROLE_MOD_MODULE_PS_SHAREBUTTONS_DELETE'),(590,'ROLE_MOD_MODULE_PS_SHAREBUTTONS_READ'),(591,'ROLE_MOD_MODULE_PS_SHAREBUTTONS_UPDATE'),(593,'ROLE_MOD_MODULE_PS_SHOPPINGCART_CREATE'),(596,'ROLE_MOD_MODULE_PS_SHOPPINGCART_DELETE'),(594,'ROLE_MOD_MODULE_PS_SHOPPINGCART_READ'),(595,'ROLE_MOD_MODULE_PS_SHOPPINGCART_UPDATE'),(597,'ROLE_MOD_MODULE_PS_SOCIALFOLLOW_CREATE'),(600,'ROLE_MOD_MODULE_PS_SOCIALFOLLOW_DELETE'),(598,'ROLE_MOD_MODULE_PS_SOCIALFOLLOW_READ'),(599,'ROLE_MOD_MODULE_PS_SOCIALFOLLOW_UPDATE'),(601,'ROLE_MOD_MODULE_PS_THEMECUSTO_CREATE'),(604,'ROLE_MOD_MODULE_PS_THEMECUSTO_DELETE'),(602,'ROLE_MOD_MODULE_PS_THEMECUSTO_READ'),(603,'ROLE_MOD_MODULE_PS_THEMECUSTO_UPDATE'),(617,'ROLE_MOD_MODULE_PS_WIREPAYMENT_CREATE'),(620,'ROLE_MOD_MODULE_PS_WIREPAYMENT_DELETE'),(618,'ROLE_MOD_MODULE_PS_WIREPAYMENT_READ'),(619,'ROLE_MOD_MODULE_PS_WIREPAYMENT_UPDATE'),(625,'ROLE_MOD_MODULE_SEKEYWORDS_CREATE'),(628,'ROLE_MOD_MODULE_SEKEYWORDS_DELETE'),(626,'ROLE_MOD_MODULE_SEKEYWORDS_READ'),(627,'ROLE_MOD_MODULE_SEKEYWORDS_UPDATE'),(629,'ROLE_MOD_MODULE_STATSBESTCATEGORIES_CREATE'),(632,'ROLE_MOD_MODULE_STATSBESTCATEGORIES_DELETE'),(630,'ROLE_MOD_MODULE_STATSBESTCATEGORIES_READ'),(631,'ROLE_MOD_MODULE_STATSBESTCATEGORIES_UPDATE'),(633,'ROLE_MOD_MODULE_STATSBESTCUSTOMERS_CREATE'),(636,'ROLE_MOD_MODULE_STATSBESTCUSTOMERS_DELETE'),(634,'ROLE_MOD_MODULE_STATSBESTCUSTOMERS_READ'),(635,'ROLE_MOD_MODULE_STATSBESTCUSTOMERS_UPDATE'),(637,'ROLE_MOD_MODULE_STATSBESTPRODUCTS_CREATE'),(640,'ROLE_MOD_MODULE_STATSBESTPRODUCTS_DELETE'),(638,'ROLE_MOD_MODULE_STATSBESTPRODUCTS_READ'),(639,'ROLE_MOD_MODULE_STATSBESTPRODUCTS_UPDATE'),(641,'ROLE_MOD_MODULE_STATSBESTSUPPLIERS_CREATE'),(644,'ROLE_MOD_MODULE_STATSBESTSUPPLIERS_DELETE'),(642,'ROLE_MOD_MODULE_STATSBESTSUPPLIERS_READ'),(643,'ROLE_MOD_MODULE_STATSBESTSUPPLIERS_UPDATE'),(645,'ROLE_MOD_MODULE_STATSBESTVOUCHERS_CREATE'),(648,'ROLE_MOD_MODULE_STATSBESTVOUCHERS_DELETE'),(646,'ROLE_MOD_MODULE_STATSBESTVOUCHERS_READ'),(647,'ROLE_MOD_MODULE_STATSBESTVOUCHERS_UPDATE'),(649,'ROLE_MOD_MODULE_STATSCARRIER_CREATE'),(652,'ROLE_MOD_MODULE_STATSCARRIER_DELETE'),(650,'ROLE_MOD_MODULE_STATSCARRIER_READ'),(651,'ROLE_MOD_MODULE_STATSCARRIER_UPDATE'),(653,'ROLE_MOD_MODULE_STATSCATALOG_CREATE'),(656,'ROLE_MOD_MODULE_STATSCATALOG_DELETE'),(654,'ROLE_MOD_MODULE_STATSCATALOG_READ'),(655,'ROLE_MOD_MODULE_STATSCATALOG_UPDATE'),(657,'ROLE_MOD_MODULE_STATSCHECKUP_CREATE'),(660,'ROLE_MOD_MODULE_STATSCHECKUP_DELETE'),(658,'ROLE_MOD_MODULE_STATSCHECKUP_READ'),(659,'ROLE_MOD_MODULE_STATSCHECKUP_UPDATE'),(661,'ROLE_MOD_MODULE_STATSDATA_CREATE'),(664,'ROLE_MOD_MODULE_STATSDATA_DELETE'),(662,'ROLE_MOD_MODULE_STATSDATA_READ'),(663,'ROLE_MOD_MODULE_STATSDATA_UPDATE'),(665,'ROLE_MOD_MODULE_STATSEQUIPMENT_CREATE'),(668,'ROLE_MOD_MODULE_STATSEQUIPMENT_DELETE'),(666,'ROLE_MOD_MODULE_STATSEQUIPMENT_READ'),(667,'ROLE_MOD_MODULE_STATSEQUIPMENT_UPDATE'),(669,'ROLE_MOD_MODULE_STATSFORECAST_CREATE'),(672,'ROLE_MOD_MODULE_STATSFORECAST_DELETE'),(670,'ROLE_MOD_MODULE_STATSFORECAST_READ'),(671,'ROLE_MOD_MODULE_STATSFORECAST_UPDATE'),(673,'ROLE_MOD_MODULE_STATSLIVE_CREATE'),(676,'ROLE_MOD_MODULE_STATSLIVE_DELETE'),(674,'ROLE_MOD_MODULE_STATSLIVE_READ'),(675,'ROLE_MOD_MODULE_STATSLIVE_UPDATE'),(677,'ROLE_MOD_MODULE_STATSNEWSLETTER_CREATE'),(680,'ROLE_MOD_MODULE_STATSNEWSLETTER_DELETE'),(678,'ROLE_MOD_MODULE_STATSNEWSLETTER_READ'),(679,'ROLE_MOD_MODULE_STATSNEWSLETTER_UPDATE'),(681,'ROLE_MOD_MODULE_STATSORIGIN_CREATE'),(684,'ROLE_MOD_MODULE_STATSORIGIN_DELETE'),(682,'ROLE_MOD_MODULE_STATSORIGIN_READ'),(683,'ROLE_MOD_MODULE_STATSORIGIN_UPDATE'),(685,'ROLE_MOD_MODULE_STATSPERSONALINFOS_CREATE'),(688,'ROLE_MOD_MODULE_STATSPERSONALINFOS_DELETE'),(686,'ROLE_MOD_MODULE_STATSPERSONALINFOS_READ'),(687,'ROLE_MOD_MODULE_STATSPERSONALINFOS_UPDATE'),(689,'ROLE_MOD_MODULE_STATSPRODUCT_CREATE'),(692,'ROLE_MOD_MODULE_STATSPRODUCT_DELETE'),(690,'ROLE_MOD_MODULE_STATSPRODUCT_READ'),(691,'ROLE_MOD_MODULE_STATSPRODUCT_UPDATE'),(693,'ROLE_MOD_MODULE_STATSREGISTRATIONS_CREATE'),(696,'ROLE_MOD_MODULE_STATSREGISTRATIONS_DELETE'),(694,'ROLE_MOD_MODULE_STATSREGISTRATIONS_READ'),(695,'ROLE_MOD_MODULE_STATSREGISTRATIONS_UPDATE'),(697,'ROLE_MOD_MODULE_STATSSALES_CREATE'),(700,'ROLE_MOD_MODULE_STATSSALES_DELETE'),(698,'ROLE_MOD_MODULE_STATSSALES_READ'),(699,'ROLE_MOD_MODULE_STATSSALES_UPDATE'),(701,'ROLE_MOD_MODULE_STATSSEARCH_CREATE'),(704,'ROLE_MOD_MODULE_STATSSEARCH_DELETE'),(702,'ROLE_MOD_MODULE_STATSSEARCH_READ'),(703,'ROLE_MOD_MODULE_STATSSEARCH_UPDATE'),(705,'ROLE_MOD_MODULE_STATSSTOCK_CREATE'),(708,'ROLE_MOD_MODULE_STATSSTOCK_DELETE'),(706,'ROLE_MOD_MODULE_STATSSTOCK_READ'),(707,'ROLE_MOD_MODULE_STATSSTOCK_UPDATE'),(709,'ROLE_MOD_MODULE_STATSVISITS_CREATE'),(712,'ROLE_MOD_MODULE_STATSVISITS_DELETE'),(710,'ROLE_MOD_MODULE_STATSVISITS_READ'),(711,'ROLE_MOD_MODULE_STATSVISITS_UPDATE'),(713,'ROLE_MOD_MODULE_WELCOME_CREATE'),(716,'ROLE_MOD_MODULE_WELCOME_DELETE'),(714,'ROLE_MOD_MODULE_WELCOME_READ'),(715,'ROLE_MOD_MODULE_WELCOME_UPDATE'),(893,'ROLE_MOD_MODULE_XIPBLOGDISPLAYPOSTS_CREATE'),(896,'ROLE_MOD_MODULE_XIPBLOGDISPLAYPOSTS_DELETE'),(894,'ROLE_MOD_MODULE_XIPBLOGDISPLAYPOSTS_READ'),(895,'ROLE_MOD_MODULE_XIPBLOGDISPLAYPOSTS_UPDATE'),(869,'ROLE_MOD_MODULE_XIPBLOG_CREATE'),(872,'ROLE_MOD_MODULE_XIPBLOG_DELETE'),(870,'ROLE_MOD_MODULE_XIPBLOG_READ'),(871,'ROLE_MOD_MODULE_XIPBLOG_UPDATE'),(1,'ROLE_MOD_TAB_ADMINACCESS_CREATE'),(4,'ROLE_MOD_TAB_ADMINACCESS_DELETE'),(2,'ROLE_MOD_TAB_ADMINACCESS_READ'),(3,'ROLE_MOD_TAB_ADMINACCESS_UPDATE'),(5,'ROLE_MOD_TAB_ADMINADDONSCATALOG_CREATE'),(8,'ROLE_MOD_TAB_ADMINADDONSCATALOG_DELETE'),(6,'ROLE_MOD_TAB_ADMINADDONSCATALOG_READ'),(7,'ROLE_MOD_TAB_ADMINADDONSCATALOG_UPDATE'),(9,'ROLE_MOD_TAB_ADMINADDRESSES_CREATE'),(12,'ROLE_MOD_TAB_ADMINADDRESSES_DELETE'),(10,'ROLE_MOD_TAB_ADMINADDRESSES_READ'),(11,'ROLE_MOD_TAB_ADMINADDRESSES_UPDATE'),(13,'ROLE_MOD_TAB_ADMINADMINPREFERENCES_CREATE'),(16,'ROLE_MOD_TAB_ADMINADMINPREFERENCES_DELETE'),(14,'ROLE_MOD_TAB_ADMINADMINPREFERENCES_READ'),(15,'ROLE_MOD_TAB_ADMINADMINPREFERENCES_UPDATE'),(17,'ROLE_MOD_TAB_ADMINADVANCEDPARAMETERS_CREATE'),(20,'ROLE_MOD_TAB_ADMINADVANCEDPARAMETERS_DELETE'),(18,'ROLE_MOD_TAB_ADMINADVANCEDPARAMETERS_READ'),(19,'ROLE_MOD_TAB_ADMINADVANCEDPARAMETERS_UPDATE'),(557,'ROLE_MOD_TAB_ADMINAJAXFAVICONBO_CREATE'),(560,'ROLE_MOD_TAB_ADMINAJAXFAVICONBO_DELETE'),(558,'ROLE_MOD_TAB_ADMINAJAXFAVICONBO_READ'),(559,'ROLE_MOD_TAB_ADMINAJAXFAVICONBO_UPDATE'),(737,'ROLE_MOD_TAB_ADMINAJAXPSGDPR_CREATE'),(740,'ROLE_MOD_TAB_ADMINAJAXPSGDPR_DELETE'),(738,'ROLE_MOD_TAB_ADMINAJAXPSGDPR_READ'),(739,'ROLE_MOD_TAB_ADMINAJAXPSGDPR_UPDATE'),(761,'ROLE_MOD_TAB_ADMINAJAXPS_BUYBUTTONLITE_CREATE'),(764,'ROLE_MOD_TAB_ADMINAJAXPS_BUYBUTTONLITE_DELETE'),(762,'ROLE_MOD_TAB_ADMINAJAXPS_BUYBUTTONLITE_READ'),(763,'ROLE_MOD_TAB_ADMINAJAXPS_BUYBUTTONLITE_UPDATE'),(21,'ROLE_MOD_TAB_ADMINATTACHMENTS_CREATE'),(24,'ROLE_MOD_TAB_ADMINATTACHMENTS_DELETE'),(22,'ROLE_MOD_TAB_ADMINATTACHMENTS_READ'),(23,'ROLE_MOD_TAB_ADMINATTACHMENTS_UPDATE'),(25,'ROLE_MOD_TAB_ADMINATTRIBUTESGROUPS_CREATE'),(28,'ROLE_MOD_TAB_ADMINATTRIBUTESGROUPS_DELETE'),(26,'ROLE_MOD_TAB_ADMINATTRIBUTESGROUPS_READ'),(27,'ROLE_MOD_TAB_ADMINATTRIBUTESGROUPS_UPDATE'),(29,'ROLE_MOD_TAB_ADMINBACKUP_CREATE'),(32,'ROLE_MOD_TAB_ADMINBACKUP_DELETE'),(30,'ROLE_MOD_TAB_ADMINBACKUP_READ'),(31,'ROLE_MOD_TAB_ADMINBACKUP_UPDATE'),(901,'ROLE_MOD_TAB_ADMINBLOCKLISTING_CREATE'),(904,'ROLE_MOD_TAB_ADMINBLOCKLISTING_DELETE'),(902,'ROLE_MOD_TAB_ADMINBLOCKLISTING_READ'),(903,'ROLE_MOD_TAB_ADMINBLOCKLISTING_UPDATE'),(33,'ROLE_MOD_TAB_ADMINCARRIERS_CREATE'),(36,'ROLE_MOD_TAB_ADMINCARRIERS_DELETE'),(34,'ROLE_MOD_TAB_ADMINCARRIERS_READ'),(35,'ROLE_MOD_TAB_ADMINCARRIERS_UPDATE'),(37,'ROLE_MOD_TAB_ADMINCARTRULES_CREATE'),(40,'ROLE_MOD_TAB_ADMINCARTRULES_DELETE'),(38,'ROLE_MOD_TAB_ADMINCARTRULES_READ'),(39,'ROLE_MOD_TAB_ADMINCARTRULES_UPDATE'),(41,'ROLE_MOD_TAB_ADMINCARTS_CREATE'),(44,'ROLE_MOD_TAB_ADMINCARTS_DELETE'),(42,'ROLE_MOD_TAB_ADMINCARTS_READ'),(43,'ROLE_MOD_TAB_ADMINCARTS_UPDATE'),(45,'ROLE_MOD_TAB_ADMINCATALOG_CREATE'),(48,'ROLE_MOD_TAB_ADMINCATALOG_DELETE'),(46,'ROLE_MOD_TAB_ADMINCATALOG_READ'),(47,'ROLE_MOD_TAB_ADMINCATALOG_UPDATE'),(49,'ROLE_MOD_TAB_ADMINCATEGORIES_CREATE'),(52,'ROLE_MOD_TAB_ADMINCATEGORIES_DELETE'),(50,'ROLE_MOD_TAB_ADMINCATEGORIES_READ'),(51,'ROLE_MOD_TAB_ADMINCATEGORIES_UPDATE'),(909,'ROLE_MOD_TAB_ADMINCMSBLOCK_CREATE'),(912,'ROLE_MOD_TAB_ADMINCMSBLOCK_DELETE'),(910,'ROLE_MOD_TAB_ADMINCMSBLOCK_READ'),(911,'ROLE_MOD_TAB_ADMINCMSBLOCK_UPDATE'),(53,'ROLE_MOD_TAB_ADMINCMSCONTENT_CREATE'),(56,'ROLE_MOD_TAB_ADMINCMSCONTENT_DELETE'),(54,'ROLE_MOD_TAB_ADMINCMSCONTENT_READ'),(55,'ROLE_MOD_TAB_ADMINCMSCONTENT_UPDATE'),(57,'ROLE_MOD_TAB_ADMINCONTACTS_CREATE'),(60,'ROLE_MOD_TAB_ADMINCONTACTS_DELETE'),(58,'ROLE_MOD_TAB_ADMINCONTACTS_READ'),(59,'ROLE_MOD_TAB_ADMINCONTACTS_UPDATE'),(61,'ROLE_MOD_TAB_ADMINCOUNTRIES_CREATE'),(64,'ROLE_MOD_TAB_ADMINCOUNTRIES_DELETE'),(62,'ROLE_MOD_TAB_ADMINCOUNTRIES_READ'),(63,'ROLE_MOD_TAB_ADMINCOUNTRIES_UPDATE'),(65,'ROLE_MOD_TAB_ADMINCURRENCIES_CREATE'),(68,'ROLE_MOD_TAB_ADMINCURRENCIES_DELETE'),(66,'ROLE_MOD_TAB_ADMINCURRENCIES_READ'),(67,'ROLE_MOD_TAB_ADMINCURRENCIES_UPDATE'),(69,'ROLE_MOD_TAB_ADMINCUSTOMERPREFERENCES_CREATE'),(72,'ROLE_MOD_TAB_ADMINCUSTOMERPREFERENCES_DELETE'),(70,'ROLE_MOD_TAB_ADMINCUSTOMERPREFERENCES_READ'),(71,'ROLE_MOD_TAB_ADMINCUSTOMERPREFERENCES_UPDATE'),(73,'ROLE_MOD_TAB_ADMINCUSTOMERS_CREATE'),(76,'ROLE_MOD_TAB_ADMINCUSTOMERS_DELETE'),(74,'ROLE_MOD_TAB_ADMINCUSTOMERS_READ'),(75,'ROLE_MOD_TAB_ADMINCUSTOMERS_UPDATE'),(77,'ROLE_MOD_TAB_ADMINCUSTOMERTHREADS_CREATE'),(80,'ROLE_MOD_TAB_ADMINCUSTOMERTHREADS_DELETE'),(78,'ROLE_MOD_TAB_ADMINCUSTOMERTHREADS_READ'),(79,'ROLE_MOD_TAB_ADMINCUSTOMERTHREADS_UPDATE'),(81,'ROLE_MOD_TAB_ADMINDASHBOARD_CREATE'),(84,'ROLE_MOD_TAB_ADMINDASHBOARD_DELETE'),(82,'ROLE_MOD_TAB_ADMINDASHBOARD_READ'),(83,'ROLE_MOD_TAB_ADMINDASHBOARD_UPDATE'),(489,'ROLE_MOD_TAB_ADMINDASHGOALS_CREATE'),(492,'ROLE_MOD_TAB_ADMINDASHGOALS_DELETE'),(490,'ROLE_MOD_TAB_ADMINDASHGOALS_READ'),(491,'ROLE_MOD_TAB_ADMINDASHGOALS_UPDATE'),(85,'ROLE_MOD_TAB_ADMINDELIVERYSLIP_CREATE'),(88,'ROLE_MOD_TAB_ADMINDELIVERYSLIP_DELETE'),(86,'ROLE_MOD_TAB_ADMINDELIVERYSLIP_READ'),(87,'ROLE_MOD_TAB_ADMINDELIVERYSLIP_UPDATE'),(741,'ROLE_MOD_TAB_ADMINDOWNLOADINVOICESPSGDPR_CREATE'),(744,'ROLE_MOD_TAB_ADMINDOWNLOADINVOICESPSGDPR_DELETE'),(742,'ROLE_MOD_TAB_ADMINDOWNLOADINVOICESPSGDPR_READ'),(743,'ROLE_MOD_TAB_ADMINDOWNLOADINVOICESPSGDPR_UPDATE'),(89,'ROLE_MOD_TAB_ADMINEMAILS_CREATE'),(92,'ROLE_MOD_TAB_ADMINEMAILS_DELETE'),(90,'ROLE_MOD_TAB_ADMINEMAILS_READ'),(91,'ROLE_MOD_TAB_ADMINEMAILS_UPDATE'),(93,'ROLE_MOD_TAB_ADMINEMPLOYEES_CREATE'),(96,'ROLE_MOD_TAB_ADMINEMPLOYEES_DELETE'),(94,'ROLE_MOD_TAB_ADMINEMPLOYEES_READ'),(95,'ROLE_MOD_TAB_ADMINEMPLOYEES_UPDATE'),(97,'ROLE_MOD_TAB_ADMINFEATURES_CREATE'),(100,'ROLE_MOD_TAB_ADMINFEATURES_DELETE'),(98,'ROLE_MOD_TAB_ADMINFEATURES_READ'),(99,'ROLE_MOD_TAB_ADMINFEATURES_UPDATE'),(721,'ROLE_MOD_TAB_ADMINGAMIFICATION_CREATE'),(724,'ROLE_MOD_TAB_ADMINGAMIFICATION_DELETE'),(722,'ROLE_MOD_TAB_ADMINGAMIFICATION_READ'),(723,'ROLE_MOD_TAB_ADMINGAMIFICATION_UPDATE'),(101,'ROLE_MOD_TAB_ADMINGENDERS_CREATE'),(104,'ROLE_MOD_TAB_ADMINGENDERS_DELETE'),(102,'ROLE_MOD_TAB_ADMINGENDERS_READ'),(103,'ROLE_MOD_TAB_ADMINGENDERS_UPDATE'),(105,'ROLE_MOD_TAB_ADMINGEOLOCATION_CREATE'),(108,'ROLE_MOD_TAB_ADMINGEOLOCATION_DELETE'),(106,'ROLE_MOD_TAB_ADMINGEOLOCATION_READ'),(107,'ROLE_MOD_TAB_ADMINGEOLOCATION_UPDATE'),(109,'ROLE_MOD_TAB_ADMINGROUPS_CREATE'),(112,'ROLE_MOD_TAB_ADMINGROUPS_DELETE'),(110,'ROLE_MOD_TAB_ADMINGROUPS_READ'),(111,'ROLE_MOD_TAB_ADMINGROUPS_UPDATE'),(113,'ROLE_MOD_TAB_ADMINIMAGES_CREATE'),(116,'ROLE_MOD_TAB_ADMINIMAGES_DELETE'),(114,'ROLE_MOD_TAB_ADMINIMAGES_READ'),(115,'ROLE_MOD_TAB_ADMINIMAGES_UPDATE'),(117,'ROLE_MOD_TAB_ADMINIMPORT_CREATE'),(120,'ROLE_MOD_TAB_ADMINIMPORT_DELETE'),(118,'ROLE_MOD_TAB_ADMINIMPORT_READ'),(119,'ROLE_MOD_TAB_ADMINIMPORT_UPDATE'),(121,'ROLE_MOD_TAB_ADMININFORMATION_CREATE'),(124,'ROLE_MOD_TAB_ADMININFORMATION_DELETE'),(122,'ROLE_MOD_TAB_ADMININFORMATION_READ'),(123,'ROLE_MOD_TAB_ADMININFORMATION_UPDATE'),(125,'ROLE_MOD_TAB_ADMININTERNATIONAL_CREATE'),(128,'ROLE_MOD_TAB_ADMININTERNATIONAL_DELETE'),(126,'ROLE_MOD_TAB_ADMININTERNATIONAL_READ'),(127,'ROLE_MOD_TAB_ADMININTERNATIONAL_UPDATE'),(129,'ROLE_MOD_TAB_ADMININVOICES_CREATE'),(132,'ROLE_MOD_TAB_ADMININVOICES_DELETE'),(130,'ROLE_MOD_TAB_ADMININVOICES_READ'),(131,'ROLE_MOD_TAB_ADMININVOICES_UPDATE'),(133,'ROLE_MOD_TAB_ADMINLANGUAGES_CREATE'),(136,'ROLE_MOD_TAB_ADMINLANGUAGES_DELETE'),(134,'ROLE_MOD_TAB_ADMINLANGUAGES_READ'),(135,'ROLE_MOD_TAB_ADMINLANGUAGES_UPDATE'),(137,'ROLE_MOD_TAB_ADMINLINKWIDGET_CREATE'),(140,'ROLE_MOD_TAB_ADMINLINKWIDGET_DELETE'),(138,'ROLE_MOD_TAB_ADMINLINKWIDGET_READ'),(139,'ROLE_MOD_TAB_ADMINLINKWIDGET_UPDATE'),(141,'ROLE_MOD_TAB_ADMINLOCALIZATION_CREATE'),(144,'ROLE_MOD_TAB_ADMINLOCALIZATION_DELETE'),(142,'ROLE_MOD_TAB_ADMINLOCALIZATION_READ'),(143,'ROLE_MOD_TAB_ADMINLOCALIZATION_UPDATE'),(145,'ROLE_MOD_TAB_ADMINLOGS_CREATE'),(148,'ROLE_MOD_TAB_ADMINLOGS_DELETE'),(146,'ROLE_MOD_TAB_ADMINLOGS_READ'),(147,'ROLE_MOD_TAB_ADMINLOGS_UPDATE'),(461,'ROLE_MOD_TAB_ADMINMAILTHEME_CREATE'),(464,'ROLE_MOD_TAB_ADMINMAILTHEME_DELETE'),(462,'ROLE_MOD_TAB_ADMINMAILTHEME_READ'),(463,'ROLE_MOD_TAB_ADMINMAILTHEME_UPDATE'),(149,'ROLE_MOD_TAB_ADMINMAINTENANCE_CREATE'),(152,'ROLE_MOD_TAB_ADMINMAINTENANCE_DELETE'),(150,'ROLE_MOD_TAB_ADMINMAINTENANCE_READ'),(151,'ROLE_MOD_TAB_ADMINMAINTENANCE_UPDATE'),(153,'ROLE_MOD_TAB_ADMINMANUFACTURERS_CREATE'),(156,'ROLE_MOD_TAB_ADMINMANUFACTURERS_DELETE'),(154,'ROLE_MOD_TAB_ADMINMANUFACTURERS_READ'),(155,'ROLE_MOD_TAB_ADMINMANUFACTURERS_UPDATE'),(157,'ROLE_MOD_TAB_ADMINMETA_CREATE'),(160,'ROLE_MOD_TAB_ADMINMETA_DELETE'),(158,'ROLE_MOD_TAB_ADMINMETA_READ'),(159,'ROLE_MOD_TAB_ADMINMETA_UPDATE'),(469,'ROLE_MOD_TAB_ADMINMODULESCATALOG_CREATE'),(472,'ROLE_MOD_TAB_ADMINMODULESCATALOG_DELETE'),(470,'ROLE_MOD_TAB_ADMINMODULESCATALOG_READ'),(471,'ROLE_MOD_TAB_ADMINMODULESCATALOG_UPDATE'),(465,'ROLE_MOD_TAB_ADMINMODULESMANAGE_CREATE'),(468,'ROLE_MOD_TAB_ADMINMODULESMANAGE_DELETE'),(466,'ROLE_MOD_TAB_ADMINMODULESMANAGE_READ'),(467,'ROLE_MOD_TAB_ADMINMODULESMANAGE_UPDATE'),(173,'ROLE_MOD_TAB_ADMINMODULESNOTIFICATIONS_CREATE'),(176,'ROLE_MOD_TAB_ADMINMODULESNOTIFICATIONS_DELETE'),(174,'ROLE_MOD_TAB_ADMINMODULESNOTIFICATIONS_READ'),(175,'ROLE_MOD_TAB_ADMINMODULESNOTIFICATIONS_UPDATE'),(165,'ROLE_MOD_TAB_ADMINMODULESPOSITIONS_CREATE'),(168,'ROLE_MOD_TAB_ADMINMODULESPOSITIONS_DELETE'),(166,'ROLE_MOD_TAB_ADMINMODULESPOSITIONS_READ'),(167,'ROLE_MOD_TAB_ADMINMODULESPOSITIONS_UPDATE'),(177,'ROLE_MOD_TAB_ADMINMODULESSF_CREATE'),(180,'ROLE_MOD_TAB_ADMINMODULESSF_DELETE'),(178,'ROLE_MOD_TAB_ADMINMODULESSF_READ'),(179,'ROLE_MOD_TAB_ADMINMODULESSF_UPDATE'),(169,'ROLE_MOD_TAB_ADMINMODULESUPDATES_CREATE'),(172,'ROLE_MOD_TAB_ADMINMODULESUPDATES_DELETE'),(170,'ROLE_MOD_TAB_ADMINMODULESUPDATES_READ'),(171,'ROLE_MOD_TAB_ADMINMODULESUPDATES_UPDATE'),(161,'ROLE_MOD_TAB_ADMINMODULES_CREATE'),(164,'ROLE_MOD_TAB_ADMINMODULES_DELETE'),(162,'ROLE_MOD_TAB_ADMINMODULES_READ'),(163,'ROLE_MOD_TAB_ADMINMODULES_UPDATE'),(181,'ROLE_MOD_TAB_ADMINORDERMESSAGE_CREATE'),(184,'ROLE_MOD_TAB_ADMINORDERMESSAGE_DELETE'),(182,'ROLE_MOD_TAB_ADMINORDERMESSAGE_READ'),(183,'ROLE_MOD_TAB_ADMINORDERMESSAGE_UPDATE'),(185,'ROLE_MOD_TAB_ADMINORDERPREFERENCES_CREATE'),(188,'ROLE_MOD_TAB_ADMINORDERPREFERENCES_DELETE'),(186,'ROLE_MOD_TAB_ADMINORDERPREFERENCES_READ'),(187,'ROLE_MOD_TAB_ADMINORDERPREFERENCES_UPDATE'),(189,'ROLE_MOD_TAB_ADMINORDERS_CREATE'),(192,'ROLE_MOD_TAB_ADMINORDERS_DELETE'),(190,'ROLE_MOD_TAB_ADMINORDERS_READ'),(191,'ROLE_MOD_TAB_ADMINORDERS_UPDATE'),(193,'ROLE_MOD_TAB_ADMINOUTSTANDING_CREATE'),(196,'ROLE_MOD_TAB_ADMINOUTSTANDING_DELETE'),(194,'ROLE_MOD_TAB_ADMINOUTSTANDING_READ'),(195,'ROLE_MOD_TAB_ADMINOUTSTANDING_UPDATE'),(197,'ROLE_MOD_TAB_ADMINPARENTATTRIBUTESGROUPS_CREATE'),(200,'ROLE_MOD_TAB_ADMINPARENTATTRIBUTESGROUPS_DELETE'),(198,'ROLE_MOD_TAB_ADMINPARENTATTRIBUTESGROUPS_READ'),(199,'ROLE_MOD_TAB_ADMINPARENTATTRIBUTESGROUPS_UPDATE'),(201,'ROLE_MOD_TAB_ADMINPARENTCARTRULES_CREATE'),(204,'ROLE_MOD_TAB_ADMINPARENTCARTRULES_DELETE'),(202,'ROLE_MOD_TAB_ADMINPARENTCARTRULES_READ'),(203,'ROLE_MOD_TAB_ADMINPARENTCARTRULES_UPDATE'),(205,'ROLE_MOD_TAB_ADMINPARENTCOUNTRIES_CREATE'),(208,'ROLE_MOD_TAB_ADMINPARENTCOUNTRIES_DELETE'),(206,'ROLE_MOD_TAB_ADMINPARENTCOUNTRIES_READ'),(207,'ROLE_MOD_TAB_ADMINPARENTCOUNTRIES_UPDATE'),(213,'ROLE_MOD_TAB_ADMINPARENTCUSTOMERPREFERENCES_CREATE'),(216,'ROLE_MOD_TAB_ADMINPARENTCUSTOMERPREFERENCES_DELETE'),(214,'ROLE_MOD_TAB_ADMINPARENTCUSTOMERPREFERENCES_READ'),(215,'ROLE_MOD_TAB_ADMINPARENTCUSTOMERPREFERENCES_UPDATE'),(217,'ROLE_MOD_TAB_ADMINPARENTCUSTOMERTHREADS_CREATE'),(220,'ROLE_MOD_TAB_ADMINPARENTCUSTOMERTHREADS_DELETE'),(218,'ROLE_MOD_TAB_ADMINPARENTCUSTOMERTHREADS_READ'),(219,'ROLE_MOD_TAB_ADMINPARENTCUSTOMERTHREADS_UPDATE'),(209,'ROLE_MOD_TAB_ADMINPARENTCUSTOMER_CREATE'),(212,'ROLE_MOD_TAB_ADMINPARENTCUSTOMER_DELETE'),(210,'ROLE_MOD_TAB_ADMINPARENTCUSTOMER_READ'),(211,'ROLE_MOD_TAB_ADMINPARENTCUSTOMER_UPDATE'),(221,'ROLE_MOD_TAB_ADMINPARENTEMPLOYEES_CREATE'),(224,'ROLE_MOD_TAB_ADMINPARENTEMPLOYEES_DELETE'),(222,'ROLE_MOD_TAB_ADMINPARENTEMPLOYEES_READ'),(223,'ROLE_MOD_TAB_ADMINPARENTEMPLOYEES_UPDATE'),(225,'ROLE_MOD_TAB_ADMINPARENTLOCALIZATION_CREATE'),(228,'ROLE_MOD_TAB_ADMINPARENTLOCALIZATION_DELETE'),(226,'ROLE_MOD_TAB_ADMINPARENTLOCALIZATION_READ'),(227,'ROLE_MOD_TAB_ADMINPARENTLOCALIZATION_UPDATE'),(229,'ROLE_MOD_TAB_ADMINPARENTMANUFACTURERS_CREATE'),(232,'ROLE_MOD_TAB_ADMINPARENTMANUFACTURERS_DELETE'),(230,'ROLE_MOD_TAB_ADMINPARENTMANUFACTURERS_READ'),(231,'ROLE_MOD_TAB_ADMINPARENTMANUFACTURERS_UPDATE'),(237,'ROLE_MOD_TAB_ADMINPARENTMETA_CREATE'),(240,'ROLE_MOD_TAB_ADMINPARENTMETA_DELETE'),(238,'ROLE_MOD_TAB_ADMINPARENTMETA_READ'),(239,'ROLE_MOD_TAB_ADMINPARENTMETA_UPDATE'),(473,'ROLE_MOD_TAB_ADMINPARENTMODULESCATALOG_CREATE'),(476,'ROLE_MOD_TAB_ADMINPARENTMODULESCATALOG_DELETE'),(474,'ROLE_MOD_TAB_ADMINPARENTMODULESCATALOG_READ'),(475,'ROLE_MOD_TAB_ADMINPARENTMODULESCATALOG_UPDATE'),(233,'ROLE_MOD_TAB_ADMINPARENTMODULESSF_CREATE'),(236,'ROLE_MOD_TAB_ADMINPARENTMODULESSF_DELETE'),(234,'ROLE_MOD_TAB_ADMINPARENTMODULESSF_READ'),(235,'ROLE_MOD_TAB_ADMINPARENTMODULESSF_UPDATE'),(241,'ROLE_MOD_TAB_ADMINPARENTMODULES_CREATE'),(244,'ROLE_MOD_TAB_ADMINPARENTMODULES_DELETE'),(242,'ROLE_MOD_TAB_ADMINPARENTMODULES_READ'),(243,'ROLE_MOD_TAB_ADMINPARENTMODULES_UPDATE'),(245,'ROLE_MOD_TAB_ADMINPARENTORDERPREFERENCES_CREATE'),(248,'ROLE_MOD_TAB_ADMINPARENTORDERPREFERENCES_DELETE'),(246,'ROLE_MOD_TAB_ADMINPARENTORDERPREFERENCES_READ'),(247,'ROLE_MOD_TAB_ADMINPARENTORDERPREFERENCES_UPDATE'),(249,'ROLE_MOD_TAB_ADMINPARENTORDERS_CREATE'),(252,'ROLE_MOD_TAB_ADMINPARENTORDERS_DELETE'),(250,'ROLE_MOD_TAB_ADMINPARENTORDERS_READ'),(251,'ROLE_MOD_TAB_ADMINPARENTORDERS_UPDATE'),(253,'ROLE_MOD_TAB_ADMINPARENTPAYMENT_CREATE'),(256,'ROLE_MOD_TAB_ADMINPARENTPAYMENT_DELETE'),(254,'ROLE_MOD_TAB_ADMINPARENTPAYMENT_READ'),(255,'ROLE_MOD_TAB_ADMINPARENTPAYMENT_UPDATE'),(257,'ROLE_MOD_TAB_ADMINPARENTPREFERENCES_CREATE'),(260,'ROLE_MOD_TAB_ADMINPARENTPREFERENCES_DELETE'),(258,'ROLE_MOD_TAB_ADMINPARENTPREFERENCES_READ'),(259,'ROLE_MOD_TAB_ADMINPARENTPREFERENCES_UPDATE'),(261,'ROLE_MOD_TAB_ADMINPARENTREQUESTSQL_CREATE'),(264,'ROLE_MOD_TAB_ADMINPARENTREQUESTSQL_DELETE'),(262,'ROLE_MOD_TAB_ADMINPARENTREQUESTSQL_READ'),(263,'ROLE_MOD_TAB_ADMINPARENTREQUESTSQL_UPDATE'),(265,'ROLE_MOD_TAB_ADMINPARENTSEARCHCONF_CREATE'),(268,'ROLE_MOD_TAB_ADMINPARENTSEARCHCONF_DELETE'),(266,'ROLE_MOD_TAB_ADMINPARENTSEARCHCONF_READ'),(267,'ROLE_MOD_TAB_ADMINPARENTSEARCHCONF_UPDATE'),(269,'ROLE_MOD_TAB_ADMINPARENTSHIPPING_CREATE'),(272,'ROLE_MOD_TAB_ADMINPARENTSHIPPING_DELETE'),(270,'ROLE_MOD_TAB_ADMINPARENTSHIPPING_READ'),(271,'ROLE_MOD_TAB_ADMINPARENTSHIPPING_UPDATE'),(273,'ROLE_MOD_TAB_ADMINPARENTSTOCKMANAGEMENT_CREATE'),(276,'ROLE_MOD_TAB_ADMINPARENTSTOCKMANAGEMENT_DELETE'),(274,'ROLE_MOD_TAB_ADMINPARENTSTOCKMANAGEMENT_READ'),(275,'ROLE_MOD_TAB_ADMINPARENTSTOCKMANAGEMENT_UPDATE'),(277,'ROLE_MOD_TAB_ADMINPARENTSTORES_CREATE'),(280,'ROLE_MOD_TAB_ADMINPARENTSTORES_DELETE'),(278,'ROLE_MOD_TAB_ADMINPARENTSTORES_READ'),(279,'ROLE_MOD_TAB_ADMINPARENTSTORES_UPDATE'),(281,'ROLE_MOD_TAB_ADMINPARENTTAXES_CREATE'),(284,'ROLE_MOD_TAB_ADMINPARENTTAXES_DELETE'),(282,'ROLE_MOD_TAB_ADMINPARENTTAXES_READ'),(283,'ROLE_MOD_TAB_ADMINPARENTTAXES_UPDATE'),(285,'ROLE_MOD_TAB_ADMINPARENTTHEMES_CREATE'),(288,'ROLE_MOD_TAB_ADMINPARENTTHEMES_DELETE'),(286,'ROLE_MOD_TAB_ADMINPARENTTHEMES_READ'),(287,'ROLE_MOD_TAB_ADMINPARENTTHEMES_UPDATE'),(293,'ROLE_MOD_TAB_ADMINPAYMENTPREFERENCES_CREATE'),(296,'ROLE_MOD_TAB_ADMINPAYMENTPREFERENCES_DELETE'),(294,'ROLE_MOD_TAB_ADMINPAYMENTPREFERENCES_READ'),(295,'ROLE_MOD_TAB_ADMINPAYMENTPREFERENCES_UPDATE'),(289,'ROLE_MOD_TAB_ADMINPAYMENT_CREATE'),(292,'ROLE_MOD_TAB_ADMINPAYMENT_DELETE'),(290,'ROLE_MOD_TAB_ADMINPAYMENT_READ'),(291,'ROLE_MOD_TAB_ADMINPAYMENT_UPDATE'),(297,'ROLE_MOD_TAB_ADMINPERFORMANCE_CREATE'),(300,'ROLE_MOD_TAB_ADMINPERFORMANCE_DELETE'),(298,'ROLE_MOD_TAB_ADMINPERFORMANCE_READ'),(299,'ROLE_MOD_TAB_ADMINPERFORMANCE_UPDATE'),(793,'ROLE_MOD_TAB_ADMINPOSLOGO_CREATE'),(796,'ROLE_MOD_TAB_ADMINPOSLOGO_DELETE'),(794,'ROLE_MOD_TAB_ADMINPOSLOGO_READ'),(795,'ROLE_MOD_TAB_ADMINPOSLOGO_UPDATE'),(789,'ROLE_MOD_TAB_ADMINPOSMENU_CREATE'),(792,'ROLE_MOD_TAB_ADMINPOSMENU_DELETE'),(790,'ROLE_MOD_TAB_ADMINPOSMENU_READ'),(791,'ROLE_MOD_TAB_ADMINPOSMENU_UPDATE'),(809,'ROLE_MOD_TAB_ADMINPOSSLIDESHOWS_CREATE'),(812,'ROLE_MOD_TAB_ADMINPOSSLIDESHOWS_DELETE'),(810,'ROLE_MOD_TAB_ADMINPOSSLIDESHOWS_READ'),(811,'ROLE_MOD_TAB_ADMINPOSSLIDESHOWS_UPDATE'),(905,'ROLE_MOD_TAB_ADMINPOSSTATICFOOTER_CREATE'),(908,'ROLE_MOD_TAB_ADMINPOSSTATICFOOTER_DELETE'),(906,'ROLE_MOD_TAB_ADMINPOSSTATICFOOTER_READ'),(907,'ROLE_MOD_TAB_ADMINPOSSTATICFOOTER_UPDATE'),(301,'ROLE_MOD_TAB_ADMINPPREFERENCES_CREATE'),(304,'ROLE_MOD_TAB_ADMINPPREFERENCES_DELETE'),(302,'ROLE_MOD_TAB_ADMINPPREFERENCES_READ'),(303,'ROLE_MOD_TAB_ADMINPPREFERENCES_UPDATE'),(305,'ROLE_MOD_TAB_ADMINPREFERENCES_CREATE'),(308,'ROLE_MOD_TAB_ADMINPREFERENCES_DELETE'),(306,'ROLE_MOD_TAB_ADMINPREFERENCES_READ'),(307,'ROLE_MOD_TAB_ADMINPREFERENCES_UPDATE'),(309,'ROLE_MOD_TAB_ADMINPRODUCTS_CREATE'),(312,'ROLE_MOD_TAB_ADMINPRODUCTS_DELETE'),(310,'ROLE_MOD_TAB_ADMINPRODUCTS_READ'),(311,'ROLE_MOD_TAB_ADMINPRODUCTS_UPDATE'),(313,'ROLE_MOD_TAB_ADMINPROFILES_CREATE'),(316,'ROLE_MOD_TAB_ADMINPROFILES_DELETE'),(314,'ROLE_MOD_TAB_ADMINPROFILES_READ'),(315,'ROLE_MOD_TAB_ADMINPROFILES_UPDATE'),(749,'ROLE_MOD_TAB_ADMINPSMBOMODULE_CREATE'),(752,'ROLE_MOD_TAB_ADMINPSMBOMODULE_DELETE'),(750,'ROLE_MOD_TAB_ADMINPSMBOMODULE_READ'),(751,'ROLE_MOD_TAB_ADMINPSMBOMODULE_UPDATE'),(753,'ROLE_MOD_TAB_ADMINPSMBOTHEME_CREATE'),(756,'ROLE_MOD_TAB_ADMINPSMBOTHEME_DELETE'),(754,'ROLE_MOD_TAB_ADMINPSMBOTHEME_READ'),(755,'ROLE_MOD_TAB_ADMINPSMBOTHEME_UPDATE'),(613,'ROLE_MOD_TAB_ADMINPSTHEMECUSTOADVANCED_CREATE'),(616,'ROLE_MOD_TAB_ADMINPSTHEMECUSTOADVANCED_DELETE'),(614,'ROLE_MOD_TAB_ADMINPSTHEMECUSTOADVANCED_READ'),(615,'ROLE_MOD_TAB_ADMINPSTHEMECUSTOADVANCED_UPDATE'),(609,'ROLE_MOD_TAB_ADMINPSTHEMECUSTOCONFIGURATION_CREATE'),(612,'ROLE_MOD_TAB_ADMINPSTHEMECUSTOCONFIGURATION_DELETE'),(610,'ROLE_MOD_TAB_ADMINPSTHEMECUSTOCONFIGURATION_READ'),(611,'ROLE_MOD_TAB_ADMINPSTHEMECUSTOCONFIGURATION_UPDATE'),(317,'ROLE_MOD_TAB_ADMINREFERRERS_CREATE'),(320,'ROLE_MOD_TAB_ADMINREFERRERS_DELETE'),(318,'ROLE_MOD_TAB_ADMINREFERRERS_READ'),(319,'ROLE_MOD_TAB_ADMINREFERRERS_UPDATE'),(321,'ROLE_MOD_TAB_ADMINREQUESTSQL_CREATE'),(324,'ROLE_MOD_TAB_ADMINREQUESTSQL_DELETE'),(322,'ROLE_MOD_TAB_ADMINREQUESTSQL_READ'),(323,'ROLE_MOD_TAB_ADMINREQUESTSQL_UPDATE'),(325,'ROLE_MOD_TAB_ADMINRETURN_CREATE'),(328,'ROLE_MOD_TAB_ADMINRETURN_DELETE'),(326,'ROLE_MOD_TAB_ADMINRETURN_READ'),(327,'ROLE_MOD_TAB_ADMINRETURN_UPDATE'),(329,'ROLE_MOD_TAB_ADMINSEARCHCONF_CREATE'),(332,'ROLE_MOD_TAB_ADMINSEARCHCONF_DELETE'),(330,'ROLE_MOD_TAB_ADMINSEARCHCONF_READ'),(331,'ROLE_MOD_TAB_ADMINSEARCHCONF_UPDATE'),(333,'ROLE_MOD_TAB_ADMINSEARCHENGINES_CREATE'),(336,'ROLE_MOD_TAB_ADMINSEARCHENGINES_DELETE'),(334,'ROLE_MOD_TAB_ADMINSEARCHENGINES_READ'),(335,'ROLE_MOD_TAB_ADMINSEARCHENGINES_UPDATE'),(337,'ROLE_MOD_TAB_ADMINSHIPPING_CREATE'),(340,'ROLE_MOD_TAB_ADMINSHIPPING_DELETE'),(338,'ROLE_MOD_TAB_ADMINSHIPPING_READ'),(339,'ROLE_MOD_TAB_ADMINSHIPPING_UPDATE'),(341,'ROLE_MOD_TAB_ADMINSHOPGROUP_CREATE'),(344,'ROLE_MOD_TAB_ADMINSHOPGROUP_DELETE'),(342,'ROLE_MOD_TAB_ADMINSHOPGROUP_READ'),(343,'ROLE_MOD_TAB_ADMINSHOPGROUP_UPDATE'),(345,'ROLE_MOD_TAB_ADMINSHOPURL_CREATE'),(348,'ROLE_MOD_TAB_ADMINSHOPURL_DELETE'),(346,'ROLE_MOD_TAB_ADMINSHOPURL_READ'),(347,'ROLE_MOD_TAB_ADMINSHOPURL_UPDATE'),(349,'ROLE_MOD_TAB_ADMINSLIP_CREATE'),(352,'ROLE_MOD_TAB_ADMINSLIP_DELETE'),(350,'ROLE_MOD_TAB_ADMINSLIP_READ'),(351,'ROLE_MOD_TAB_ADMINSLIP_UPDATE'),(353,'ROLE_MOD_TAB_ADMINSPECIFICPRICERULE_CREATE'),(356,'ROLE_MOD_TAB_ADMINSPECIFICPRICERULE_DELETE'),(354,'ROLE_MOD_TAB_ADMINSPECIFICPRICERULE_READ'),(355,'ROLE_MOD_TAB_ADMINSPECIFICPRICERULE_UPDATE'),(357,'ROLE_MOD_TAB_ADMINSTATES_CREATE'),(360,'ROLE_MOD_TAB_ADMINSTATES_DELETE'),(358,'ROLE_MOD_TAB_ADMINSTATES_READ'),(359,'ROLE_MOD_TAB_ADMINSTATES_UPDATE'),(361,'ROLE_MOD_TAB_ADMINSTATS_CREATE'),(364,'ROLE_MOD_TAB_ADMINSTATS_DELETE'),(362,'ROLE_MOD_TAB_ADMINSTATS_READ'),(363,'ROLE_MOD_TAB_ADMINSTATS_UPDATE'),(365,'ROLE_MOD_TAB_ADMINSTATUSES_CREATE'),(368,'ROLE_MOD_TAB_ADMINSTATUSES_DELETE'),(366,'ROLE_MOD_TAB_ADMINSTATUSES_READ'),(367,'ROLE_MOD_TAB_ADMINSTATUSES_UPDATE'),(373,'ROLE_MOD_TAB_ADMINSTOCKCONFIGURATION_CREATE'),(376,'ROLE_MOD_TAB_ADMINSTOCKCONFIGURATION_DELETE'),(374,'ROLE_MOD_TAB_ADMINSTOCKCONFIGURATION_READ'),(375,'ROLE_MOD_TAB_ADMINSTOCKCONFIGURATION_UPDATE'),(377,'ROLE_MOD_TAB_ADMINSTOCKCOVER_CREATE'),(380,'ROLE_MOD_TAB_ADMINSTOCKCOVER_DELETE'),(378,'ROLE_MOD_TAB_ADMINSTOCKCOVER_READ'),(379,'ROLE_MOD_TAB_ADMINSTOCKCOVER_UPDATE'),(381,'ROLE_MOD_TAB_ADMINSTOCKINSTANTSTATE_CREATE'),(384,'ROLE_MOD_TAB_ADMINSTOCKINSTANTSTATE_DELETE'),(382,'ROLE_MOD_TAB_ADMINSTOCKINSTANTSTATE_READ'),(383,'ROLE_MOD_TAB_ADMINSTOCKINSTANTSTATE_UPDATE'),(385,'ROLE_MOD_TAB_ADMINSTOCKMANAGEMENT_CREATE'),(388,'ROLE_MOD_TAB_ADMINSTOCKMANAGEMENT_DELETE'),(386,'ROLE_MOD_TAB_ADMINSTOCKMANAGEMENT_READ'),(387,'ROLE_MOD_TAB_ADMINSTOCKMANAGEMENT_UPDATE'),(389,'ROLE_MOD_TAB_ADMINSTOCKMVT_CREATE'),(392,'ROLE_MOD_TAB_ADMINSTOCKMVT_DELETE'),(390,'ROLE_MOD_TAB_ADMINSTOCKMVT_READ'),(391,'ROLE_MOD_TAB_ADMINSTOCKMVT_UPDATE'),(369,'ROLE_MOD_TAB_ADMINSTOCK_CREATE'),(372,'ROLE_MOD_TAB_ADMINSTOCK_DELETE'),(370,'ROLE_MOD_TAB_ADMINSTOCK_READ'),(371,'ROLE_MOD_TAB_ADMINSTOCK_UPDATE'),(393,'ROLE_MOD_TAB_ADMINSTORES_CREATE'),(396,'ROLE_MOD_TAB_ADMINSTORES_DELETE'),(394,'ROLE_MOD_TAB_ADMINSTORES_READ'),(395,'ROLE_MOD_TAB_ADMINSTORES_UPDATE'),(397,'ROLE_MOD_TAB_ADMINSUPPLIERS_CREATE'),(400,'ROLE_MOD_TAB_ADMINSUPPLIERS_DELETE'),(398,'ROLE_MOD_TAB_ADMINSUPPLIERS_READ'),(399,'ROLE_MOD_TAB_ADMINSUPPLIERS_UPDATE'),(401,'ROLE_MOD_TAB_ADMINSUPPLYORDERS_CREATE'),(404,'ROLE_MOD_TAB_ADMINSUPPLYORDERS_DELETE'),(402,'ROLE_MOD_TAB_ADMINSUPPLYORDERS_READ'),(403,'ROLE_MOD_TAB_ADMINSUPPLYORDERS_UPDATE'),(405,'ROLE_MOD_TAB_ADMINTAGS_CREATE'),(408,'ROLE_MOD_TAB_ADMINTAGS_DELETE'),(406,'ROLE_MOD_TAB_ADMINTAGS_READ'),(407,'ROLE_MOD_TAB_ADMINTAGS_UPDATE'),(409,'ROLE_MOD_TAB_ADMINTAXES_CREATE'),(412,'ROLE_MOD_TAB_ADMINTAXES_DELETE'),(410,'ROLE_MOD_TAB_ADMINTAXES_READ'),(411,'ROLE_MOD_TAB_ADMINTAXES_UPDATE'),(413,'ROLE_MOD_TAB_ADMINTAXRULESGROUP_CREATE'),(416,'ROLE_MOD_TAB_ADMINTAXRULESGROUP_DELETE'),(414,'ROLE_MOD_TAB_ADMINTAXRULESGROUP_READ'),(415,'ROLE_MOD_TAB_ADMINTAXRULESGROUP_UPDATE'),(853,'ROLE_MOD_TAB_ADMINTESTIMONIALS_CREATE'),(856,'ROLE_MOD_TAB_ADMINTESTIMONIALS_DELETE'),(854,'ROLE_MOD_TAB_ADMINTESTIMONIALS_READ'),(855,'ROLE_MOD_TAB_ADMINTESTIMONIALS_UPDATE'),(421,'ROLE_MOD_TAB_ADMINTHEMESCATALOG_CREATE'),(424,'ROLE_MOD_TAB_ADMINTHEMESCATALOG_DELETE'),(422,'ROLE_MOD_TAB_ADMINTHEMESCATALOG_READ'),(423,'ROLE_MOD_TAB_ADMINTHEMESCATALOG_UPDATE'),(605,'ROLE_MOD_TAB_ADMINTHEMESPARENT_CREATE'),(608,'ROLE_MOD_TAB_ADMINTHEMESPARENT_DELETE'),(606,'ROLE_MOD_TAB_ADMINTHEMESPARENT_READ'),(607,'ROLE_MOD_TAB_ADMINTHEMESPARENT_UPDATE'),(417,'ROLE_MOD_TAB_ADMINTHEMES_CREATE'),(420,'ROLE_MOD_TAB_ADMINTHEMES_DELETE'),(418,'ROLE_MOD_TAB_ADMINTHEMES_READ'),(419,'ROLE_MOD_TAB_ADMINTHEMES_UPDATE'),(425,'ROLE_MOD_TAB_ADMINTRACKING_CREATE'),(428,'ROLE_MOD_TAB_ADMINTRACKING_DELETE'),(426,'ROLE_MOD_TAB_ADMINTRACKING_READ'),(427,'ROLE_MOD_TAB_ADMINTRACKING_UPDATE'),(429,'ROLE_MOD_TAB_ADMINTRANSLATIONS_CREATE'),(432,'ROLE_MOD_TAB_ADMINTRANSLATIONS_DELETE'),(430,'ROLE_MOD_TAB_ADMINTRANSLATIONS_READ'),(431,'ROLE_MOD_TAB_ADMINTRANSLATIONS_UPDATE'),(433,'ROLE_MOD_TAB_ADMINWAREHOUSES_CREATE'),(436,'ROLE_MOD_TAB_ADMINWAREHOUSES_DELETE'),(434,'ROLE_MOD_TAB_ADMINWAREHOUSES_READ'),(435,'ROLE_MOD_TAB_ADMINWAREHOUSES_UPDATE'),(437,'ROLE_MOD_TAB_ADMINWEBSERVICE_CREATE'),(440,'ROLE_MOD_TAB_ADMINWEBSERVICE_DELETE'),(438,'ROLE_MOD_TAB_ADMINWEBSERVICE_READ'),(439,'ROLE_MOD_TAB_ADMINWEBSERVICE_UPDATE'),(717,'ROLE_MOD_TAB_ADMINWELCOME_CREATE'),(720,'ROLE_MOD_TAB_ADMINWELCOME_DELETE'),(718,'ROLE_MOD_TAB_ADMINWELCOME_READ'),(719,'ROLE_MOD_TAB_ADMINWELCOME_UPDATE'),(881,'ROLE_MOD_TAB_ADMINXIPCATEGORY_CREATE'),(884,'ROLE_MOD_TAB_ADMINXIPCATEGORY_DELETE'),(882,'ROLE_MOD_TAB_ADMINXIPCATEGORY_READ'),(883,'ROLE_MOD_TAB_ADMINXIPCATEGORY_UPDATE'),(885,'ROLE_MOD_TAB_ADMINXIPCOMMENT_CREATE'),(888,'ROLE_MOD_TAB_ADMINXIPCOMMENT_DELETE'),(886,'ROLE_MOD_TAB_ADMINXIPCOMMENT_READ'),(887,'ROLE_MOD_TAB_ADMINXIPCOMMENT_UPDATE'),(889,'ROLE_MOD_TAB_ADMINXIPIMAGETYPE_CREATE'),(892,'ROLE_MOD_TAB_ADMINXIPIMAGETYPE_DELETE'),(890,'ROLE_MOD_TAB_ADMINXIPIMAGETYPE_READ'),(891,'ROLE_MOD_TAB_ADMINXIPIMAGETYPE_UPDATE'),(877,'ROLE_MOD_TAB_ADMINXIPPOST_CREATE'),(880,'ROLE_MOD_TAB_ADMINXIPPOST_DELETE'),(878,'ROLE_MOD_TAB_ADMINXIPPOST_READ'),(879,'ROLE_MOD_TAB_ADMINXIPPOST_UPDATE'),(873,'ROLE_MOD_TAB_ADMINXPRTDASHBOARD_CREATE'),(876,'ROLE_MOD_TAB_ADMINXPRTDASHBOARD_DELETE'),(874,'ROLE_MOD_TAB_ADMINXPRTDASHBOARD_READ'),(875,'ROLE_MOD_TAB_ADMINXPRTDASHBOARD_UPDATE'),(441,'ROLE_MOD_TAB_ADMINZONES_CREATE'),(444,'ROLE_MOD_TAB_ADMINZONES_DELETE'),(442,'ROLE_MOD_TAB_ADMINZONES_READ'),(443,'ROLE_MOD_TAB_ADMINZONES_UPDATE'),(445,'ROLE_MOD_TAB_CONFIGURE_CREATE'),(448,'ROLE_MOD_TAB_CONFIGURE_DELETE'),(446,'ROLE_MOD_TAB_CONFIGURE_READ'),(447,'ROLE_MOD_TAB_CONFIGURE_UPDATE'),(449,'ROLE_MOD_TAB_IMPROVE_CREATE'),(452,'ROLE_MOD_TAB_IMPROVE_DELETE'),(450,'ROLE_MOD_TAB_IMPROVE_READ'),(451,'ROLE_MOD_TAB_IMPROVE_UPDATE'),(453,'ROLE_MOD_TAB_SELL_CREATE'),(456,'ROLE_MOD_TAB_SELL_DELETE'),(454,'ROLE_MOD_TAB_SELL_READ'),(455,'ROLE_MOD_TAB_SELL_UPDATE'),(457,'ROLE_MOD_TAB_SHOPPARAMETERS_CREATE'),(460,'ROLE_MOD_TAB_SHOPPARAMETERS_DELETE'),(458,'ROLE_MOD_TAB_SHOPPARAMETERS_READ'),(459,'ROLE_MOD_TAB_SHOPPARAMETERS_UPDATE');

--
-- Table structure for table `ps_badge`
--

CREATE TABLE `ps_badge` (
  `id_badge` int(11) NOT NULL AUTO_INCREMENT,
  `id_ps_badge` int(11) NOT NULL,
  `type` varchar(32) NOT NULL,
  `id_group` int(11) NOT NULL,
  `group_position` int(11) NOT NULL,
  `scoring` int(11) NOT NULL,
  `awb` int(11) DEFAULT '0',
  `validated` tinyint(1) unsigned NOT NULL DEFAULT '0',
  PRIMARY KEY (`id_badge`)
) ENGINE=InnoDB AUTO_INCREMENT=235 DEFAULT CHARSET=utf8;

--
-- Dumping data for table `ps_badge`
--

INSERT INTO `ps_badge` VALUES (1,159,'feature',41,1,5,1,0),(2,160,'feature',41,2,10,1,0),(3,161,'feature',41,3,15,1,0),(4,162,'feature',41,4,20,1,0),(5,163,'feature',41,1,5,1,0),(6,164,'feature',41,2,10,1,0),(7,165,'feature',41,3,15,1,0),(8,166,'feature',41,4,20,1,0),(9,195,'feature',41,1,5,1,0),(10,196,'feature',41,2,10,1,0),(11,229,'feature',41,1,5,1,0),(12,230,'feature',41,2,10,1,0),(13,231,'feature',41,3,15,1,0),(14,232,'feature',41,4,20,1,0),(15,233,'feature',41,1,5,1,0),(16,234,'feature',41,2,10,1,0),(17,235,'feature',41,3,15,1,0),(18,236,'feature',41,4,20,1,0),(19,241,'feature',41,1,5,1,0),(20,242,'feature',41,2,10,1,0),(21,243,'feature',41,3,15,1,0),(22,244,'feature',41,4,20,1,0),(23,249,'feature',41,1,5,1,0),(24,250,'feature',41,2,10,1,0),(25,251,'feature',41,3,15,1,0),(26,252,'feature',41,4,20,1,0),(27,253,'feature',41,1,5,1,0),(28,254,'feature',41,2,10,1,0),(29,255,'feature',41,3,15,1,0),(30,256,'feature',41,4,20,1,0),(31,261,'feature',41,1,5,1,0),(32,262,'feature',41,2,10,1,0),(33,269,'feature',41,1,5,1,0),(34,270,'feature',41,2,10,1,0),(35,271,'feature',41,3,15,1,0),(36,272,'feature',41,4,20,1,0),(37,273,'feature',41,1,5,1,0),(38,274,'feature',41,2,10,1,0),(39,275,'feature',41,3,15,1,0),(40,276,'feature',41,4,20,1,0),(41,277,'feature',41,1,5,1,0),(42,278,'feature',41,2,10,1,0),(43,279,'feature',41,3,15,1,0),(44,280,'feature',41,4,20,1,0),(45,281,'feature',41,1,5,1,0),(46,282,'feature',41,2,10,1,0),(47,283,'feature',41,3,15,1,0),(48,284,'feature',41,4,20,1,0),(49,285,'feature',41,1,5,1,0),(50,286,'feature',41,2,10,1,0),(51,287,'feature',41,3,15,1,0),(52,288,'feature',41,4,20,1,0),(53,289,'feature',41,1,5,1,0),(54,290,'feature',41,2,10,1,0),(55,291,'feature',41,3,15,1,0),(56,292,'feature',41,4,20,1,0),(57,293,'feature',41,1,5,1,0),(58,294,'feature',41,2,10,1,0),(59,295,'feature',41,3,15,1,0),(60,296,'feature',41,4,20,1,0),(61,297,'feature',41,1,5,1,0),(62,298,'feature',41,2,10,1,0),(63,299,'feature',41,3,15,1,0),(64,300,'feature',41,4,20,1,0),(65,301,'feature',41,1,5,1,0),(66,302,'feature',41,2,10,1,0),(67,303,'feature',41,3,15,1,0),(68,304,'feature',41,4,20,1,0),(69,305,'feature',41,1,5,1,0),(70,306,'feature',41,2,10,1,0),(71,307,'feature',41,3,15,1,0),(72,308,'feature',41,4,20,1,0),(73,309,'feature',41,1,5,1,0),(74,310,'feature',41,2,10,1,0),(75,311,'feature',41,3,15,1,0),(76,312,'feature',41,4,20,1,0),(77,313,'feature',41,1,5,1,0),(78,314,'feature',41,2,10,1,0),(79,315,'feature',41,3,15,1,0),(80,316,'feature',41,4,20,1,0),(81,317,'feature',41,1,5,1,0),(82,318,'feature',41,2,10,1,0),(83,319,'feature',41,3,15,1,0),(84,320,'feature',41,4,20,1,0),(85,321,'feature',41,1,5,1,0),(86,322,'feature',41,2,10,1,0),(87,323,'feature',41,3,15,1,0),(88,324,'feature',41,4,20,1,0),(89,325,'feature',41,1,5,1,0),(90,326,'feature',41,2,10,1,0),(91,327,'feature',41,3,15,1,0),(92,328,'feature',41,4,20,1,0),(93,329,'feature',41,1,5,1,0),(94,330,'feature',41,2,10,1,0),(95,331,'feature',41,3,15,1,0),(96,332,'feature',41,4,20,1,0),(97,333,'feature',41,1,5,1,0),(98,334,'feature',41,2,10,1,0),(99,335,'feature',41,3,15,1,0),(100,336,'feature',41,4,20,1,0),(101,337,'feature',41,1,5,1,0),(102,338,'feature',41,2,10,1,0),(103,339,'feature',41,3,15,1,0),(104,340,'feature',41,4,20,1,0),(105,341,'feature',41,1,5,1,0),(106,342,'feature',41,2,10,1,0),(107,343,'feature',41,3,15,1,0),(108,344,'feature',41,4,20,1,0),(109,345,'feature',41,1,5,1,0),(110,346,'feature',41,2,10,1,0),(111,347,'feature',41,3,15,1,0),(112,348,'feature',41,4,20,1,0),(113,349,'feature',41,1,5,1,0),(114,350,'feature',41,2,10,1,0),(115,351,'feature',41,3,15,1,0),(116,352,'feature',41,4,20,1,0),(117,353,'feature',41,1,5,1,0),(118,354,'feature',41,2,10,1,0),(119,355,'feature',41,3,15,1,0),(120,356,'feature',41,4,20,1,0),(121,357,'feature',41,1,5,1,0),(122,358,'feature',41,2,10,1,0),(123,359,'feature',41,3,15,1,0),(124,360,'feature',41,4,20,1,0),(125,1,'feature',1,1,10,0,1),(126,2,'feature',2,1,10,0,0),(127,3,'feature',2,2,15,0,0),(128,4,'feature',3,1,15,0,0),(129,5,'feature',3,2,15,0,0),(130,6,'feature',4,1,15,0,0),(131,7,'feature',4,2,15,0,0),(132,8,'feature',5,1,5,0,0),(133,9,'feature',5,2,10,0,0),(134,10,'feature',6,1,15,0,0),(135,11,'feature',6,2,10,0,0),(136,12,'feature',6,3,10,0,0),(137,13,'feature',5,3,10,0,0),(138,14,'feature',5,4,15,0,0),(139,15,'feature',5,5,20,0,0),(140,16,'feature',5,6,20,0,0),(141,17,'achievement',7,1,5,0,1),(142,18,'achievement',7,2,10,0,0),(143,19,'feature',8,1,15,0,1),(144,20,'feature',8,2,15,0,0),(145,21,'feature',9,1,15,0,0),(146,22,'feature',10,1,10,0,0),(147,23,'feature',10,2,10,0,0),(148,24,'feature',10,3,10,0,0),(149,25,'feature',10,4,10,0,0),(150,26,'feature',10,5,10,0,0),(151,27,'feature',4,3,10,0,0),(152,28,'feature',3,3,10,0,0),(153,29,'achievement',11,1,5,0,0),(154,30,'achievement',11,2,10,0,0),(155,31,'achievement',11,3,15,0,0),(156,32,'achievement',11,4,20,0,0),(157,33,'achievement',11,5,25,0,0),(158,34,'achievement',11,6,30,0,0),(159,35,'achievement',7,3,15,0,0),(160,36,'achievement',7,4,20,0,0),(161,37,'achievement',7,5,25,0,0),(162,38,'achievement',7,6,30,0,0),(163,39,'achievement',12,1,5,0,0),(164,40,'achievement',12,2,10,0,0),(165,41,'achievement',12,3,15,0,0),(166,42,'achievement',12,4,20,0,0),(167,43,'achievement',12,5,25,0,0),(168,44,'achievement',12,6,30,0,0),(169,45,'achievement',13,1,5,0,0),(170,46,'achievement',13,2,10,0,0),(171,47,'achievement',13,3,15,0,0),(172,48,'achievement',13,4,20,0,0),(173,49,'achievement',13,5,25,0,0),(174,50,'achievement',13,6,30,0,0),(175,51,'achievement',14,1,5,0,0),(176,52,'achievement',14,2,10,0,0),(177,53,'achievement',14,3,15,0,0),(178,54,'achievement',14,4,20,0,0),(179,55,'achievement',14,5,25,0,0),(180,56,'achievement',14,6,30,0,0),(181,57,'achievement',15,1,5,0,0),(182,58,'achievement',15,2,10,0,0),(183,59,'achievement',15,3,15,0,0),(184,60,'achievement',15,4,20,0,0),(185,61,'achievement',15,5,25,0,0),(186,62,'achievement',15,6,30,0,0),(187,63,'achievement',16,1,5,0,1),(188,64,'achievement',16,2,10,0,0),(189,65,'achievement',16,3,15,0,0),(190,66,'achievement',16,4,20,0,0),(191,67,'achievement',16,5,25,0,0),(192,68,'achievement',16,6,30,0,0),(193,74,'international',22,1,10,0,0),(194,75,'international',23,1,10,0,0),(195,83,'international',31,1,10,0,0),(196,84,'international',25,1,10,0,0),(197,85,'international',32,1,10,0,0),(198,86,'international',33,1,10,0,0),(199,87,'international',34,1,10,0,0),(200,88,'feature',35,1,5,0,0),(201,89,'feature',35,2,10,0,0),(202,90,'feature',35,3,10,0,0),(203,91,'feature',35,4,10,0,0),(204,92,'feature',35,5,10,0,0),(205,93,'feature',35,6,10,0,0),(206,94,'feature',36,1,5,0,0),(207,95,'feature',36,2,5,0,0),(208,96,'feature',36,3,10,0,0),(209,97,'feature',36,4,10,0,0),(210,98,'feature',36,5,20,0,0),(211,99,'feature',36,6,20,0,0),(212,100,'feature',8,3,15,0,0),(213,101,'achievement',37,1,5,0,0),(214,102,'achievement',37,2,5,0,0),(215,103,'achievement',37,3,10,0,0),(216,104,'achievement',37,4,10,0,0),(217,105,'achievement',37,5,15,0,0),(218,106,'achievement',37,6,15,0,0),(219,107,'achievement',38,1,10,0,0),(220,108,'achievement',38,2,10,0,0),(221,109,'achievement',38,3,15,0,0),(222,110,'achievement',38,4,20,0,0),(223,111,'achievement',38,5,25,0,0),(224,112,'achievement',38,6,30,0,0),(225,113,'achievement',39,1,10,0,0),(226,114,'achievement',39,2,20,0,0),(227,115,'achievement',39,3,30,0,0),(228,116,'achievement',39,4,40,0,0),(229,117,'achievement',39,5,50,0,0),(230,118,'achievement',39,6,50,0,0),(231,119,'feature',40,1,10,0,0),(232,120,'feature',40,2,15,0,0),(233,121,'feature',40,3,20,0,0),(234,122,'feature',40,4,25,0,0);

--
-- Table structure for table `ps_badge_lang`
--

CREATE TABLE `ps_badge_lang` (
  `id_badge` int(11) NOT NULL,
  `id_lang` int(11) NOT NULL,
  `name` varchar(64) DEFAULT NULL,
  `description` varchar(255) DEFAULT NULL,
  `group_name` varchar(255) DEFAULT NULL,
  PRIMARY KEY (`id_badge`,`id_lang`)
) ENGINE=InnoDB DEFAULT CHARSET=utf8;

--
-- Dumping data for table `ps_badge_lang`
--

INSERT INTO `ps_badge_lang` VALUES (1,1,'Shopgate installed','You have installed the Shopgate module','Partners'),(2,1,'Shopgate configured','You have configured the Shopgate module','Partners'),(3,1,'Shopgate active','Your Shopgate module is active','Partners'),(4,1,'Shopgate very active','Your Shopgate module is very active','Partners'),(5,1,'Skrill installed','You have installed the Skrill module','Partners'),(6,1,'Skrill configured','You have configured the Skrill module','Partners'),(7,1,'Skrill active','Your Skrill module is active','Partners'),(8,1,'Skrill very active','Your Skrill module is very active','Partners'),(9,1,'Shopping Feed installed','You have installed the Shopping Feed module','Partners'),(10,1,'Shopping Feed configured','You have configured the Shopping Feed module','Partners'),(11,1,'Alliance Payment installed','You have installed the Alliance Payment module','Partners'),(12,1,'Alliance Payment configured','You have configured the Alliance Payment module','Partners'),(13,1,'Alliance Payment active','Your Alliance Payment module is active','Partners'),(14,1,'Alliance Payment very active','Your Alliance Payment module is very active','Partners'),(15,1,'Authorize Aim installed','You have installed the Authorize Aim module','Partners'),(16,1,'Authorize Aim configured','You have configured the Authorize Aim module','Partners'),(17,1,'Authorize Aim active','Your Authorize Aim module is active','Partners'),(18,1,'Authorize Aim very active','Your Authorize Aim module is very active','Partners'),(19,1,'Blue Pay installed','You have installed the Blue Pay module','Partners'),(20,1,'Blue Pay configured','You have configured the Blue Pay module','Partners'),(21,1,'Blue Pay active','Your Blue Pay module is active','Partners'),(22,1,'Blue Pay very active','Your Blue Pay module is very active','Partners'),(23,1,'Ebay installed','You have installed the Ebay module','Partners'),(24,1,'Ebay configured','You have configured the Ebay module','Partners'),(25,1,'Ebay active','Your Ebay module is active','Partners'),(26,1,'Ebay very active','Your Ebay module is very active','Partners'),(27,1,'PayPlug installed','You have installed the PayPlug module','Partners'),(28,1,'PayPlug configured','You have configured the PayPlug module','Partners'),(29,1,'PayPlug active','Your PayPlug module is active','Partners'),(30,1,'PayPlug very active','Your PayPlug module is very active','Partners'),(31,1,'Affinity Items installed','You have installed the Affinity Items module','Partners'),(32,1,'Affinity Items configured','You have configured the Affinity Items module','Partners'),(33,1,'DPD Poland installed','You have installed the DPD Poland module','Partners'),(34,1,'DPD Poland configured','You have configured the DPD Poland module','Partners'),(35,1,'DPD Poland active','Your DPD Poland module is active','Partners'),(36,1,'DPD Poland very active','Your DPD Poland module is very active','Partners'),(37,1,'Envoimoinscher installed','You have installed the Envoimoinscher module','Partners'),(38,1,'Envoimoinscher configured','You have configured the Envoimoinscher module','Partners'),(39,1,'Envoimoinscher active','Your Envoimoinscher module is active','Partners'),(40,1,'Envoimoinscher very active','Your Envoimoinscher module is very active','Partners'),(41,1,'Klik&Pay installed','You have installed the Klik&Pay module','Partners'),(42,1,'Klik&Pay configured','You have configured the Klik&Pay module','Partners'),(43,1,'Klik&Pay active','Your Klik&Pay module is active','Partners'),(44,1,'Klik&Pay very active','Your Klik&Pay module is very active','Partners'),(45,1,'Clickline installed','You have installed the Clickline module','Partners'),(46,1,'Clickline configured','You have configured the Clickline module','Partners'),(47,1,'Clickline active','Your Clickline module is active','Partners'),(48,1,'Clickline very active','Your Clickline module is very active','Partners'),(49,1,'CDiscount installed','You have installed the CDiscount module','Partners'),(50,1,'CDiscount configured','You have configured the CDiscount module','Partners'),(51,1,'CDiscount active','Your CDiscount module is active','Partners'),(52,1,'CDiscount very active','Your CDiscount module is very active','Partners'),(53,1,'illicoPresta installed','You have installed the illicoPresta module','Partners'),(54,1,'illicoPresta configured','You have configured the illicoPresta module','Partners'),(55,1,'illicoPresta active','Your illicoPresta module is active','Partners'),(56,1,'illicoPresta very active','Your illicoPresta module is very active','Partners'),(57,1,'NetReviews installed','You have installed the NetReviews module','Partners'),(58,1,'NetReviews configured','You have configured the NetReviews module','Partners'),(59,1,'NetReviews active','Your NetReviews module is active','Partners'),(60,1,'NetReviews very active','Your NetReviews module is very active','Partners'),(61,1,'Bluesnap installed','You have installed the Bluesnap module','Partners'),(62,1,'Bluesnap configured','You have configured the Bluesnap module','Partners'),(63,1,'Bluesnap active','Your Bluesnap module is active','Partners'),(64,1,'Bluesnap very active','Your Bluesnap module is very active','Partners'),(65,1,'Desjardins installed','You have installed the Desjardins module','Partners'),(66,1,'Desjardins configured','You have configured the Desjardins module','Partners'),(67,1,'Desjardins active','Your Desjardins module is active','Partners'),(68,1,'Desjardins very active','Your Desjardins module is very active','Partners'),(69,1,'First Data installed','You have installed the First Data module','Partners'),(70,1,'First Data configured','You have configured the First Data module','Partners'),(71,1,'First Data active','Your First Data module is active','Partners'),(72,1,'First Data very active','Your First Data module is very active','Partners'),(73,1,'Give.it installed','You have installed the Give.it module','Partners'),(74,1,'Give.it configured','You have configured the Give.it module','Partners'),(75,1,'Give.it active','Your Give.it module is active','Partners'),(76,1,'Give.it very active','Your Give.it module is very active','Partners'),(77,1,'Google Analytics installed','You have installed the Google Analytics module','Partners'),(78,1,'Google Analytics configured','You have configured the Google Analytics module','Partners'),(79,1,'Google Analytics active','Your Google Analytics module is active','Partners'),(80,1,'Google Analytics very active','Your Google Analytics module is very active','Partners'),(81,1,'PagSeguro installed','You have installed the PagSeguro module','Partners'),(82,1,'PagSeguro configured','You have configured the PagSeguro module','Partners'),(83,1,'PagSeguro active','Your PagSeguro module is active','Partners'),(84,1,'PagSeguro very active','Your PagSeguro module is very active','Partners'),(85,1,'Paypal MX installed','You have installed the Paypal MX module','Partners'),(86,1,'Paypal MX configured','You have configured the Paypal MX module','Partners'),(87,1,'Paypal MX active','Your Paypal MX module is active','Partners'),(88,1,'Paypal MX very active','Your Paypal MX module is very active','Partners'),(89,1,'Paypal USA installed','You have installed the Paypal USA module','Partners'),(90,1,'Paypal USA configured','You have configured the Paypal USA module','Partners'),(91,1,'Paypal USA active','Your Paypal USA module is active','Partners'),(92,1,'Paypal USA very active','Your Paypal USA module is very active','Partners'),(93,1,'PayULatam installed','You have installed the PayULatam module','Partners'),(94,1,'PayULatam configured','You have configured the PayULatam module','Partners'),(95,1,'PayULatam active','Your PayULatam module is active','Partners'),(96,1,'PayULatam very active','Your PayULatam module is very active','Partners'),(97,1,'PrestaStats installed','You have installed the PrestaStats module','Partners'),(98,1,'PrestaStats configured','You have configured the PrestaStats module','Partners'),(99,1,'PrestaStats active','Your PrestaStats module is active','Partners'),(100,1,'PrestaStats very active','Your PrestaStats module is very active','Partners'),(101,1,'Riskified installed','You have installed the Riskified module','Partners'),(102,1,'Riskified configured','You have configured the Riskified module','Partners'),(103,1,'Riskified active','Your Riskified module is active','Partners'),(104,1,'Riskified very active','Your Riskified module is very active','Partners'),(105,1,'Simplify installed','You have installed the Simplify module','Partners'),(106,1,'Simplify configured','You have configured the Simplify module','Partners'),(107,1,'Simplify active','Your Simplify module is active','Partners'),(108,1,'Simplify very active','Your Simplify module is very active','Partners'),(109,1,'VTPayment installed','You have installed the VTPayment module','Partners'),(110,1,'VTPayment configured','You have configured the VTPayment module','Partners'),(111,1,'VTPayment active','Your VTPayment module is active','Partners'),(112,1,'VTPayment very active','Your VTPayment module is very active','Partners'),(113,1,'Yotpo installed','You have installed the Yotpo module','Partners'),(114,1,'Yotpo configured','You have configured the Yotpo module','Partners'),(115,1,'Yotpo active','Your Yotpo module is active','Partners'),(116,1,'Yotpo very active','Your Yotpo module is very active','Partners'),(117,1,'Youstice installed','You have installed the Youstice module','Partners'),(118,1,'Youstice configured','You have configured the Youstice module','Partners'),(119,1,'Youstice active','Your Youstice module is active','Partners'),(120,1,'Youstice very active','Your Youstice module is very active','Partners'),(121,1,'Loyalty Lion installed','You have installed the Loyalty Lion module','Partners'),(122,1,'Loyalty Lion configured','You have configured the Loyalty Lion module','Partners'),(123,1,'Loyalty Lion active','Your Loyalty Lion module is active','Partners'),(124,1,'Loyalty Lion very active','Your Loyalty Lion module is very active','Partners'),(125,1,'SEO','You enabled the URL rewriting through the tab \"Preferences > SEO and URLs\".','SEO'),(126,1,'Site Performance','You enabled CCC (Combine, Compress and Cache), Rijndael and Smarty through the tab \r\nAdvanced Parameters > Performance.','Site Performance'),(127,1,'Site Performance','You enabled media servers through the tab \"Advanced parameters > Performance\".','Site Performance'),(128,1,'Payment','You configured a payment solution on your shop.','Payment'),(129,1,'Payment','You offer two different payment methods to your customers.','Payment'),(130,1,'Shipping','You configured a carrier on your shop.','Shipping'),(131,1,'Shipping','You offer two shipping solutions (carriers) to your customers.','Shipping'),(132,1,'Catalog Size','You added your first product to your catalog!','Catalog Size'),(133,1,'Catalog Size','You have 10 products within your catalog.','Catalog Size'),(134,1,'Contact information','You configured your phone number so your customers can reach you!','Contact information'),(135,1,'Contact information','You added a third email address to your contact form.','Contact information'),(136,1,'Contact information','You suggest a total of 5 departments to be reached by your customers via your contact form.','Contact information'),(137,1,'Catalog Size','You have 100 products within your catalog.','Catalog Size'),(138,1,'Catalog Size','You have 1,000 products within your catalog.','Catalog Size'),(139,1,'Catalog Size','You have 10,000 products within your catalog.','Catalog Size'),(140,1,'Catalog Size','You have 100,000 products within your catalog.','Catalog Size'),(141,1,'Days of Experience','You just installed PrestaShop!','Days of Experience'),(142,1,'Days of Experience','You installed PrestaShop a week ago!','Days of Experience'),(143,1,'Customization','You uploaded your own logo.','Customization'),(144,1,'Customization','You installed a new template.','Customization'),(145,1,'Addons','You connected your back-office to the Addons platform using your PrestaShop Addons account.','Addons'),(146,1,'Multistores','You enabled the Multistores feature.','Multistores'),(147,1,'Multistores','You manage two shops with the Multistores feature.','Multistores'),(148,1,'Multistores','You manage two different groups of shops using the Multistores feature.','Multistores'),(149,1,'Multistores','You manage five shops with the Multistores feature.','Multistores'),(150,1,'Multistores','You manage five different groups of shops using the Multistores feature.','Multistores'),(151,1,'Shipping','You offer three different shipping solutions (carriers) to your customers.','Shipping'),(152,1,'Payment','You offer three different payment methods to your customers.','Payment'),(153,1,'Revenue','You get this badge when you reach 200 USD in sales.','Revenue'),(154,1,'Revenue','You get this badge when you reach 1000 USD in sales.','Revenue'),(155,1,'Revenue','You get this badge when you reach 1000 USD in sales.','Revenue'),(156,1,'Revenue','You get this badge when you reach 200 USD in sales.','Revenue'),(157,1,'Revenue','You get this badge when you reach 1000 USD in sales.','Revenue'),(158,1,'Revenue','You get this badge when you reach 1000 USD in sales.','Revenue'),(159,1,'Days of Experience','You installed PrestaShop a month ago!','Days of Experience'),(160,1,'Days of Experience','You installed PrestaShop six months ago!','Days of Experience'),(161,1,'Days of Experience','You installed PrestaShop a year ago!','Days of Experience'),(162,1,'Days of Experience','You installed PrestaShop two years ago!','Days of Experience'),(163,1,'Visitors','You reached 10 visitors!','Visitors'),(164,1,'Visitors','You reached 100 visitors!','Visitors'),(165,1,'Visitors','You reached 1,000 visitors!','Visitors'),(166,1,'Visitors','You reached 10,000 visitors!','Visitors'),(167,1,'Visitors','You reached 100,000 visitors!','Visitors'),(168,1,'Visitors','You reached 1,000,000 visitors!','Visitors'),(169,1,'Customer Carts','Two carts have been created by visitors','Customer Carts'),(170,1,'Customer Carts','Ten carts have been created by visitors.','Customer Carts'),(171,1,'Customer Carts','A hundred carts have been created by visitors on your shop.','Customer Carts'),(172,1,'Customer Carts','A thousand carts have been created by visitors on your shop.','Customer Carts'),(173,1,'Customer Carts','10,000 carts have been created by visitors.','Customer Carts'),(174,1,'Customer Carts','100,000 carts have been created by visitors.','Customer Carts'),(175,1,'Orders','You received your first order.','Orders'),(176,1,'Orders','10 orders have been placed through your online shop.','Orders'),(177,1,'Orders','You received 100 orders through your online shop!','Orders'),(178,1,'Orders','You received 1,000 orders through your online shop, congrats!','Orders'),(179,1,'Orders','You received 10,000 orders through your online shop, cheers!','Orders'),(180,1,'Orders','You received 100,000 orders through your online shop!','Orders'),(181,1,'Customer Service Threads','You received  your first customer\'s message.','Customer Service Threads'),(182,1,'Customer Service Threads','You received 10 messages from your customers.','Customer Service Threads'),(183,1,'Customer Service Threads','You received 100 messages from your customers.','Customer Service Threads'),(184,1,'Customer Service Threads','You received 1,000 messages from your customers.','Customer Service Threads'),(185,1,'Customer Service Threads','You received 10,000 messages from your customers.','Customer Service Threads'),(186,1,'Customer Service Threads','You received 100,000 messages from your customers.','Customer Service Threads'),(187,1,'Customers','You got the first customer registered on your shop!','Customers'),(188,1,'Customers','You have over 10 customers registered on your shop.','Customers'),(189,1,'Customers','You have over 100 customers registered on your shop.','Customers'),(190,1,'Customers','You have over 1,000 customers registered on your shop.','Customers'),(191,1,'Customers','You have over 10,000 customers registered on your shop.','Customers'),(192,1,'Customers','You have over 100,000 customers registered on your shop.','Customers'),(193,1,'North America','You got your first sale in North America','North America'),(194,1,'Oceania','You got your first sale in Oceania','Oceania'),(195,1,'Asia','You got your first sale in Asia','Asia'),(196,1,'South America','You got your first sale in South America','South America'),(197,1,'Europe','You got your first sale in  Europe!','Europe'),(198,1,'Africa','You got your first sale in Africa','Africa'),(199,1,'Maghreb','You got your first sale in Maghreb','Maghreb'),(200,1,'Your Team\'s Employees','First employee account added to your shop','Your Team\'s Employees'),(201,1,'Your Team\'s Employees','3 employee accounts added to your shop','Your Team\'s Employees'),(202,1,'Your Team\'s Employees','5 employee accounts added to your shop','Your Team\'s Employees'),(203,1,'Your Team\'s Employees','10 employee accounts added to your shop','Your Team\'s Employees'),(204,1,'Your Team\'s Employees','20 employee accounts added to your shop','Your Team\'s Employees'),(205,1,'Your Team\'s Employees','40 employee accounts added to your shop','Your Team\'s Employees'),(206,1,'Product Pictures','First photo added to your catalog','Product Pictures'),(207,1,'Product Pictures','50 photos added to your catalog','Product Pictures'),(208,1,'Product Pictures','100 photos added to your catalog','Product Pictures'),(209,1,'Product Pictures','1,000 photos added to your catalog','Product Pictures'),(210,1,'Product Pictures','10,000 photos added to your catalog','Product Pictures'),(211,1,'Product Pictures','50,000 photos added to your catalog','Product Pictures'),(212,1,'Customization','First CMS page added to your catalog','Customization'),(213,1,'Cart Rules','First cart rules configured on your shop','Cart Rules'),(214,1,'Cart Rules','You have 10 cart rules configured on your shop','Cart Rules'),(215,1,'Cart Rules','You have 100 cart rules configured on your shop','Cart Rules'),(216,1,'Cart Rules','You have 500 cart rules configured on your shop','Cart Rules'),(217,1,'Cart Rules','You have 1,000 cart rules configured on your shop','Cart Rules'),(218,1,'Cart Rules','You have 5,000 cart rules configured on your shop','Cart Rules'),(219,1,'International Orders','First international order placed on your shop.','International Orders'),(220,1,'International Orders','10 international orders placed on your shop.','International Orders'),(221,1,'International Orders','100 international orders placed on your shop!','International Orders'),(222,1,'International Orders','1,000 international orders placed on your shop!','International Orders'),(223,1,'International Orders','5,000 international orders placed on your shop!','International Orders'),(224,1,'International Orders','10,000 international orders placed on your shop!','International Orders'),(225,1,'Store','First store configured on your shop!','Store'),(226,1,'Store','You have 2 stores configured on your shop','Store'),(227,1,'Store','You have 5 stores configured on your shop','Store'),(228,1,'Store','You have 10 stores configured on your shop','Store'),(229,1,'Store','You have 20 stores configured on your shop','Store'),(230,1,'Store','You have 50 stores configured on your shop','Store'),(231,1,'Webservice x1','First webservice account added to your shop','WebService'),(232,1,'Webservice x2','2 webservice accounts added to your shop','WebService'),(233,1,'Webservice x3','3 webservice accounts added to your shop','WebService'),(234,1,'Webservice x4','4 webservice accounts added to your shop','WebService');

--
-- Table structure for table `ps_carrier`
--

CREATE TABLE `ps_carrier` (
  `id_carrier` int(10) unsigned NOT NULL AUTO_INCREMENT,
  `id_reference` int(10) unsigned NOT NULL,
  `id_tax_rules_group` int(10) unsigned DEFAULT '0',
  `name` varchar(64) NOT NULL,
  `url` varchar(255) DEFAULT NULL,
  `active` tinyint(1) unsigned NOT NULL DEFAULT '0',
  `deleted` tinyint(1) unsigned NOT NULL DEFAULT '0',
  `shipping_handling` tinyint(1) unsigned NOT NULL DEFAULT '1',
  `range_behavior` tinyint(1) unsigned NOT NULL DEFAULT '0',
  `is_module` tinyint(1) unsigned NOT NULL DEFAULT '0',
  `is_free` tinyint(1) unsigned NOT NULL DEFAULT '0',
  `shipping_external` tinyint(1) unsigned NOT NULL DEFAULT '0',
  `need_range` tinyint(1) unsigned NOT NULL DEFAULT '0',
  `external_module_name` varchar(64) DEFAULT NULL,
  `shipping_method` int(2) NOT NULL DEFAULT '0',
  `position` int(10) unsigned NOT NULL DEFAULT '0',
  `max_width` int(10) DEFAULT '0',
  `max_height` int(10) DEFAULT '0',
  `max_depth` int(10) DEFAULT '0',
  `max_weight` decimal(20,6) DEFAULT '0.000000',
  `grade` int(10) DEFAULT '0',
  PRIMARY KEY (`id_carrier`),
  KEY `deleted` (`deleted`,`active`),
  KEY `id_tax_rules_group` (`id_tax_rules_group`),
  KEY `reference` (`id_reference`,`deleted`,`active`)
) ENGINE=InnoDB AUTO_INCREMENT=5 DEFAULT CHARSET=utf8;

--
-- Dumping data for table `ps_carrier`
--

INSERT INTO `ps_carrier` VALUES (1,1,0,'Flea Market Deals Online','',1,1,0,0,0,1,0,0,'',1,0,0,0,0,0.000000,0),(2,2,0,'My carrier','',1,1,1,0,0,0,0,0,'',1,0,0,0,0,0.000000,0),(3,2,0,'USPS Ground','https://tools.usps.com/go/TrackConfirmAction.action?tLabels=@',1,1,1,0,0,0,0,0,'',1,0,0,0,0,0.000000,0),(4,2,0,'USPS Ground','https://tools.usps.com/go/TrackConfirmAction.action?tLabels=@',1,0,1,0,0,0,0,0,'',1,0,0,0,0,0.000000,0);

--
-- Table structure for table `ps_carrier_group`
--

CREATE TABLE `ps_carrier_group` (
  `id_carrier` int(10) unsigned NOT NULL,
  `id_group` int(10) unsigned NOT NULL,
  PRIMARY KEY (`id_carrier`,`id_group`)
) ENGINE=InnoDB DEFAULT CHARSET=utf8;

--
-- Dumping data for table `ps_carrier_group`
--

INSERT INTO `ps_carrier_group` VALUES (1,1),(1,2),(1,3),(2,1),(2,2),(2,3),(3,1),(3,2),(3,3),(4,1),(4,2),(4,3);

--
-- Table structure for table `ps_carrier_lang`
--

CREATE TABLE `ps_carrier_lang` (
  `id_carrier` int(10) unsigned NOT NULL,
  `id_shop` int(11) unsigned NOT NULL DEFAULT '1',
  `id_lang` int(10) unsigned NOT NULL,
  `delay` varchar(512) DEFAULT NULL,
  PRIMARY KEY (`id_lang`,`id_shop`,`id_carrier`)
) ENGINE=InnoDB DEFAULT CHARSET=utf8;

--
-- Dumping data for table `ps_carrier_lang`
--

INSERT INTO `ps_carrier_lang` VALUES (1,1,1,'Pick up in-store'),(2,1,1,'Delivery next day!'),(3,1,1,'4-10 business days'),(4,1,1,'4-10 business days');

--
-- Table structure for table `ps_carrier_shop`
--

CREATE TABLE `ps_carrier_shop` (
  `id_carrier` int(11) unsigned NOT NULL,
  `id_shop` int(11) unsigned NOT NULL,
  PRIMARY KEY (`id_carrier`,`id_shop`),
  KEY `id_shop` (`id_shop`)
) ENGINE=InnoDB DEFAULT CHARSET=utf8;

--
-- Dumping data for table `ps_carrier_shop`
--

INSERT INTO `ps_carrier_shop` VALUES (1,1),(2,1),(3,1),(4,1);

--
-- Table structure for table `ps_carrier_tax_rules_group_shop`
--

CREATE TABLE `ps_carrier_tax_rules_group_shop` (
  `id_carrier` int(11) unsigned NOT NULL,
  `id_tax_rules_group` int(11) unsigned NOT NULL,
  `id_shop` int(11) unsigned NOT NULL,
  PRIMARY KEY (`id_carrier`,`id_tax_rules_group`,`id_shop`)
) ENGINE=InnoDB DEFAULT CHARSET=utf8;

--
-- Dumping data for table `ps_carrier_tax_rules_group_shop`
--

INSERT INTO `ps_carrier_tax_rules_group_shop` VALUES (1,1,1),(2,1,1),(3,1,1),(4,1,1);

--
-- Table structure for table `ps_carrier_zone`
--

CREATE TABLE `ps_carrier_zone` (
  `id_carrier` int(10) unsigned NOT NULL,
  `id_zone` int(10) unsigned NOT NULL,
  PRIMARY KEY (`id_carrier`,`id_zone`)
) ENGINE=InnoDB DEFAULT CHARSET=utf8;

--
-- Dumping data for table `ps_carrier_zone`
--

INSERT INTO `ps_carrier_zone` VALUES (1,1),(2,1),(2,2),(3,2),(4,9);

--
-- Table structure for table `ps_cart`
--

CREATE TABLE `ps_cart` (
  `id_cart` int(10) unsigned NOT NULL AUTO_INCREMENT,
  `id_shop_group` int(11) unsigned NOT NULL DEFAULT '1',
  `id_shop` int(11) unsigned NOT NULL DEFAULT '1',
  `id_carrier` int(10) unsigned NOT NULL,
  `delivery_option` text NOT NULL,
  `id_lang` int(10) unsigned NOT NULL,
  `id_address_delivery` int(10) unsigned NOT NULL,
  `id_address_invoice` int(10) unsigned NOT NULL,
  `id_currency` int(10) unsigned NOT NULL,
  `id_customer` int(10) unsigned NOT NULL,
  `id_guest` int(10) unsigned NOT NULL,
  `secure_key` varchar(32) NOT NULL DEFAULT '-1',
  `recyclable` tinyint(1) unsigned NOT NULL DEFAULT '1',
  `gift` tinyint(1) unsigned NOT NULL DEFAULT '0',
  `gift_message` text,
  `mobile_theme` tinyint(1) NOT NULL DEFAULT '0',
  `allow_seperated_package` tinyint(1) unsigned NOT NULL DEFAULT '0',
  `date_add` datetime NOT NULL,
  `date_upd` datetime NOT NULL,
  `checkout_session_data` mediumtext,
  PRIMARY KEY (`id_cart`),
  KEY `cart_customer` (`id_customer`),
  KEY `id_address_delivery` (`id_address_delivery`),
  KEY `id_address_invoice` (`id_address_invoice`),
  KEY `id_carrier` (`id_carrier`),
  KEY `id_lang` (`id_lang`),
  KEY `id_currency` (`id_currency`),
  KEY `id_guest` (`id_guest`),
  KEY `id_shop_group` (`id_shop_group`),
  KEY `id_shop_2` (`id_shop`,`date_upd`),
  KEY `id_shop` (`id_shop`,`date_add`)
) ENGINE=InnoDB AUTO_INCREMENT=6 DEFAULT CHARSET=utf8;

--
-- Dumping data for table `ps_cart`
--

INSERT INTO `ps_cart` VALUES (1,1,1,2,'{\"3\":\"2,\"}',1,5,5,1,2,1,'b44a6d9efd7a0076a0fbce6b15eaf3b1',0,0,'',0,0,'2019-11-13 12:26:44','2019-11-13 12:26:44',NULL),(2,1,1,2,'{\"3\":\"2,\"}',1,5,5,1,2,1,'b44a6d9efd7a0076a0fbce6b15eaf3b1',0,0,'',0,0,'2019-11-13 12:26:44','2019-11-13 12:26:44',NULL),(3,1,1,2,'{\"3\":\"2,\"}',1,5,5,1,2,1,'b44a6d9efd7a0076a0fbce6b15eaf3b1',0,0,'',0,0,'2019-11-13 12:26:44','2019-11-13 12:26:44',NULL),(4,1,1,2,'{\"3\":\"2,\"}',1,5,5,1,2,1,'b44a6d9efd7a0076a0fbce6b15eaf3b1',0,0,'',0,0,'2019-11-13 12:26:44','2019-11-13 12:26:44',NULL),(5,1,1,2,'{\"3\":\"2,\"}',1,5,5,1,2,1,'b44a6d9efd7a0076a0fbce6b15eaf3b1',0,0,'',0,0,'2019-11-13 12:26:44','2019-11-13 12:26:44',NULL);

--
-- Table structure for table `ps_cart_cart_rule`
--

CREATE TABLE `ps_cart_cart_rule` (
  `id_cart` int(10) unsigned NOT NULL,
  `id_cart_rule` int(10) unsigned NOT NULL,
  PRIMARY KEY (`id_cart`,`id_cart_rule`),
  KEY `id_cart_rule` (`id_cart_rule`)
) ENGINE=InnoDB DEFAULT CHARSET=utf8;

--
-- Dumping data for table `ps_cart_cart_rule`
--


--
-- Table structure for table `ps_cart_product`
--

CREATE TABLE `ps_cart_product` (
  `id_cart` int(10) unsigned NOT NULL,
  `id_product` int(10) unsigned NOT NULL,
  `id_address_delivery` int(10) unsigned NOT NULL DEFAULT '0',
  `id_shop` int(10) unsigned NOT NULL DEFAULT '1',
  `id_product_attribute` int(10) unsigned NOT NULL DEFAULT '0',
  `id_customization` int(10) unsigned NOT NULL DEFAULT '0',
  `quantity` int(10) unsigned NOT NULL DEFAULT '0',
  `date_add` datetime NOT NULL,
  PRIMARY KEY (`id_cart`,`id_product`,`id_product_attribute`,`id_customization`,`id_address_delivery`),
  KEY `id_product_attribute` (`id_product_attribute`),
  KEY `id_cart_order` (`id_cart`,`date_add`,`id_product`,`id_product_attribute`)
) ENGINE=InnoDB DEFAULT CHARSET=utf8;

--
-- Dumping data for table `ps_cart_product`
--

INSERT INTO `ps_cart_product` VALUES (1,1,3,1,1,0,1,'0000-00-00 00:00:00'),(1,2,3,1,9,0,1,'0000-00-00 00:00:00'),(2,4,3,1,18,0,1,'0000-00-00 00:00:00'),(2,8,3,1,0,0,1,'0000-00-00 00:00:00'),(3,16,3,1,28,0,1,'0000-00-00 00:00:00'),(4,16,3,1,29,0,1,'0000-00-00 00:00:00'),(5,10,3,1,25,0,1,'0000-00-00 00:00:00');

--
-- Table structure for table `ps_cart_rule`
--

CREATE TABLE `ps_cart_rule` (
  `id_cart_rule` int(10) unsigned NOT NULL AUTO_INCREMENT,
  `id_customer` int(10) unsigned NOT NULL DEFAULT '0',
  `date_from` datetime NOT NULL,
  `date_to` datetime NOT NULL,
  `description` text,
  `quantity` int(10) unsigned NOT NULL DEFAULT '0',
  `quantity_per_user` int(10) unsigned NOT NULL DEFAULT '0',
  `priority` int(10) unsigned NOT NULL DEFAULT '1',
  `partial_use` tinyint(1) unsigned NOT NULL DEFAULT '0',
  `code` varchar(254) NOT NULL,
  `minimum_amount` decimal(17,2) NOT NULL DEFAULT '0.00',
  `minimum_amount_tax` tinyint(1) NOT NULL DEFAULT '0',
  `minimum_amount_currency` int(10) unsigned NOT NULL DEFAULT '0',
  `minimum_amount_shipping` tinyint(1) NOT NULL DEFAULT '0',
  `country_restriction` tinyint(1) unsigned NOT NULL DEFAULT '0',
  `carrier_restriction` tinyint(1) unsigned NOT NULL DEFAULT '0',
  `group_restriction` tinyint(1) unsigned NOT NULL DEFAULT '0',
  `cart_rule_restriction` tinyint(1) unsigned NOT NULL DEFAULT '0',
  `product_restriction` tinyint(1) unsigned NOT NULL DEFAULT '0',
  `shop_restriction` tinyint(1) unsigned NOT NULL DEFAULT '0',
  `free_shipping` tinyint(1) NOT NULL DEFAULT '0',
  `reduction_percent` decimal(5,2) NOT NULL DEFAULT '0.00',
  `reduction_amount` decimal(17,2) NOT NULL DEFAULT '0.00',
  `reduction_tax` tinyint(1) unsigned NOT NULL DEFAULT '0',
  `reduction_currency` int(10) unsigned NOT NULL DEFAULT '0',
  `reduction_product` int(10) NOT NULL DEFAULT '0',
  `reduction_exclude_special` tinyint(1) unsigned NOT NULL DEFAULT '0',
  `gift_product` int(10) unsigned NOT NULL DEFAULT '0',
  `gift_product_attribute` int(10) unsigned NOT NULL DEFAULT '0',
  `highlight` tinyint(1) unsigned NOT NULL DEFAULT '0',
  `active` tinyint(1) unsigned NOT NULL DEFAULT '0',
  `date_add` datetime NOT NULL,
  `date_upd` datetime NOT NULL,
  PRIMARY KEY (`id_cart_rule`),
  KEY `id_customer` (`id_customer`,`active`,`date_to`),
  KEY `group_restriction` (`group_restriction`,`active`,`date_to`),
  KEY `id_customer_2` (`id_customer`,`active`,`highlight`,`date_to`),
  KEY `group_restriction_2` (`group_restriction`,`active`,`highlight`,`date_to`),
  KEY `date_from` (`date_from`),
  KEY `date_to` (`date_to`)
) ENGINE=InnoDB DEFAULT CHARSET=utf8;

--
-- Dumping data for table `ps_cart_rule`
--


--
-- Table structure for table `ps_cart_rule_carrier`
--

CREATE TABLE `ps_cart_rule_carrier` (
  `id_cart_rule` int(10) unsigned NOT NULL,
  `id_carrier` int(10) unsigned NOT NULL,
  PRIMARY KEY (`id_cart_rule`,`id_carrier`)
) ENGINE=InnoDB DEFAULT CHARSET=utf8;

--
-- Dumping data for table `ps_cart_rule_carrier`
--


--
-- Table structure for table `ps_cart_rule_combination`
--

CREATE TABLE `ps_cart_rule_combination` (
  `id_cart_rule_1` int(10) unsigned NOT NULL,
  `id_cart_rule_2` int(10) unsigned NOT NULL,
  PRIMARY KEY (`id_cart_rule_1`,`id_cart_rule_2`),
  KEY `id_cart_rule_1` (`id_cart_rule_1`),
  KEY `id_cart_rule_2` (`id_cart_rule_2`)
) ENGINE=InnoDB DEFAULT CHARSET=utf8;

--
-- Dumping data for table `ps_cart_rule_combination`
--


--
-- Table structure for table `ps_cart_rule_country`
--

CREATE TABLE `ps_cart_rule_country` (
  `id_cart_rule` int(10) unsigned NOT NULL,
  `id_country` int(10) unsigned NOT NULL,
  PRIMARY KEY (`id_cart_rule`,`id_country`)
) ENGINE=InnoDB DEFAULT CHARSET=utf8;

--
-- Dumping data for table `ps_cart_rule_country`
--


--
-- Table structure for table `ps_cart_rule_group`
--

CREATE TABLE `ps_cart_rule_group` (
  `id_cart_rule` int(10) unsigned NOT NULL,
  `id_group` int(10) unsigned NOT NULL,
  PRIMARY KEY (`id_cart_rule`,`id_group`)
) ENGINE=InnoDB DEFAULT CHARSET=utf8;

--
-- Dumping data for table `ps_cart_rule_group`
--


--
-- Table structure for table `ps_cart_rule_lang`
--

CREATE TABLE `ps_cart_rule_lang` (
  `id_cart_rule` int(10) unsigned NOT NULL,
  `id_lang` int(10) unsigned NOT NULL,
  `name` varchar(254) NOT NULL,
  PRIMARY KEY (`id_cart_rule`,`id_lang`)
) ENGINE=InnoDB DEFAULT CHARSET=utf8;

--
-- Dumping data for table `ps_cart_rule_lang`
--


--
-- Table structure for table `ps_cart_rule_product_rule`
--

CREATE TABLE `ps_cart_rule_product_rule` (
  `id_product_rule` int(10) unsigned NOT NULL AUTO_INCREMENT,
  `id_product_rule_group` int(10) unsigned NOT NULL,
  `type` enum('products','categories','attributes','manufacturers','suppliers') NOT NULL,
  PRIMARY KEY (`id_product_rule`)
) ENGINE=InnoDB DEFAULT CHARSET=utf8;

--
-- Dumping data for table `ps_cart_rule_product_rule`
--


--
-- Table structure for table `ps_cart_rule_product_rule_group`
--

CREATE TABLE `ps_cart_rule_product_rule_group` (
  `id_product_rule_group` int(10) unsigned NOT NULL AUTO_INCREMENT,
  `id_cart_rule` int(10) unsigned NOT NULL,
  `quantity` int(10) unsigned NOT NULL DEFAULT '1',
  PRIMARY KEY (`id_product_rule_group`)
) ENGINE=InnoDB DEFAULT CHARSET=utf8;

--
-- Dumping data for table `ps_cart_rule_product_rule_group`
--


--
-- Table structure for table `ps_cart_rule_product_rule_value`
--

CREATE TABLE `ps_cart_rule_product_rule_value` (
  `id_product_rule` int(10) unsigned NOT NULL,
  `id_item` int(10) unsigned NOT NULL,
  PRIMARY KEY (`id_product_rule`,`id_item`)
) ENGINE=InnoDB DEFAULT CHARSET=utf8;

--
-- Dumping data for table `ps_cart_rule_product_rule_value`
--


--
-- Table structure for table `ps_cart_rule_shop`
--

CREATE TABLE `ps_cart_rule_shop` (
  `id_cart_rule` int(10) unsigned NOT NULL,
  `id_shop` int(10) unsigned NOT NULL,
  PRIMARY KEY (`id_cart_rule`,`id_shop`)
) ENGINE=InnoDB DEFAULT CHARSET=utf8;

--
-- Dumping data for table `ps_cart_rule_shop`
--


--
-- Table structure for table `ps_category`
--

CREATE TABLE `ps_category` (
  `id_category` int(10) unsigned NOT NULL AUTO_INCREMENT,
  `id_parent` int(10) unsigned NOT NULL,
  `id_shop_default` int(10) unsigned NOT NULL DEFAULT '1',
  `level_depth` tinyint(3) unsigned NOT NULL DEFAULT '0',
  `nleft` int(10) unsigned NOT NULL DEFAULT '0',
  `nright` int(10) unsigned NOT NULL DEFAULT '0',
  `active` tinyint(1) unsigned NOT NULL DEFAULT '0',
  `date_add` datetime NOT NULL,
  `date_upd` datetime NOT NULL,
  `position` int(10) unsigned NOT NULL DEFAULT '0',
  `is_root_category` tinyint(1) NOT NULL DEFAULT '0',
  PRIMARY KEY (`id_category`),
  KEY `category_parent` (`id_parent`),
  KEY `nleftrightactive` (`nleft`,`nright`,`active`),
  KEY `level_depth` (`level_depth`),
  KEY `nright` (`nright`),
  KEY `activenleft` (`active`,`nleft`),
  KEY `activenright` (`active`,`nright`)
) ENGINE=InnoDB AUTO_INCREMENT=10 DEFAULT CHARSET=utf8;

--
-- Dumping data for table `ps_category`
--

INSERT INTO `ps_category` VALUES (1,0,1,0,1,18,1,'2019-11-13 12:25:52','2019-11-13 12:25:52',0,0),(2,1,1,1,2,17,1,'2019-11-13 12:25:52','2019-11-13 12:25:52',0,1),(3,2,1,2,3,8,1,'2019-11-13 12:26:43','2019-11-13 12:26:43',0,0),(4,3,1,3,4,5,1,'2019-11-13 12:26:43','2019-11-13 12:26:43',0,0),(5,3,1,3,6,7,1,'2019-11-13 12:26:43','2019-11-13 12:26:43',0,0),(6,2,1,2,9,14,1,'2019-11-13 12:26:43','2019-11-13 12:26:43',0,0),(7,6,1,3,10,11,1,'2019-11-13 12:26:43','2019-11-13 12:26:43',0,0),(8,6,1,3,12,13,1,'2019-11-13 12:26:43','2019-11-13 12:26:43',0,0),(9,2,1,2,15,16,1,'2019-11-13 12:26:43','2019-11-13 12:26:43',0,0);

--
-- Table structure for table `ps_category_group`
--

CREATE TABLE `ps_category_group` (
  `id_category` int(10) unsigned NOT NULL,
  `id_group` int(10) unsigned NOT NULL,
  PRIMARY KEY (`id_category`,`id_group`),
  KEY `id_category` (`id_category`),
  KEY `id_group` (`id_group`)
) ENGINE=InnoDB DEFAULT CHARSET=utf8;

--
-- Dumping data for table `ps_category_group`
--

INSERT INTO `ps_category_group` VALUES (2,0),(2,1),(2,2),(2,3),(3,1),(3,2),(3,3),(4,1),(4,2),(4,3),(5,1),(5,2),(5,3),(6,1),(6,2),(6,3),(7,1),(7,2),(7,3),(8,1),(8,2),(8,3),(9,1),(9,2),(9,3);

--
-- Table structure for table `ps_category_lang`
--

CREATE TABLE `ps_category_lang` (
  `id_category` int(10) unsigned NOT NULL,
  `id_shop` int(11) unsigned NOT NULL DEFAULT '1',
  `id_lang` int(10) unsigned NOT NULL,
  `name` varchar(128) NOT NULL,
  `description` text,
  `link_rewrite` varchar(128) NOT NULL,
  `meta_title` varchar(255) DEFAULT NULL,
  `meta_keywords` varchar(255) DEFAULT NULL,
  `meta_description` varchar(512) DEFAULT NULL,
  PRIMARY KEY (`id_category`,`id_shop`,`id_lang`),
  KEY `category_name` (`name`)
) ENGINE=InnoDB DEFAULT CHARSET=utf8;

--
-- Dumping data for table `ps_category_lang`
--

INSERT INTO `ps_category_lang` VALUES (1,1,1,'Root','','root','','',''),(2,1,1,'Home','','home','','',''),(3,1,1,'Clothes','<p><span style=\"font-size:10pt;font-style:normal;\">Discover our favorites fashionable discoveries, a selection of cool items to integrate in your wardrobe. Compose a unique style with personality which matches your own.</span></p>','clothes','','',''),(4,1,1,'Men','<p><span style=\"font-size:10pt;font-style:normal;\">T-shirts, sweaters, hoodies and men\'s accessories. From basics to original creations, for every style. </span></p>','men','','',''),(5,1,1,'Women','<p><span style=\"font-size:10pt;font-style:normal;\">T-shirts, sweaters, hoodies and women\'s accessories. From basics to original creations, for every style. </span></p>','women','','',''),(6,1,1,'Accessories','<p><span style=\"font-size:10pt;font-style:normal;\">Items and accessories for your desk, kitchen or living room. Make your house a home with our eye-catching designs. </span></p>','accessories','','',''),(7,1,1,'Stationery','<p><span style=\"font-size:10pt;font-style:normal;\">Notebooks, agendas, office accessories and more. Everything you need to combine the pleasant and the useful, either at work or at home. </span></p>','stationery','','',''),(8,1,1,'Home Accessories','<p><span style=\"font-size:10pt;font-style:normal;\">Details matter! Liven up your interior with our selection of home accessories. </span></p>','home-accessories','','',''),(9,1,1,'Art','<p><span style=\"font-size:10pt;font-style:normal;\">Framed poster and vector images, all you need to give personality to your walls or bring your creative projects to life.</span></p>','art','','','');

--
-- Table structure for table `ps_category_product`
--

CREATE TABLE `ps_category_product` (
  `id_category` int(10) unsigned NOT NULL,
  `id_product` int(10) unsigned NOT NULL,
  `position` int(10) unsigned NOT NULL DEFAULT '0',
  PRIMARY KEY (`id_category`,`id_product`),
  KEY `id_product` (`id_product`),
  KEY `id_category` (`id_category`,`position`)
) ENGINE=InnoDB DEFAULT CHARSET=utf8;

--
-- Dumping data for table `ps_category_product`
--

INSERT INTO `ps_category_product` VALUES (2,1,1),(2,2,2),(2,3,3),(2,4,4),(2,5,5),(2,6,6),(2,7,7),(2,8,8),(2,9,9),(2,10,10),(2,11,11),(2,12,12),(2,13,13),(2,14,14),(2,15,15),(2,16,16),(2,17,17),(2,18,18),(2,19,19),(3,1,1),(3,2,2),(4,1,1),(5,2,1),(6,7,1),(6,6,2),(6,8,3),(6,10,4),(6,9,5),(6,11,6),(6,15,7),(6,16,8),(6,17,9),(6,18,10),(6,19,11),(7,16,1),(7,17,2),(7,18,3),(8,6,1),(8,7,2),(8,8,3),(8,9,4),(8,10,5),(8,11,6),(8,15,7),(8,19,8),(9,3,1),(9,4,2),(9,5,3),(9,12,4),(9,13,5),(9,14,6),(9,15,7);

--
-- Table structure for table `ps_category_shop`
--

CREATE TABLE `ps_category_shop` (
  `id_category` int(11) NOT NULL,
  `id_shop` int(11) NOT NULL,
  `position` int(10) unsigned NOT NULL DEFAULT '0',
  PRIMARY KEY (`id_category`,`id_shop`)
) ENGINE=InnoDB DEFAULT CHARSET=utf8;

--
-- Dumping data for table `ps_category_shop`
--

INSERT INTO `ps_category_shop` VALUES (1,1,0),(2,1,0),(3,1,0),(4,1,0),(5,1,1),(6,1,1),(7,1,0),(8,1,1),(9,1,2);

--
-- Table structure for table `ps_cms`
--

CREATE TABLE `ps_cms` (
  `id_cms` int(10) unsigned NOT NULL AUTO_INCREMENT,
  `id_cms_category` int(10) unsigned NOT NULL,
  `position` int(10) unsigned NOT NULL DEFAULT '0',
  `active` tinyint(1) unsigned NOT NULL DEFAULT '0',
  `indexation` tinyint(1) unsigned NOT NULL DEFAULT '1',
  PRIMARY KEY (`id_cms`)
) ENGINE=InnoDB AUTO_INCREMENT=9 DEFAULT CHARSET=utf8;

--
-- Dumping data for table `ps_cms`
--

INSERT INTO `ps_cms` VALUES (1,1,0,0,0),(2,1,1,0,0),(3,1,2,1,0),(4,1,3,1,1),(5,1,4,1,0),(6,1,5,1,1),(7,1,6,1,0),(8,1,7,1,0);

--
-- Table structure for table `ps_cms_category`
--

CREATE TABLE `ps_cms_category` (
  `id_cms_category` int(10) unsigned NOT NULL AUTO_INCREMENT,
  `id_parent` int(10) unsigned NOT NULL,
  `level_depth` tinyint(3) unsigned NOT NULL DEFAULT '0',
  `active` tinyint(1) unsigned NOT NULL DEFAULT '0',
  `date_add` datetime NOT NULL,
  `date_upd` datetime NOT NULL,
  `position` int(10) unsigned NOT NULL DEFAULT '0',
  PRIMARY KEY (`id_cms_category`),
  KEY `category_parent` (`id_parent`)
) ENGINE=InnoDB AUTO_INCREMENT=2 DEFAULT CHARSET=utf8;

--
-- Dumping data for table `ps_cms_category`
--

INSERT INTO `ps_cms_category` VALUES (1,0,1,1,'2019-11-13 12:25:52','2019-11-13 12:25:52',0);

--
-- Table structure for table `ps_cms_category_lang`
--

CREATE TABLE `ps_cms_category_lang` (
  `id_cms_category` int(10) unsigned NOT NULL,
  `id_lang` int(10) unsigned NOT NULL,
  `id_shop` int(10) unsigned NOT NULL DEFAULT '1',
  `name` varchar(128) NOT NULL,
  `description` text,
  `link_rewrite` varchar(128) NOT NULL,
  `meta_title` varchar(255) DEFAULT NULL,
  `meta_keywords` varchar(255) DEFAULT NULL,
  `meta_description` varchar(512) DEFAULT NULL,
  PRIMARY KEY (`id_cms_category`,`id_shop`,`id_lang`),
  KEY `category_name` (`name`)
) ENGINE=InnoDB DEFAULT CHARSET=utf8;

--
-- Dumping data for table `ps_cms_category_lang`
--

INSERT INTO `ps_cms_category_lang` VALUES (1,1,1,'Home','','home','','','');

--
-- Table structure for table `ps_cms_category_shop`
--

CREATE TABLE `ps_cms_category_shop` (
  `id_cms_category` int(10) unsigned NOT NULL AUTO_INCREMENT,
  `id_shop` int(11) unsigned NOT NULL,
  PRIMARY KEY (`id_cms_category`,`id_shop`),
  KEY `id_shop` (`id_shop`)
) ENGINE=InnoDB AUTO_INCREMENT=2 DEFAULT CHARSET=utf8;

--
-- Dumping data for table `ps_cms_category_shop`
--

INSERT INTO `ps_cms_category_shop` VALUES (1,1);

--
-- Table structure for table `ps_cms_lang`
--

CREATE TABLE `ps_cms_lang` (
  `id_cms` int(10) unsigned NOT NULL,
  `id_lang` int(10) unsigned NOT NULL,
  `id_shop` int(10) unsigned NOT NULL DEFAULT '1',
  `meta_title` varchar(255) NOT NULL,
  `head_seo_title` varchar(255) DEFAULT NULL,
  `meta_description` varchar(512) DEFAULT NULL,
  `meta_keywords` varchar(255) DEFAULT NULL,
  `content` longtext,
  `link_rewrite` varchar(128) NOT NULL,
  PRIMARY KEY (`id_cms`,`id_shop`,`id_lang`)
) ENGINE=InnoDB DEFAULT CHARSET=utf8;

--
-- Dumping data for table `ps_cms_lang`
--

INSERT INTO `ps_cms_lang` VALUES (1,1,1,'Delivery','','Our terms and conditions of delivery','conditions, delivery, delay, shipment, pack','<h2>Shipments and returns</h2>\n<h3>Your pack shipment</h3>\n<p>Packages are generally dispatched within 2 days after receipt of payment and are shipped via UPS with tracking and drop-off without signature. If you prefer delivery by UPS Extra with required signature, an additional cost will be applied, so please contact us before choosing this method. Whichever shipment choice you make, we will provide you with a link to track your package online.</p>\n<p>Shipping fees include handling and packing fees as well as postage costs. Handling fees are fixed, whereas transport fees vary according to total weight of the shipment. We advise you to group your items in one order. We cannot group two distinct orders placed separately, and shipping fees will apply to each of them. Your package will be dispatched at your own risk, but special care is taken to protect fragile objects.<br /><br />Boxes are amply sized and your items are well-protected.</p>','delivery'),(2,1,1,'Legal Notice','','Legal notice','notice, legal, credits','<h2>Legal</h2>\n<h3>Credits</h3>\n<p>Concept and production:</p>\n<p>This Online store was created using <a href=\"http://www.prestashop.com\">Prestashop Shopping Cart Software</a>,check out PrestaShop\'s <a href=\"http://www.prestashop.com/blog/en/\">ecommerce blog</a> for news and advices about selling online and running your ecommerce website.</p>','legal-notice'),(3,1,1,'Terms and conditions of use','','Our terms and conditions of use','conditions, terms, use, sell','<h1><strong><span>Terms &amp; Conditions</span></strong></h1>\n<p><span>We want to welcome you to our online store. Flea Market Deals Online, provides services to you, subject to the following conditions. If you visit or shop within Flea Market Deals Online, you accept and agree to adhere to these conditions. Please read them carefully and contact us with any questions. We want to become the number one website for your online shopping needs.</span></p>\n<h2><strong><span>PRIVACY</span></strong></h2>\n<p><span><br /> Please review our Privacy Policy, which also governs your visit to our website, to understand our practices.</span></p>\n<h2><strong><span>ELECTRONIC COMMUNICATIONS</span></strong></h2>\n<p><span><br /> When you visit Flea Market Deals Online or send e-mails to us, you are communicating with us electronically. You consent to receive communications from us electronically. We will communicate with you by e-mail or by posting notices on this site. You agree that all agreements, notices, disclosures, invoices, and other communications that we provide to you electronically, satisfy any legal requirement that such communications be in writing.</span></p>\n<h2><strong><span>COPYRIGHT</span></strong></h2>\n<p><span><br /> All content included on this site, such as text, graphics, logos, button icons, images, audio clips, digital downloads, data compilations, and software, is the property of Flea Market Deals Online or its content suppliers and protected by international copyright laws. The compilation of all content on this site is the exclusive property of Flea Market Deals Online, with copyright authorship for this collection by Flea Market Deals Online, and protected by international copyright laws.</span></p>\n<h2><strong><span>TRADE MARKS</span></strong></h2>\n<p><span><br /> Flea Market Deals Online’s trademarks may not be used in connection with any product or service that is not Flea Market Deals Online’s, in any manner that is likely to cause confusion to customers, or in any manner that disparages or discredits Flea Market Deals Online. All other trademarks not owned by Flea Market Deals Online, or its subsidiaries, that appear on this site are the property of their respective owners, who may or may not be affiliated with, connected to, or sponsored by Flea Market Deals Online or its subsidiaries.</span></p>\n<h2><strong><span>LICENSE AND SITE ACCESS</span></strong></h2>\n<p><span><br /> Flea Market Deals Online  grants you a limited license to access and make personal use of this site and not to download (other than page caching) or modify it, or any portion of it, except with express written consent of Flea Market Deals Online . This license does not include any resale or commercial use of this site or its contents: any collection and use of any product listings, descriptions, or prices; any derivative use of this site or its contents; any downloading or copying of account information for the benefit of another merchant; or any use of data mining, robots, or similar data gathering and extraction tools. This site or any portion of this site may not be reproduced, duplicated, copied, sold, resold, visited, or otherwise exploited for any commercial purpose without express written consent of Flea Market Deals Online . You may not frame or utilize framing techniques to enclose any trademark, logo, or other proprietary information (including images, text, page layout, or form) of Flea Market Deals Online and our associates without express written consent. You may not use any meta tags or any other “hidden text” utilizing Flea Market Deals Online’s name or trademarks without the express written consent of Flea Market Deals Online . Any unauthorized use terminates the permission or license granted by Flea Market Deals Online . You are granted a limited, revocable, and nonexclusive right to create a hyperlink to the home page of Flea Market Deals Online so long as the link does not portray Flea Market Deals Online, its associates, or their products or services in a false, misleading, derogatory, or otherwise offensive matter. You may not use any logo from Flea Market Deals Online or other proprietary graphic or trademark as part of the link without express written permission.</span></p>\n<h2><strong><span>YOUR MEMBERSHIP ACCOUNT</span></strong></h2>\n<p><span><br /> If you use this site, you are responsible for maintaining the confidentiality of your account and password and for restricting access to your computer, and you agree to accept responsibility for all activities that occur under your account or password. If you are under 18, you may use our website only with involvement of a parent or guardian. Flea Market Deals Online and its associates reserve the right to refuse service, terminate accounts, remove or edit content, or cancel orders at their sole discretion.</span></p>\n<h2><strong><span>REVIEWS, COMMENTS, EMAILS, AND OTHER CONTENT</span></strong></h2>\n<p><span><br /> Visitors may post reviews, comments, and other content, and submit suggestions, ideas, comments, questions, or other information, so long as the content is not illegal, obscene, threatening, defamatory, invasive of privacy, infringing upon intellectual property rights, or otherwise injurious to third parties or objectionable, and does not consist of, or contain software viruses, political campaigning, commercial solicitation, chain letters, mass mailings, or any form of “spam.” You may not use a false e-mail address, impersonate any person or entity, or otherwise mislead as to the origin of a card or other content. Flea Market Deals Online reserves the right (but not the obligation) to remove or edit such content, but does not regularly review posted content. If you do post content or submit material, and unless we indicate otherwise, you grant Flea Market Deals Online  and its associates a nonexclusive, royalty-free, perpetual, irrevocable, and fully sublicensable right to use, reproduce, modify, adapt, publish, translate, create derivative works from, distribute, and display such content throughout the world in any media. You grant Flea Market Deals Online and its associates and sublicensees the right to use the name that you submit in connection with such content, if they choose. You represent and warrant that you own or otherwise control all of the rights to the content that you post, that the content is accurate, that use of the content you supply does not violate this policy and will not cause injury to any person or entity, and that you will indemnify Flea Market Deals Online or its associates for all claims resulting from content you supply. Flea Market Deals Online has the right, but not the obligation, to monitor and edit or remove any activity or content. Flea Market Deals Online takes no responsibility and assumes no liability for any content posted by you or any third party.</span></p>\n<h2><strong><span>RISK OF LOSS</span></strong></h2>\n<p><span><br /> All items purchased from Flea Market Deals Online are made pursuant to a shipment contract. This means that the risk of loss and title for such items pass to you upon our delivery to the carrier. Please refer to our Shipping &amp; Returns policy for more details.</span></p>\n<h2><strong><span>PRODUCT DESCRIPTIONS</span></strong></h2>\n<p><span>Flea Market Deals Online and its associates attempt to be as accurate as possible. However, Flea Market Deals Online does not warrant that product descriptions or other content of this site is accurate, complete, reliable, current, or error-free. If a product offered by Flea Market Deals Online is not as described, your sole remedy is to return it in unused condition.<br /><br /> DISCLAIMER OF WARRANTIES AND LIMITATION OF LIABILITY: THIS SITE IS PROVIDED BY Flea Market Deals Online  ON AN “AS IS” AND “AS AVAILABLE” BASIS. Flea Market Deals Online  MAKES NO REPRESENTATIONS OR WARRANTIES OF ANY KIND, EXPRESS OR IMPLIED, AS TO THE OPERATION OF THIS SITE OR THE INFORMATION, CONTENT, MATERIALS, OR PRODUCTS INCLUDED ON THIS SITE. YOU EXPRESSLY AGREE THAT YOUR USE OF THIS SITE IS AT YOUR SOLE RISK. TO THE FULL EXTENT PERMISSIBLE BY APPLICABLE LAW, Flea Market Deals Online DISCLAIMS ALL WARRANTIES, EXPRESS OR IMPLIED, INCLUDING, BUT NOT LIMITED TO, IMPLIED WARRANTIES OF MERCHANTABILITY AND FITNESS FOR A PARTICULAR PURPOSE. Flea Market Deals Online  DOES NOT WARRANT THAT THIS SITE, ITS SERVERS, OR E-MAIL SENT FROM Flea Market Deals Online  ARE FREE OF VIRUSES OR OTHER HARMFUL COMPONENTS. Flea Market Deals Online WILL NOT BE LIABLE FOR ANY DAMAGES OF ANY KIND ARISING FROM THE USE OF THIS SITE, INCLUDING, BUT NOT LIMITED TO DIRECT, INDIRECT, INCIDENTAL, PUNITIVE, AND CONSEQUENTIAL DAMAGES. CERTAIN STATE LAWS DO NOT ALLOW LIMITATIONS ON IMPLIED WARRANTIES OR THE EXCLUSION OR LIMITATION OF CERTAIN DAMAGES. IF THESE LAWS APPLY TO YOU, SOME OR ALL OF THE ABOVE DISCLAIMERS, EXCLUSIONS, OR LIMITATIONS MAY NOT APPLY TO YOU, AND YOU MIGHT HAVE ADDITIONAL RIGHTS.<br /> APPLICABLE LAW<br /><br /> By visiting Flea Market Deals Online, you agree that the laws of the state of DEFINE_STATE, DEFINE_COUNTRY, without regard to principles of conflict of laws, will govern these Conditions of Use and disputes of any sort that might arise between you and Flea Market Deals Online  or its associates.</span></p>\n<h2><strong><span>DISPUTES</span></strong></h2>\n<p><span><br /> Any dispute relating in any way to your visit to Flea Market Deals Online  or to products you purchase through Flea Market Deals Online  shall be submitted to confidential arbitration in YOUR_STATE, YOUR_COUNTRY, except that, to the extent you have in any manner violated or threatened to violate Flea Market Deals Online ’s intellectual property rights, Flea Market Deals Online  may seek injunctive or other appropriate relief in any state or federal court in the state of YOUR_STATE, YOUR_COUNTRY, and you consent to exclusive jurisdiction and venue in such courts. Arbitration under this agreement shall be conducted under the rules then prevailing of the American Arbitration Association. The arbitrator’s award shall be binding and may be entered as a judgment in any court of competent jurisdiction. To the fullest extent permitted by applicable law, no arbitration under this Agreement shall be joined to an arbitration involving any other party subject to this Agreement, whether through class arbitration proceedings or otherwise.</span></p>\n<h2><strong><span>SITE POLICIES, MODIFICATION, AND SEVERABILITY</span></strong></h2>\n<p><span><br /> Please review our other policies, such as our Shipping and Returns policy, posted on this site. These policies also govern your visit to Flea Market Deals Online. We reserve the right to make changes to our site, policies, and these Conditions of Use at any time without notice. If any of these conditions shall be deemed invalid, void, or for any reason unenforceable, that condition shall be deemed severable and shall not affect the validity and enforceability of any remaining condition.</span></p>','terms-and-conditions-of-use'),(4,1,1,'About us','About us','Learn more about us','about us, informations','<div class=\"about-wrap\">\n<div class=\"about-us\">\n<div class=\"row\">\n<div class=\"col-md-5 col-sm-12\">\n<div class=\"about-image\"><img src=\"/img/aboutus.jpg\" alt=\"#\" /></div>\n</div>\n<div class=\"col-md-7 col-sm-12\">\n<div class=\"about-text\">\n<h1>About us</h1>\n<h4>Flea Market Deals Online is your premier source of discount Perfumes and Colognes!</h4>\n<p><span>When you purchase scents for your online store or retail location, you aren’t just placing an order with a nameless </span><strong>wholesale perfume distributor</strong><span>. At least, we hope you aren’t. <span>Are you getting a quality product that hasn’t been left sitting too long, been exposed to excessive heat or damaged and clouded by the cold? Are you dealing with a perfume and cologne wholesale company that will be there tomorrow or next month when you need help? </span></span></p>\n<p>We carry only top perfume and cologne brands such as: Azzaro, Boucheron, Burberry, Bvlgari, Calvin Klein, Carolina Herrera, Cartier, Christian Dior, Davidoff, Dolce &amp; Gabbana, Elizabeth Arden, Estee Lauder, Giorgio Armani, Givenchy, Gucci, Guerlain, Hugo Boss, Issey Miyake, Jean Paul Gaultier, Juicy Couture, Lacoste, Lancome, Liz Claiborne, Lolita Lempicka, Mont Blanc, Paco Rabanne, Ralph Lauren, Thierry Mugler, Versace, Yves Saint Laurent</p>\n<p><span>Pricing varies by brand and type of perfume but in general, you can expect to find 30-70% off department store retail prices on higher end and European imports.</span></p>\n</div>\n</div>\n</div>\n</div>\n<div class=\"our-team\">\n<div class=\"out-team-content owl-carousel\">\n<div class=\"content-inner\"></div>\n</div>\n</div>\n</div>','about-us'),(5,1,1,'Secure payment','','Our secure payment method','secure payment, ssl, visa, mastercard, paypal','<h3>SECURITY</h3>\n<p>Personal information provided on this website and online credit card transactions are transmitted through a secure server. We are committed to handling your personal information with high standards of information security. We take appropriate physical, electronic, and administrative steps to maintain the security and accuracy of personally identifiable information we collect, including limiting the number of people who have physical access to our database servers, as well as employing electronic security systems and password protections that guard against unauthorized access. Our website uses encryption technology, like Secure Sockets Layer (SSL), to protect your personal information during data transport. SSL encrypts ordering information such as your name, address, and credit card number. Our Customer Care center and stores also operate over a private, secure network. Please note that email is not encrypted and is not considered to be a secure means of transmitting credit card information.</p>','secure-payment'),(6,1,1,'FAQs','FAQs','','faq, questions, help, support','<h1><strong>FAQ</strong></h1>\n<h3><b>Can I place an order over the phone or by email?</b></h3>\n<p>We do not accept orders over the phone, via e-mail or mail. Our online ordering system utilizes a number of fraud protection protocols that are not available to you thru these other methods. Our merchant processor adds an extra added layer of security to protect you.</p>\n<h3><b>Can I pay with a check or money order?</b></h3>\n<p>Yes, checks or money orders can be mailed to</p>\n<address style=\"text-align:left;\">FMDO, LLC <br />4700 Hiatus Road<br />Unit 143B<br />Sunrise, FL 33351</address>\n<p><em><strong>Items will not be mailed until payments have cleared. </strong></em></p>\n<h3><b>When will my order ship?</b></h3>\n<p>Although we require 48 hours to process an order, we make every effort to ensure your order ships as quickly as possible. Depending on inventory and time of day many of our packages actually ship with in 24 hours of your payment being received and approved. There may be on occasion a delay caused by inventory shortages. We will always communicate with you of any delay your order may experience. A tracking email will be sent to you at time of shipment. </p>\n<h3><b>When will my order arrive? </b></h3>\n<p>Our experience tells us that orders typically arrive within 3 -7 business days.</p>\n<h3><strong>Didn\'t find your answer?</strong></h3>\n<p>Feel free to contact us, we typically respond within 24 hours. Thank You!</p>','faq'),(7,1,1,'Privacy Policy','Privacy Policy','','privacy, policy','<h1>Privacy Policy</h1>\n<p><strong>This privacy policy discloses the privacy practices for www.FleaMarketDealsOnline.com</strong> This privacy policy applies solely to information collected by this web site. It will notify you of the following:</p>\n<ul><li>What personally identifiable information is collected from you through the web site, how it is used and with whom it may be shared.</li>\n<li>What choices are available to you regarding the use of your data.</li>\n<li>The security procedures in place to protect the misuse of your information.</li>\n<li>How you can correct any inaccuracies in the information.</li>\n</ul><h2><br />Information Collection, Use, and Sharing</h2>\n<p>We are the sole owners of the information collected on this site. We only have access to/collect information that you voluntarily give us via email or other direct contact from you. We will not sell or rent this information to anyone.</p>\n<p>We will use your information to respond to you, regarding the reason you contacted us. We will not share your information with any third party outside of our organization, other than as necessary to fulfill your request, e.g. to ship an order.</p>\n<p>Unless you ask us not to, we may contact you via email in the future to tell you about specials, new products or services, or changes to this privacy policy.</p>\n<h2>Your Access to and Control Over Information</h2>\n<p><br />You may opt out of any future contacts from us at any time. You can do the following at any time by contacting us via the email address or phone number given on our website:</p>\n<ul><li>See what data we have about you, if any.</li>\n<li>Change/correct any data we have about you.</li>\n<li>Have us delete any data we have about you.</li>\n<li>Express any concern you have about our use of your data.</li>\n</ul><h2>Security</h2>\n<p>We take precautions to protect your information. When you submit sensitive information via the website, your information is protected both online and offline.</p>\n<p>Wherever we collect sensitive information (such as credit card data), that information is encrypted and transmitted to us in a secure way. You can verify this by looking for a closed lock icon at the bottom of your web browser, or looking for \"https\" at the beginning of the address of the web page.</p>\n<p>While we use encryption to protect sensitive information transmitted online, we also protect your information offline. Only employees who need the information to perform a specific job (for example, billing or customer service) are granted access to personally identifiable information. The computers/servers in which we store personally identifiable information are kept in a secure environment.</p>\n<h2>Updates</h2>\n<p>Our Privacy Policy may change from time to time and all updates will be posted on this page.</p>\n<p>If you feel that we are not abiding by this privacy policy, you should contact us immediately via email.</p>\n<h2>Registration</h2>\n<p>In order to use this website, a user must first complete the registration form. During registration a user is required to give certain information (such as name and email address). This information is used to contact you about the products/services on our site in which you have expressed interest. At your option, you may also provide demographic information (such as gender or age) about yourself, but it is not required.</p>\n<h2><br />Orders</h2>\n<p>We request information from you on our order form. To buy from us, you must provide contact information (like name and shipping address) and financial information (like credit card number, expiration date). This information is used for billing purposes and to fill your orders. If we have trouble processing an order, we\'ll use this information to contact you.</p>\n<h2><br />Cookies</h2>\n<p>We use \"cookies\" on this site. A cookie is a piece of data stored on a site visitor\'s hard drive to help us improve your access to our site and identify repeat visitors to our site. For instance, when we use a cookie to identify you, you would not have to log in a password more than once, thereby saving time while on our site. Cookies can also enable us to track and target the interests of our users to enhance the experience on our site. Usage of a cookie is in no way linked to any personally identifiable information on our site. Some of our business partners may use cookies on our site (for example, advertisers). However, we have no access to or control over these cookies.</p>\n<h2><br />Sharing</h2>\n<p>We use an outside credit card processing company to bill users for goods and services. These companies do not retain, share, store or use personally identifiable information for any secondary purposes beyond filling your order.</p>','privacy'),(8,1,1,'Returns, Refunds & Replacements','Returns, Refunds & Replacements','','return, refund, replacement','<h3>RETURNS, REFUNDS &amp; REPLACEMENTS</h3>\n<p><strong>We have a 100% commitment to your satisfaction. </strong><span>If for any reason you are not completely satisfied, we will work with you on a positive resolution. Due to the nature of these items, used or opened merchandise cannot be returned. The only returnable items are an unopened original package that is returned at the buyers expense. A refund minus the cost of shipping the original package will be refunded to you within 48 hours of receipt and inspection of the unopened item. Defective or damaged merchandise should be brought to our attention within 5 days after delivery of your item based on the tracking information provided by the shipper. Depending on inventory we will make every effort to replace that item immediately. </span><br /><br /><br /></p>\n<h3>LOST OR STOLEN PACKAGES</h3>\n<p>WE MAKE EVERY EFFORT TO ENSURE DELIVERY OF YOUR PACKAGE HOWEVER, WE ARE NOT RESPONSIBLE FOR PACKAGES THAT HAVE BEEN LOST OR STOLEN ONCE IT IS IN THE POST OFFICE\'S SYSTEM. SHOULD A PACKAGE GET DELAYED OR GO MISSING IT IS THE BUYERS RESPONSIBILITY TO CONTACT THEIR LOCAL PO AND PROVIDE THEM WITH THE TRACKING NUMBER. YOU SHOULD OBTAIN A CASE NUMBER AND ASK FOR A RESOLUTION DATE.</p>\n<p>ONCE YOU RECEIVE THIS CASE NUMBER IT SHOULD BE E-MAILED TO US SO THAT WE MAY FILE A CLAIM IF NEEDED. ONCE WE HAVE THIS CASE NUMBER AND DEPENDING ON THE RESOLUTION BY THE PO, ONLY THEN WILL A NEW PACKAGE BE MAILED. THERE ARE NO EXCEPTIONS TO THIS POLICY \"NO CASE NUMBER, NO REPLACEMENT\"!!</p>\n<p>THIS PACKAGE AND ALL FURTHER PURCHASES WILL BE SHIPPED \"SIGNATURE REQUIRED\" WITHOUT EXCEPTION. YOUR ACCOUNT WILL BE FLAGGED TO ADD AN EXTRA CHARGE OF $2.45 TO YOUR PURCHASES FOR THIS REQUIREMENT.</p>\n<p>IF YOU SHOULD RECEIVE THIS PACKAGE AFTER WE\'VE SHIPPED THE REPLACEMENT IT IS OUR EXPECTATION AS OUR CUSTOMER THAT YOU CONTACT US TO ARRANGE RETURN OF ONE OF THE PACKAGES. SHOULD THIS NOT OCCUR YOUR ACCOUNT WILL BE CLOSED.</p>','returns-refunds-replacements');

--
-- Table structure for table `ps_cms_role`
--

CREATE TABLE `ps_cms_role` (
  `id_cms_role` int(11) unsigned NOT NULL AUTO_INCREMENT,
  `name` varchar(50) NOT NULL,
  `id_cms` int(11) unsigned NOT NULL,
  PRIMARY KEY (`id_cms_role`,`id_cms`),
  UNIQUE KEY `name` (`name`)
) ENGINE=InnoDB AUTO_INCREMENT=3 DEFAULT CHARSET=utf8;

--
-- Dumping data for table `ps_cms_role`
--

INSERT INTO `ps_cms_role` VALUES (1,'LEGAL_CONDITIONS',3),(2,'LEGAL_NOTICE',2);

--
-- Table structure for table `ps_cms_role_lang`
--

CREATE TABLE `ps_cms_role_lang` (
  `id_cms_role` int(11) unsigned NOT NULL,
  `id_lang` int(11) unsigned NOT NULL,
  `id_shop` int(11) unsigned NOT NULL,
  `name` varchar(128) DEFAULT NULL,
  PRIMARY KEY (`id_cms_role`,`id_lang`,`id_shop`)
) ENGINE=InnoDB DEFAULT CHARSET=utf8;

--
-- Dumping data for table `ps_cms_role_lang`
--


--
-- Table structure for table `ps_cms_shop`
--

CREATE TABLE `ps_cms_shop` (
  `id_cms` int(11) unsigned NOT NULL,
  `id_shop` int(11) unsigned NOT NULL,
  PRIMARY KEY (`id_cms`,`id_shop`),
  KEY `id_shop` (`id_shop`)
) ENGINE=InnoDB DEFAULT CHARSET=utf8;

--
-- Dumping data for table `ps_cms_shop`
--

INSERT INTO `ps_cms_shop` VALUES (1,1),(2,1),(3,1),(4,1),(5,1),(6,1),(7,1),(8,1);

--
-- Table structure for table `ps_condition`
--

CREATE TABLE `ps_condition` (
  `id_condition` int(11) NOT NULL AUTO_INCREMENT,
  `id_ps_condition` int(11) NOT NULL,
  `type` enum('configuration','install','sql') NOT NULL,
  `request` text,
  `operator` varchar(32) DEFAULT NULL,
  `value` varchar(64) DEFAULT NULL,
  `result` varchar(64) DEFAULT NULL,
  `calculation_type` enum('hook','time') DEFAULT NULL,
  `calculation_detail` varchar(64) DEFAULT NULL,
  `validated` tinyint(1) unsigned NOT NULL DEFAULT '0',
  `date_add` datetime NOT NULL,
  `date_upd` datetime NOT NULL,
  PRIMARY KEY (`id_condition`,`id_ps_condition`)
) ENGINE=InnoDB AUTO_INCREMENT=245 DEFAULT CHARSET=utf8;

--
-- Dumping data for table `ps_condition`
--

INSERT INTO `ps_condition` VALUES (1,1,'configuration','PS_REWRITING_SETTINGS','==','1','1','hook','actionAdminMetaControllerUpdate_optionsAfter',1,'2019-11-18 05:19:26','2019-11-18 05:19:26'),(2,2,'configuration','PS_SMARTY_FORCE_COMPILE','!=','2','1','hook','actionAdminPerformanceControllerSaveAfter',1,'2019-11-18 05:19:26','2019-11-18 05:19:26'),(3,3,'configuration','PS_CSS_THEME_CACHE','==','1','','hook','actionAdminPerformanceControllerSaveAfter',0,'2019-11-18 05:19:26','2019-11-18 05:19:26'),(4,4,'configuration','PS_CIPHER_ALGORITHM','==','1','1','hook','actionAdminPerformanceControllerSaveAfter',1,'2019-11-18 05:19:26','2019-11-18 05:19:26'),(5,5,'configuration','PS_MEDIA_SERVERS','==','1','','hook','actionAdminPerformanceControllerSaveAfter',0,'2019-11-18 05:19:26','2019-11-18 05:19:26'),(6,6,'sql','SELECT COUNT(distinct m.id_module) FROM PREFIX_hook h LEFT JOIN PREFIX_hook_module hm ON h.id_hook = hm.id_hook LEFT JOIN PREFIX_module m ON hm.id_module = m.id_module\r\nWHERE (h.name = \"displayPayment\" OR h.name = \"payment\") AND m.name NOT IN (\"bankwire\", \"cheque\", \"cashondelivery\")','>','0','0','hook','actionModuleInstallAfter',0,'2019-11-18 05:19:26','2019-11-18 05:22:27'),(7,7,'sql','SELECT COUNT(distinct m.id_module) FROM PREFIX_hook h LEFT JOIN PREFIX_hook_module hm ON h.id_hook = hm.id_hook LEFT JOIN PREFIX_module m ON hm.id_module = m.id_module\r\nWHERE (h.name = \"displayPayment\" OR h.name = \"payment\") AND m.name NOT IN (\"bankwire\", \"cheque\", \"cashondelivery\")','>','1','0','hook','actionModuleInstallAfter',0,'2019-11-18 05:19:26','2019-11-18 05:22:27'),(8,8,'sql','SELECT COUNT(*) FROM PREFIX_carrier WHERE name NOT IN (\"0\", \"My carrier\")','>','0','0','hook','actionObjectCarrierAddAfter',0,'2019-11-18 05:19:26','2019-11-18 05:19:26'),(9,9,'sql','SELECT COUNT(*) FROM PREFIX_carrier WHERE name NOT IN (\"0\", \"My carrier\")','>','1','0','hook','actionObjectCarrierAddAfter',0,'2019-11-18 05:19:26','2019-11-18 05:19:26'),(10,10,'sql','SELECT COUNT(*) FROM PREFIX_product WHERE reference NOT LIKE \"demo_%\"','>','0','0','hook','actionObjectProductAddAfter',0,'2019-11-18 05:19:26','2019-11-18 05:19:26'),(11,11,'sql','SELECT COUNT(*) FROM PREFIX_product WHERE reference NOT LIKE \"demo_%\"','>','9','0','hook','actionObjectProductAddAfter',0,'2019-11-18 05:19:26','2019-11-18 05:19:26'),(12,12,'sql','SELECT COUNT(*) FROM PREFIX_product WHERE reference NOT LIKE \"demo_%\"','>','99','0','hook','actionObjectProductAddAfter',0,'2019-11-18 05:19:26','2019-11-18 05:19:26'),(13,13,'sql','SELECT COUNT(*) FROM PREFIX_product WHERE reference NOT LIKE \"demo_%\"','>','999','0','hook','actionObjectProductAddAfter',0,'2019-11-18 05:19:26','2019-11-18 05:19:26'),(14,14,'sql','SELECT COUNT(*) FROM PREFIX_product WHERE reference NOT LIKE \"demo_%\"','>','9999','0','hook','actionObjectProductAddAfter',0,'2019-11-18 05:19:26','2019-11-18 05:19:26'),(15,15,'sql','SELECT COUNT(*) FROM PREFIX_product WHERE reference NOT LIKE \"demo_%\"','>','99999','0','hook','actionObjectProductAddAfter',0,'2019-11-18 05:19:26','2019-11-18 05:19:26'),(16,16,'configuration','PS_SHOP_PHONE','!=','0','1','hook','actionAdminStoresControllerUpdate_optionsAfter',1,'2019-11-18 05:19:26','2019-11-18 06:24:04'),(17,17,'sql','SELECT COUNT(*) FROM PREFIX_contact','>','2','2','hook','actionObjectContactAddAfter',0,'2019-11-18 05:19:26','2019-11-18 05:19:26'),(18,18,'sql','SELECT COUNT(*) FROM PREFIX_contact','>','4','2','hook','actionObjectContactAddAfter',0,'2019-11-18 05:19:26','2019-11-18 05:19:26'),(19,19,'install','','>','0','1','time','1',1,'2019-11-18 05:19:26','2019-11-18 05:19:26'),(20,20,'install','','>=','7','','time','1',0,'2019-11-18 05:19:26','2019-11-18 05:19:26'),(21,21,'configuration','PS_LOGO','!=','logo.jpg','1','hook','actionAdminThemesControllerUpdate_optionsAfter',1,'2019-11-18 05:19:26','2019-11-18 05:19:26'),(22,22,'sql','SELECT COUNT(*) FROM PREFIX_theme WHERE directory != \"default\" AND directory != \"prestashop\" AND directory ! \"default-bootstrap\"','>','0','0','hook','actionObjectShopUpdateAfter',0,'2019-11-18 05:19:26','2019-11-18 05:22:28'),(23,23,'configuration','PS_LOGGED_ON_ADDONS','==','1','','time','1',0,'2019-11-18 05:19:26','2019-11-18 05:19:26'),(24,24,'configuration','PS_MULTISHOP_FEATURE_ACTIVE','==','1','','hook','actionAdminPreferencesControllerUpdate_optionsAfter',0,'2019-11-18 05:19:26','2019-11-18 05:19:26'),(25,25,'sql','SELECT COUNT(*) FROM PREFIX_shop','>','1','1','hook','actionObjectShopAddAfter',0,'2019-11-18 05:19:26','2019-11-18 05:19:26'),(26,26,'sql','SELECT COUNT(*) FROM PREFIX_shop','>','4','1','hook','actionObjectShopAddAfter',0,'2019-11-18 05:19:26','2019-11-18 05:19:26'),(27,27,'sql','SELECT COUNT(*) FROM PREFIX_shop_group','>','5','1','hook','actionObjectShopGroupAddAfter 	',0,'2019-11-18 05:19:26','2019-11-18 05:19:26'),(28,28,'sql','SELECT COUNT(*) FROM PREFIX_shop_group','>','1','1','hook','actionObjectShopGroupAddAfter',0,'2019-11-18 05:19:26','2019-11-18 05:19:26'),(29,29,'sql','SELECT COUNT(distinct m.id_module) FROM PREFIX_hook h LEFT JOIN PREFIX_hook_module hm ON h.id_hook = hm.id_hook LEFT JOIN PREFIX_module m ON hm.id_module = m.id_module\r\nWHERE (h.name = \"displayPayment\" OR h.name = \"payment\") AND m.name NOT IN (\"bankwire\", \"cheque\", \"cashondelivery\")','>','2','0','hook','actionModuleInstallAfter',0,'2019-11-18 05:19:26','2019-11-18 05:22:27'),(30,30,'sql','SELECT COUNT(*) FROM PREFIX_carrier WHERE name NOT IN (\"0\", \"My carrier\")','>','2','0','hook','actionObjectCarrierAddAfter',0,'2019-11-18 05:19:26','2019-11-18 05:19:26'),(31,31,'sql','SELECT SUM(total_paid_tax_excl / c.conversion_rate)\r\nFROM PREFIX_orders o INNER JOIN PREFIX_currency c ON c.id_currency = o.id_currency WHERE valid = 1 AND reference != \"XKBKNABJK\"','>=','200','0','hook','actionOrderStatusUpdate',0,'2019-11-18 05:19:26','2019-11-18 05:19:26'),(32,32,'sql',' 	SELECT SUM(total_paid_tax_excl / c.conversion_rate) FROM PREFIX_orders o INNER JOIN PREFIX_currency c ON c.id_currency = o.id_currency WHERE valid = 1 AND reference != \"XKBKNABJK\"','>=','2000','0','hook','actionOrderStatusUpdate',0,'2019-11-18 05:19:26','2019-11-18 05:19:26'),(33,33,'sql',' 	SELECT SUM(total_paid_tax_excl / c.conversion_rate) FROM PREFIX_orders o INNER JOIN PREFIX_currency c ON c.id_currency = o.id_currency WHERE valid = 1 AND reference != \"XKBKNABJK\"','>=','20000','0','time','1',0,'2019-11-18 05:19:26','2019-11-18 05:19:26'),(34,34,'sql',' 	SELECT SUM(total_paid_tax_excl / c.conversion_rate) FROM PREFIX_orders o INNER JOIN PREFIX_currency c ON c.id_currency = o.id_currency WHERE valid = 1','>=','200000','0','time','7',0,'2019-11-18 05:19:26','2019-11-18 05:19:26'),(35,35,'sql',' 	SELECT SUM(total_paid_tax_excl / c.conversion_rate) FROM PREFIX_orders o INNER JOIN PREFIX_currency c ON c.id_currency = o.id_currency WHERE valid = 1','>=','2000000','0','time','7',0,'2019-11-18 05:19:26','2019-11-18 05:19:26'),(36,36,'sql',' 	SELECT SUM(total_paid_tax_excl / c.conversion_rate) FROM PREFIX_orders o INNER JOIN PREFIX_currency c ON c.id_currency = o.id_currency WHERE valid = 1','>=','20000000','0','time','7',0,'2019-11-18 05:19:26','2019-11-18 05:19:26'),(37,37,'install','','>=','30','','time','1',0,'2019-11-18 05:19:26','2019-11-18 05:19:26'),(38,38,'install','','>=','182','','time','2',0,'2019-11-18 05:19:26','2019-11-18 05:19:26'),(39,39,'install','','>=','365','','time','2',0,'2019-11-18 05:19:26','2019-11-18 05:19:26'),(40,40,'install','','>=','730','','time','2',0,'2019-11-18 05:19:26','2019-11-18 05:19:26'),(41,41,'sql','SELECT COUNT(*) FROM PREFIX_guest','>=','10','2','time','1',0,'2019-11-18 05:19:26','2019-11-18 05:19:26'),(42,42,'sql','SELECT COUNT(*) FROM PREFIX_guest','>=','100','2','time','1',0,'2019-11-18 05:19:26','2019-11-18 05:19:26'),(43,43,'sql','SELECT COUNT(*) FROM PREFIX_guest','>=','1000','2','time','1',0,'2019-11-18 05:19:26','2019-11-18 05:19:26'),(44,44,'sql','SELECT COUNT(*) FROM PREFIX_guest','>=','10000','2','time','2',0,'2019-11-18 05:19:26','2019-11-18 05:19:26'),(45,45,'sql','SELECT COUNT(*) FROM PREFIX_guest','>=','100000','2','time','3',0,'2019-11-18 05:19:26','2019-11-18 05:19:26'),(46,46,'sql','SELECT COUNT(*) FROM PREFIX_guest','>=','1000000','2','time','4',0,'2019-11-18 05:19:26','2019-11-18 05:19:26'),(47,47,'sql','SELECT COUNT(*) FROM PREFIX_cart WHERE secure_key != \"b44a6d9efd7a0076a0fbce6b15eaf3b1\"','>=','2','0','hook','actionObjectCartAddAfter',0,'2019-11-18 05:19:26','2019-11-18 05:19:26'),(48,48,'sql','SELECT COUNT(*) FROM PREFIX_cart WHERE secure_key != \"b44a6d9efd7a0076a0fbce6b15eaf3b1\"','>=','10','0','hook','actionObjectCartAddAfter',0,'2019-11-18 05:19:26','2019-11-18 05:19:26'),(49,49,'sql','SELECT COUNT(*) FROM PREFIX_cart WHERE secure_key != \"b44a6d9efd7a0076a0fbce6b15eaf3b1\"','>=','100','0','hook','actionObjectCartAddAfter',0,'2019-11-18 05:19:26','2019-11-18 05:19:26'),(50,50,'sql','SELECT COUNT(*) FROM PREFIX_cart WHERE secure_key != \"b44a6d9efd7a0076a0fbce6b15eaf3b1\"','>=','1000','0','time','1',0,'2019-11-18 05:19:26','2019-11-18 05:19:26'),(51,51,'sql','SELECT COUNT(*) FROM PREFIX_cart WHERE secure_key != \"b44a6d9efd7a0076a0fbce6b15eaf3b1\"','>=','10000','0','time','4',0,'2019-11-18 05:19:26','2019-11-18 05:19:26'),(52,52,'sql','SELECT COUNT(*) FROM PREFIX_cart WHERE secure_key != \"b44a6d9efd7a0076a0fbce6b15eaf3b1\"','>=','100000','0','time','8',0,'2019-11-18 05:19:26','2019-11-18 05:19:26'),(53,53,'sql','SELECT COUNT(*) FROM ps_orders WHERE reference NOT IN (\"XKBKNABJK\", \"OHSATSERP\", \"FFATNOMMJ\", \"UOYEVOLI\", \"KHWLILZLL\")','>=','1','0','hook','actionObjectOrderAddAfter',0,'2019-11-18 05:19:26','2019-11-18 05:19:26'),(54,54,'sql','SELECT COUNT(*) FROM ps_orders WHERE reference NOT IN (\"XKBKNABJK\", \"OHSATSERP\", \"FFATNOMMJ\", \"UOYEVOLI\", \"KHWLILZLL\")','>=','10','0','hook','actionObjectOrderAddAfter',0,'2019-11-18 05:19:26','2019-11-18 05:19:26'),(55,55,'sql','SELECT COUNT(*) FROM ps_orders WHERE reference NOT IN (\"XKBKNABJK\", \"OHSATSERP\", \"FFATNOMMJ\", \"UOYEVOLI\", \"KHWLILZLL\")','>=','100','0','hook','actionObjectOrderAddAfter',0,'2019-11-18 05:19:26','2019-11-18 05:19:26'),(56,56,'sql','SELECT COUNT(*) FROM ps_orders WHERE reference NOT IN (\"XKBKNABJK\", \"OHSATSERP\", \"FFATNOMMJ\", \"UOYEVOLI\", \"KHWLILZLL\")','>=','1000','0','time','2',0,'2019-11-18 05:19:26','2019-11-18 05:19:26'),(57,57,'sql','SELECT COUNT(*) FROM ps_orders WHERE reference NOT IN (\"XKBKNABJK\", \"OHSATSERP\", \"FFATNOMMJ\", \"UOYEVOLI\", \"KHWLILZLL\")','>=','10000','0','time','4',0,'2019-11-18 05:19:26','2019-11-18 05:19:26'),(58,58,'sql','SELECT COUNT(*) FROM ps_orders WHERE reference NOT IN (\"XKBKNABJK\", \"OHSATSERP\", \"FFATNOMMJ\", \"UOYEVOLI\", \"KHWLILZLL\")','>=','100000','0','time','8',0,'2019-11-18 05:19:26','2019-11-18 05:19:26'),(59,59,'sql','SELECT COUNT(*) FROM PREFIX_customer WHERE email != \"pub@prestashop.com\"','>=','1','1','hook','actionObjectCustomerAddAfter',1,'2019-11-18 05:19:26','2019-11-18 05:19:26'),(60,60,'sql','SELECT COUNT(*) FROM PREFIX_customer WHERE email != \"pub@prestashop.com\"','>=','10','1','hook','actionObjectCustomerAddAfter',0,'2019-11-18 05:19:26','2019-11-18 05:19:26'),(61,61,'sql','SELECT COUNT(*) FROM PREFIX_customer WHERE email != \"pub@prestashop.com\"','>=','100','1','hook','actionObjectCustomerAddAfter',0,'2019-11-18 05:19:26','2019-11-18 05:19:26'),(62,62,'sql','SELECT COUNT(*) FROM PREFIX_customer WHERE email != \"pub@prestashop.com\"','>=','1000','1','time','1',0,'2019-11-18 05:19:26','2019-11-18 05:19:26'),(63,63,'sql','SELECT COUNT(*) FROM PREFIX_customer WHERE email != \"pub@prestashop.com\"','>=','10000','1','time','2',0,'2019-11-18 05:19:26','2019-11-18 05:19:26'),(64,64,'sql','SELECT COUNT(*) FROM PREFIX_customer WHERE email != \"pub@prestashop.com\"','>=','100000','1','time','4',0,'2019-11-18 05:19:26','2019-11-18 05:19:26'),(65,65,'sql','SELECT COUNT(*) FROM PREFIX_customer_thread','>=','1','0','hook','actionObjectCustomerThreadAddAfter',0,'2019-11-18 05:19:26','2019-11-18 05:19:26'),(66,66,'sql','SELECT COUNT(*) FROM PREFIX_customer_thread','>=','10','0','hook','actionObjectCustomerThreadAddAfter',0,'2019-11-18 05:19:26','2019-11-18 05:19:26'),(67,67,'sql','SELECT COUNT(*) FROM PREFIX_customer_thread','>=','100','0','hook','actionObjectCustomerThreadAddAfter',0,'2019-11-18 05:19:26','2019-11-18 05:19:26'),(68,68,'sql','SELECT COUNT(*) FROM PREFIX_customer_thread','>=','1000','0','time','2',0,'2019-11-18 05:19:26','2019-11-18 05:19:26'),(69,69,'sql','SELECT COUNT(*) FROM PREFIX_customer_thread','>=','10000','0','time','4',0,'2019-11-18 05:19:26','2019-11-18 05:19:26'),(70,70,'sql','SELECT COUNT(*) FROM PREFIX_customer_thread','>=','100000','0','time','8',0,'2019-11-18 05:19:26','2019-11-18 05:19:26'),(71,76,'sql','SELECT IFNULL(id_order, 0) FROM PREFIX_orders o LEFT JOIN PREFIX_address a ON o.id_address_delivery = a.id_address LEFT JOIN PREFIX_country c ON c.id_country = a.id_country WHERE o.valid = 1 AND a.id_country != \"{config}PS_COUNTRY_DEFAULT{/config}\" AND c.iso_code IN (\r\n\"CA\",\r\n\"GL\",\r\n\"PM\",\r\n\"US\"\r\n)','!=','0','0','hook','actionOrderStatusUpdate',0,'2019-11-18 05:19:26','2019-11-18 05:19:26'),(72,79,'sql','SELECT IFNULL(id_order, 0) FROM PREFIX_orders o LEFT JOIN PREFIX_address a ON o.id_address_delivery = a.id_address LEFT JOIN PREFIX_country c ON c.id_country = a.id_country WHERE o.valid = 1 AND a.id_country != \"{config}PS_COUNTRY_DEFAULT{/config}\" AND c.iso_code IN (\r\n\"UM\",\r\n\"AS\",\r\n\"AU\",\r\n\"CK\",\r\n\"FJ\",\r\n\"FM\",\r\n\"GU\",\r\n\"KI\",\r\n\"MH,\"\r\n\"MP\",\r\n\"NC\",\r\n\"NF\",\r\n\"NR\",\r\n\"NU\",\r\n\"NZ\",\r\n\"PF\",\r\n\"PG\",\r\n\"PN\",\r\n\"PW\",\r\n\"SB\",\r\n\"TK\",\r\n\"TO\",\r\n\"TV\",\r\n\"VU\",\r\n\"WF\",\r\n\"WS\"\r\n)','!=','0','0','hook','actionOrderStatusUpdate',0,'2019-11-18 05:19:26','2019-11-18 05:19:26'),(73,85,'sql','SELECT IFNULL(id_order, 0) FROM PREFIX_orders o LEFT JOIN PREFIX_address a ON o.id_address_delivery = a.id_address LEFT JOIN PREFIX_country c ON c.id_country = a.id_country WHERE o.valid = 1 AND a.id_country != \"{config}PS_COUNTRY_DEFAULT{/config}\" AND c.iso_code IN (\r\n\"KG\",\r\n\"KZ\",\r\n\"TJ\",\r\n\"TM\",\r\n\"UZ\",\r\n\"AE\",\r\n\"AM\",\r\n\"AZ\",\r\n\"BH\",\r\n\"CY\",\r\n\"GE\",\r\n\"IL\",\r\n\"IQ\",\r\n\"IR\",\r\n\"JO\",\r\n\"KW\",\r\n\"LB\",\r\n\"OM\",\r\n\"QA\",\r\n\"SA\",\r\n\"SY\",\r\n\"TR\",\r\n\"YE\",\r\n\"AF\",\r\n\"BD\",\r\n\"BT\",\r\n\"IN\",\r\n\"IO\",\r\n\"LK\",\r\n\"MV\",\r\n\"NP\",\r\n\"PK\",\r\n\"CN\",\r\n\"HK\",\r\n\"JP\",\r\n\"KP\",\r\n\"KR\",\r\n\"MO\",\r\n\"TW\",\r\n\"MN\",\r\n\"BN\",\r\n\"CC\",\r\n\"CX\",\r\n\"ID\",\r\n\"KH\",\r\n\"LA\",\r\n\"MM\",\r\n\"MY\",\r\n\"PH\",\r\n\"SG\",\r\n\"TH\",\r\n\"TP\",\r\n\"VN\"\r\n)','!=','0','0','hook','actionOrderStatusUpdate',0,'2019-11-18 05:19:26','2019-11-18 05:19:26'),(74,86,'sql','SELECT IFNULL(id_order, 0) FROM PREFIX_orders o LEFT JOIN PREFIX_address a ON o.id_address_delivery = a.id_address LEFT JOIN PREFIX_country c ON c.id_country = a.id_country WHERE o.valid = 1 AND a.id_country != \"{config}PS_COUNTRY_DEFAULT{/config}\" AND c.iso_code IN (\r\n\"BZ\",\r\n\"CR\",\r\n\"GT\",\r\n\"HN\",\r\n\"MX\",\r\n\"NI\",\r\n\"PA\",\r\n\"SV\",\r\n\"AG\",\r\n\"AI\",\r\n\"AN\",\r\n\"AW\",\r\n\"BB\",\r\n\"BM\",\r\n\"BS\",\r\n\"CU\",\r\n\"DM\",\r\n\"DO\",\r\n\"GD\",\r\n\"GP\",\r\n\"HT\",\r\n\"JM\",\r\n\"KN\",\r\n\"KY\",\r\n\"LC\",\r\n\"MQ\",\r\n\"MS\",\r\n\"PR\",\r\n\"TC\",\r\n\"TT\",\r\n\"VC\",\r\n\"VG\",\r\n\"VI\",\r\n\"AR\",\r\n\"BO\",\r\n\"BR\",\r\n\"CL\",\r\n\"CO\",\r\n\"EC\",\r\n\"FK\",\r\n\"GF\",\r\n\"GY\",\r\n\"PE\",\r\n\"PY\",\r\n\"SR\",\r\n\"UY\",\r\n\"VE\"\r\n)','!=','0','0','hook','actionOrderStatusUpdate',0,'2019-11-18 05:19:26','2019-11-18 05:19:26'),(75,87,'sql','SELECT IFNULL(id_order, 0) FROM PREFIX_orders o LEFT JOIN PREFIX_address a ON o.id_address_delivery = a.id_address LEFT JOIN PREFIX_country c ON c.id_country = a.id_country WHERE o.valid = 1 AND a.id_country != \"{config}PS_COUNTRY_DEFAULT{/config}\" AND c.iso_code IN (\r\n\"BE\",\r\n\"DE\",\r\n\"FR\",\r\n\"FX\",\r\n\"GB\",\r\n\"IE\",\r\n\"LU\",\r\n\"MC\",\r\n\"NL\",\r\n\"IT\",\r\n\"MT\",\r\n\"SM\",\r\n\"VA\",\r\n\"AD\",\r\n\"ES\",\r\n\"GI\",\r\n\"PT\",\r\n\"BY\",\r\n\"EE\",\r\n\"LT\",\r\n\"LV\",\r\n\"MD\",\r\n\"PL\",\r\n\"UA\",\r\n\"AL\",\r\n\"BA\",\r\n\"BG\",\r\n\"GR\",\r\n\"HR\",\r\n\"MK\",\r\n\"RO\",\r\n\"SI\",\r\n\"YU\",\r\n\"RU\",\r\n\"AT\",\r\n\"CH\",\r\n\"CZ\",\r\n\"HU\",\r\n\"LI\",\r\n\"SK\",\r\n\"DK\",\r\n\"FI\",\r\n\"FO\",\r\n\"IS\",\r\n\"NO\",\r\n\"SE\",\r\n\"SJ\"\r\n)','!=','0','0','hook','actionOrderStatusUpdate',0,'2019-11-18 05:19:26','2019-11-18 05:19:26'),(76,88,'sql','SELECT IFNULL(id_order, 0) FROM PREFIX_orders o LEFT JOIN PREFIX_address a ON o.id_address_delivery = a.id_address LEFT JOIN PREFIX_country c ON c.id_country = a.id_country WHERE o.valid = 1 AND a.id_country != \"{config}PS_COUNTRY_DEFAULT{/config}\" AND c.iso_code IN (\r\n\"BI\",\r\n\"CF\",\r\n\"CG\",\r\n\"RW\",\r\n\"TD\",\r\n\"ZR\",\r\n\"DJ\",\r\n\"ER\",\r\n\"ET\",\r\n\"KE\",\r\n\"SO\",\r\n\"TZ\",\r\n\"UG\",\r\n\"KM\",\r\n\"MG\",\r\n\"MU\",\r\n\"RE\",\r\n\"SC\",\r\n\"YT\",\r\n\"AO\",\r\n\"BW\",\r\n\"LS\",\r\n\"MW\",\r\n\"MZ\",\r\n\"NA\",\r\n\"SZ\",\r\n\"ZA\",\r\n\"ZM\",\r\n\"ZW\",\r\n\"BF\",\r\n\"BJ\",\r\n\"CI\",\r\n\"CM\",\r\n\"CV\",\r\n\"GA\",\r\n\"GH\",\r\n\"GM\",\r\n\"GN\",\r\n\"GQ\",\r\n\"GW\",\r\n\"LR\",\r\n\"ML\",\r\n\"MR\",\r\n\"NE\",\r\n\"NG\",\r\n\"SL\",\r\n\"SN\",\r\n\"ST\",\r\n\"TG\"\r\n)','!=','0','0','hook','actionOrderStatusUpdate',0,'2019-11-18 05:19:26','2019-11-18 05:19:26'),(77,89,'sql','SELECT IFNULL(id_order, 0) FROM PREFIX_orders o LEFT JOIN PREFIX_address a ON o.id_address_delivery = a.id_address LEFT JOIN PREFIX_country c ON c.id_country = a.id_country WHERE o.valid = 1 AND a.id_country != \"{config}PS_COUNTRY_DEFAULT{/config}\" AND c.iso_code IN (\r\n\"DZ\",\r\n\"EG\",\r\n\"EH\",\r\n\"LY\",\r\n\"MA\",\r\n\"SD\",\r\n\"TN\"\r\n)','!=','0','0','hook','actionOrderStatusUpdate',0,'2019-11-18 05:19:26','2019-11-18 05:19:26'),(78,90,'sql','SELECT COUNT(*) FROM PREFIX_employee','>=','2','2','hook','actionObjectEmployeeAddAfter',1,'2019-11-18 05:19:26','2019-11-18 06:26:18'),(79,91,'sql','SELECT COUNT(*) FROM PREFIX_employee','>=','3','3','hook','actionObjectEmployeeAddAfter',1,'2019-11-18 05:19:26','2019-11-18 06:27:16'),(80,92,'sql','SELECT COUNT(*) FROM PREFIX_employee','>=','5','3','hook','actionObjectEmployeeAddAfter',0,'2019-11-18 05:19:26','2019-11-18 06:27:16'),(81,93,'sql','SELECT COUNT(*) FROM PREFIX_employee','>=','10','3','hook','actionObjectEmployeeAddAfter',0,'2019-11-18 05:19:26','2019-11-18 06:27:16'),(82,94,'sql','SELECT COUNT(*) FROM PREFIX_employee','>=','20','3','hook','actionObjectEmployeeAddAfter',0,'2019-11-18 05:19:26','2019-11-18 06:27:16'),(83,95,'sql','SELECT COUNT(*) FROM PREFIX_employee','>=','40','3','hook','actionObjectEmployeeAddAfter',0,'2019-11-18 05:19:26','2019-11-18 06:27:16'),(84,96,'sql','SELECT id_image FROM PREFIX_image WHERE id_image > 26','>','0','0','hook','actionObjectImageAddAfter',0,'2019-11-18 05:19:26','2019-11-18 05:19:26'),(85,97,'sql','SELECT COUNT(*) FROM PREFIX_image','>=','50','23','hook','actionObjectImageAddAfter',0,'2019-11-18 05:19:26','2019-11-18 05:19:26'),(86,98,'sql','SELECT COUNT(*) FROM PREFIX_image','>=','100','23','hook','actionObjectImageAddAfter',0,'2019-11-18 05:19:26','2019-11-18 05:19:26'),(87,99,'sql','SELECT COUNT(*) FROM PREFIX_image','>=','1000','23','time','2',0,'2019-11-18 05:19:26','2019-11-18 05:19:26'),(88,100,'sql','SELECT COUNT(*) FROM PREFIX_image','>=','10000','23','time','4',0,'2019-11-18 05:19:26','2019-11-18 05:19:26'),(89,101,'sql','SELECT COUNT(*) FROM PREFIX_image','>=','50000','23','time','8',0,'2019-11-18 05:19:26','2019-11-18 05:19:26'),(90,102,'sql','SELECT id_cms FROM PREFIX_cms WHERE id_cms > 5','>','0','6','hook','actionObjectCMSAddAfter',1,'2019-11-18 05:19:26','2019-11-18 06:44:36'),(91,103,'sql','SELECT COUNT(*) FROM PREFIX_cart_rule','>=','1','0','hook','actionObjectCartRuleAddAfter 	',0,'2019-11-18 05:19:26','2019-11-18 05:19:26'),(92,104,'sql','SELECT COUNT(*) FROM PREFIX_cart_rule','>=','10','0','hook','actionObjectCartRuleAddAfter 	',0,'2019-11-18 05:19:26','2019-11-18 05:19:26'),(93,105,'sql','SELECT COUNT(*) FROM PREFIX_cart_rule','>=','100','0','hook','actionObjectCartRuleAddAfter 	',0,'2019-11-18 05:19:26','2019-11-18 05:19:26'),(94,106,'sql','SELECT COUNT(*) FROM PREFIX_cart_rule','>=','1000','0','hook','actionObjectCartRuleAddAfter 	',0,'2019-11-18 05:19:26','2019-11-18 05:19:26'),(95,107,'sql','SELECT COUNT(*) FROM PREFIX_cart_rule','>=','500','0','hook','actionObjectCartRuleAddAfter 	',0,'2019-11-18 05:19:26','2019-11-18 05:19:26'),(96,108,'sql','SELECT COUNT(*) FROM PREFIX_cart_rule','>=','5000','0','hook','actionObjectCartRuleAddAfter 	',0,'2019-11-18 05:19:26','2019-11-18 05:19:26'),(97,109,'sql','SELECT COUNT(*) FROM PREFIX_orders o INNER JOIN PREFIX_address a ON a.id_address = o.id_address_delivery\r\nWHERE reference NOT IN (\"XKBKNABJK\", \"OHSATSERP\", \"FFATNOMMJ\", \"UOYEVOLI\", \"KHWLILZLL\") AND a.id_country != \"{config}PS_COUNTRY_DEFAULT{/config}\"','>=','1','0','hook','newOrder',0,'2019-11-18 05:19:26','2019-11-18 05:19:26'),(98,110,'sql','SELECT COUNT(*) FROM PREFIX_orders o INNER JOIN PREFIX_address a ON a.id_address = o.id_address_delivery\r\nWHERE reference NOT IN (\"XKBKNABJK\", \"OHSATSERP\", \"FFATNOMMJ\", \"UOYEVOLI\", \"KHWLILZLL\") AND a.id_country != \"{config}PS_COUNTRY_DEFAULT{/config}\"','>=','10','0','hook','actionOrderStatusUpdate',0,'2019-11-18 05:19:26','2019-11-18 05:19:26'),(99,111,'sql','SELECT COUNT(*) FROM PREFIX_orders o INNER JOIN PREFIX_address a ON a.id_address = o.id_address_delivery\r\nWHERE reference NOT IN (\"XKBKNABJK\", \"OHSATSERP\", \"FFATNOMMJ\", \"UOYEVOLI\", \"KHWLILZLL\") AND a.id_country != \"{config}PS_COUNTRY_DEFAULT{/config}\"','>=','100','0','hook','actionOrderStatusUpdate',0,'2019-11-18 05:19:26','2019-11-18 05:19:26'),(100,112,'sql','SELECT COUNT(*) FROM PREFIX_orders o INNER JOIN PREFIX_address a ON a.id_address = o.id_address_delivery\r\nWHERE reference NOT IN (\"XKBKNABJK\", \"OHSATSERP\", \"FFATNOMMJ\", \"UOYEVOLI\", \"KHWLILZLL\") AND a.id_country != \"{config}PS_COUNTRY_DEFAULT{/config}\"','>=','10000','0','hook','actionOrderStatusUpdate',0,'2019-11-18 05:19:26','2019-11-18 05:19:26'),(101,113,'sql','SELECT COUNT(*) FROM PREFIX_orders o INNER JOIN PREFIX_address a ON a.id_address = o.id_address_delivery\r\nWHERE reference NOT IN (\"XKBKNABJK\", \"OHSATSERP\", \"FFATNOMMJ\", \"UOYEVOLI\", \"KHWLILZLL\") AND a.id_country != \"{config}PS_COUNTRY_DEFAULT{/config}\"','>=','1000','0','hook','actionOrderStatusUpdate',0,'2019-11-18 05:19:26','2019-11-18 05:19:26'),(102,114,'sql','SELECT COUNT(*) FROM PREFIX_orders o INNER JOIN PREFIX_address a ON a.id_address = o.id_address_delivery\r\nWHERE reference NOT IN (\"XKBKNABJK\", \"OHSATSERP\", \"FFATNOMMJ\", \"UOYEVOLI\", \"KHWLILZLL\") AND a.id_country != \"{config}PS_COUNTRY_DEFAULT{/config}\"','>=','5000','0','hook','actionOrderStatusUpdate',0,'2019-11-18 05:19:26','2019-11-18 05:19:26'),(103,132,'sql','SELECT count(id_configuration) FROM PREFIX_configuration WHERE `name` = \'PS_SHOP_DOMAIN\' AND value IN (\'127.0.0.1\', \'localhost\' )','==','1','','time','1',0,'2019-11-18 05:19:26','2019-11-18 05:19:26'),(104,136,'sql','SELECT COUNT( id_module ) FROM PREFIX_module WHERE `name` like \"%ebay%\"','>=','1','0','hook','actionModuleInstallAfter',0,'2019-11-18 05:19:26','2019-11-18 05:22:27'),(105,140,'sql','SELECT COUNT( id_module ) FROM PREFIX_module WHERE `name` like \"%moneybookers%\"','>=','1','0','hook','actionModuleInstallAfter',0,'2019-11-18 05:19:26','2019-11-18 05:22:27'),(106,142,'sql','SELECT COUNT( id_module ) FROM PREFIX_module WHERE `name` like \"%paypal%\"','>=','1','','hook','actionModuleInstallAfter',0,'2019-11-18 05:19:26','2019-11-18 05:19:26'),(107,158,'install','','>=','90','','time','2',0,'2019-11-18 05:19:26','2019-11-18 05:19:26'),(108,159,'install','','<=','90','','time','2',0,'2019-11-18 05:19:26','2019-11-18 05:19:26'),(109,165,'sql','SELECT COUNT(s.`id_store`) FROM PREFIX_store s WHERE `latitude` NOT IN (\'25.76500500\', \'26.13793600\', \'26.00998700\', \'25.73629600\', \'25.88674000\') AND `longitude` NOT IN (\'-80.24379700\', \'-80.13943500\', \'-80.29447200\', \'-80.24479700\', \'-80.16329200\')','>','0','0','hook','actionAdminStoresControllerSaveAfter',0,'2019-11-18 05:19:26','2019-11-18 05:19:26'),(110,166,'sql','SELECT COUNT(s.`id_store`) FROM PREFIX_store s WHERE `latitude` NOT IN (\'25.76500500\', \'26.13793600\', \'26.00998700\', \'25.73629600\', \'25.88674000\') AND `longitude` NOT IN (\'-80.24379700\', \'-80.13943500\', \'-80.29447200\', \'-80.24479700\', \'-80.16329200\')','>','1','0','hook','actionAdminStoresControllerSaveAfter',0,'2019-11-18 05:19:26','2019-11-18 05:19:26'),(111,167,'sql','SELECT COUNT(s.`id_store`) FROM PREFIX_store s WHERE `latitude` NOT IN (\'25.76500500\', \'26.13793600\', \'26.00998700\', \'25.73629600\', \'25.88674000\') AND `longitude` NOT IN (\'-80.24379700\', \'-80.13943500\', \'-80.29447200\', \'-80.24479700\', \'-80.16329200\')','>','4','0','hook','actionAdminStoresControllerSaveAfter',0,'2019-11-18 05:19:26','2019-11-18 05:19:26'),(112,168,'sql','SELECT COUNT(s.`id_store`) FROM PREFIX_store s WHERE `latitude` NOT IN (\'25.76500500\', \'26.13793600\', \'26.00998700\', \'25.73629600\', \'25.88674000\') AND `longitude` NOT IN (\'-80.24379700\', \'-80.13943500\', \'-80.29447200\', \'-80.24479700\', \'-80.16329200\')','>','9','0','hook','actionAdminStoresControllerSaveAfter',0,'2019-11-18 05:19:26','2019-11-18 05:19:26'),(113,169,'sql','SELECT COUNT(s.`id_store`) FROM PREFIX_store s WHERE `latitude` NOT IN (\'25.76500500\', \'26.13793600\', \'26.00998700\', \'25.73629600\', \'25.88674000\') AND `longitude` NOT IN (\'-80.24379700\', \'-80.13943500\', \'-80.29447200\', \'-80.24479700\', \'-80.16329200\')','>','19','0','hook','actionAdminStoresControllerSaveAfter',0,'2019-11-18 05:19:26','2019-11-18 05:19:26'),(114,170,'sql','SELECT COUNT(s.`id_store`) FROM PREFIX_store s WHERE `latitude` NOT IN (\'25.76500500\', \'26.13793600\', \'26.00998700\', \'25.73629600\', \'25.88674000\') AND `longitude` NOT IN (\'-80.24379700\', \'-80.13943500\', \'-80.29447200\', \'-80.24479700\', \'-80.16329200\')','>','49','0','hook','actionAdminStoresControllerSaveAfter',0,'2019-11-18 05:19:26','2019-11-18 05:19:26'),(115,171,'sql','SELECT COUNT(*) FROM PREFIX_webservice_account','>=','1','0','hook','actionAdminWebserviceControllerSaveAfter',0,'2019-11-18 05:19:26','2019-11-18 05:19:26'),(116,172,'sql','SELECT COUNT(*) FROM PREFIX_webservice_account','>=','2','0','hook','actionAdminWebserviceControllerSaveAfter',0,'2019-11-18 05:19:26','2019-11-18 05:19:26'),(117,173,'sql','SELECT COUNT(*) FROM PREFIX_webservice_account','>=','3','0','hook','actionAdminWebserviceControllerSaveAfter',0,'2019-11-18 05:19:26','2019-11-18 05:19:26'),(118,174,'sql','SELECT COUNT(*) FROM PREFIX_webservice_account','>=','4','0','hook','actionAdminWebserviceControllerSaveAfter',0,'2019-11-18 05:19:26','2019-11-18 05:19:26'),(119,175,'sql','SELECT count(*) FROM	 PREFIX_configuration WHERE name = \'PS_HOSTED_MODE\'','==','0','','time','1',0,'2019-11-18 05:19:26','2019-11-18 05:19:26'),(120,209,'configuration','EBAY_CONFIGURATION_OK','==','1','','time','1',0,'2019-11-18 05:19:26','2019-11-18 05:19:26'),(121,320,'sql','SELECT COUNT( id_module ) FROM PREFIX_module WHERE `name` like \"%shopgate%\" ','>=','1','0','hook','actionModuleInstallAfter',0,'2019-11-18 05:19:26','2019-11-18 05:22:27'),(122,322,'configuration','SHOPGATE_CONFIGURATION_OK','==','1','','time','1',0,'2019-11-18 05:19:26','2019-11-18 05:19:26'),(123,323,'sql','SELECT COUNT( id_module ) FROM PREFIX_module WHERE `name` like \"%shoppingfluxexport%\" ','>=','1','0','hook','actionModuleInstallAfter',0,'2019-11-18 05:19:26','2019-11-18 05:22:27'),(124,324,'sql','SELECT COUNT( id_module ) FROM PREFIX_module WHERE `name` like \"%shoppingfluxexport%\" ','==','0','','time','1',0,'2019-11-18 05:19:26','2019-11-18 05:19:26'),(125,325,'sql','SELECT COUNT(*) FROM PREFIX_configuration WHERE name LIKE \'SHOPPINGFLUXEXPORT_CONFIGURATION_OK\' OR name LIKE \'SHOPPINGFLUXEXPORT_CONFIGURED\'','>=','1','0','time','1',0,'2019-11-18 05:19:26','2019-11-18 05:19:26'),(126,326,'sql','SELECT COUNT(*) FROM PREFIX_configuration WHERE (( name LIKE \'MONEYBOOKERS_CONFIGURATION_OK\') AND ( value = \'1\')) OR (( name LIKE \'MB_PAY_TO_EMAIL \') AND ( value != \'testaccount2@moneybookers.com \'))','==','2','0','time','1',0,'2019-11-18 05:19:26','2019-11-18 05:19:26'),(127,358,'sql','SELECT COUNT(*) FROM PREFIX_orders o LEFT JOIN PREFIX_order_state os ON os.id_order_state = o.current_state WHERE o.module like \"%ebay%\" AND os.logable = 1','>=','1','0','time','1',0,'2019-11-18 05:19:26','2019-11-18 05:19:26'),(128,359,'sql','SELECT COUNT(*) FROM PREFIX_orders o LEFT JOIN PREFIX_order_state os ON os.id_order_state = o.current_state WHERE o.module like \"%ebay%\" AND os.logable = 1 AND o.date_add > DATE_SUB(NOW(), INTERVAL 90 DAY)','>=','30','0','time','1',0,'2019-11-18 05:19:26','2019-11-18 05:19:26'),(129,375,'sql','SELECT COUNT(*) FROM PREFIX_orders o LEFT JOIN PREFIX_order_state os ON os.id_order_state = o.current_state WHERE o.module like \"%shopgate%\" AND os.logable = 1 AND o.date_add > DATE_SUB(NOW(), INTERVAL 90 DAY)','>=','1','0','time','1',0,'2019-11-18 05:19:26','2019-11-18 05:19:26'),(130,376,'sql','SELECT COUNT(*) FROM PREFIX_orders o LEFT JOIN PREFIX_order_state os ON os.id_order_state = o.current_state WHERE o.module like \"%shopgate%\" AND os.logable = 1 AND o.date_add > DATE_SUB(NOW(), INTERVAL 90 DAY)','>=','30','0','time','1',0,'2019-11-18 05:19:26','2019-11-18 05:19:26'),(131,377,'sql','SELECT COUNT(*) FROM PREFIX_orders o LEFT JOIN PREFIX_order_state os ON os.id_order_state = o.current_state WHERE o.module like \"%moneybookers%\" AND os.logable = 1 AND o.date_add > DATE_SUB(NOW(), INTERVAL 90 DAY)','>=','1','0','time','1',0,'2019-11-18 05:19:26','2019-11-18 05:19:26'),(132,394,'sql','SELECT COUNT(*) FROM PREFIX_orders o LEFT JOIN PREFIX_order_state os ON os.id_order_state = o.current_state WHERE o.module like \"%sofortbanking%\" AND os.logable = 1 AND o.date_add > DATE_SUB(NOW(), INTERVAL 90 DAY)','>=','30','0','time','1',0,'2019-11-18 05:19:26','2019-11-18 05:19:26'),(133,399,'sql','SELECT COUNT(*) FROM PREFIX_product WHERE reference NOT LIKE \"demo_%\"','>','499','','hook','actionObjectProductAddAfter',0,'2019-11-18 05:19:26','2019-11-18 05:19:26'),(134,424,'sql','SELECT COUNT( id_module ) FROM PREFIX_module WHERE `name` like \"%alliance3%\"','>=','1','0','hook','actionModuleInstallAfter',0,'2019-11-18 05:19:26','2019-11-18 05:22:27'),(135,425,'sql','SELECT COUNT(*) FROM PREFIX_configuration WHERE (( name LIKE \'ALLIANCE3_CONFIGURATION_OK\') AND ( value = \'1\')) OR (( name LIKE \'ALLIANCE_DEMO\') AND ( value = \'0\'))','==','2','0','time','1',0,'2019-11-18 05:19:26','2019-11-18 05:19:26'),(136,426,'sql','SELECT COUNT(*) FROM PREFIX_orders o LEFT JOIN PREFIX_order_state os ON os.id_order_state = o.current_state WHERE o.module like \"%alliance3%\" AND os.logable = 1','>=','1','0','time','2',0,'2019-11-18 05:19:26','2019-11-18 05:19:26'),(137,427,'sql','SELECT COUNT(*) FROM PREFIX_orders o LEFT JOIN PREFIX_order_state os ON os.id_order_state = o.current_state WHERE o.module like \"%alliance3%\" AND os.logable = 1 AND o.date_add > DATE_SUB(NOW(), INTERVAL 90 DAY)','>=','30','0','time','7',0,'2019-11-18 05:19:26','2019-11-18 05:19:26'),(138,428,'sql','SELECT COUNT( id_module ) FROM PREFIX_module WHERE `name` like \"%authorizeaim%\"','>=','1','0','hook','actionModuleInstallAfter',0,'2019-11-18 05:19:26','2019-11-18 05:22:27'),(139,429,'configuration','SELECT COUNT(*) FROM PREFIX_configuration WHERE (( name LIKE \'AUTHORIZEAIM_CONFIGURATION_OK\') AND ( value = \'1\')) OR (( name LIKE \'AUTHORIZE_AIM_SANDBOX\') AND ( value = \'0\'))','==','2','','time','2',0,'2019-11-18 05:19:26','2019-11-18 05:19:26'),(140,430,'sql','SELECT COUNT(*) FROM PREFIX_orders o LEFT JOIN PREFIX_order_state os ON os.id_order_state = o.current_state WHERE o.module like \"%authorizeaim%\" AND os.logable = 1','>=','1','0','time','2',0,'2019-11-18 05:19:26','2019-11-18 05:19:26'),(141,431,'sql','SELECT COUNT(*) FROM PREFIX_orders o LEFT JOIN PREFIX_order_state os ON os.id_order_state = o.current_state WHERE o.module like \"%authorizeaim%\" AND os.logable = 1 AND o.date_add > DATE_SUB(NOW(), INTERVAL 90 DAY)','>=','30','0','time','7',0,'2019-11-18 05:19:26','2019-11-18 05:19:26'),(142,434,'sql','SELECT COUNT( id_module ) FROM PREFIX_module WHERE `name` like \"%bluepay%\"','>=','1','0','hook','actionModuleInstallAfter',0,'2019-11-18 05:19:26','2019-11-18 05:22:27'),(143,435,'configuration','BLUEPAY_CONFIGURATION_OK','==','1','','time','1',0,'2019-11-18 05:19:26','2019-11-18 05:19:26'),(144,436,'sql','SELECT COUNT(*) FROM PREFIX_orders o LEFT JOIN PREFIX_order_state os ON os.id_order_state = o.current_state WHERE o.module like \"%bluepay%\" AND os.logable = 1','>=','1','0','time','2',0,'2019-11-18 05:19:26','2019-11-18 05:19:26'),(145,437,'sql','SELECT COUNT(*) FROM PREFIX_orders o LEFT JOIN PREFIX_order_state os ON os.id_order_state = o.current_state WHERE o.module like \"%bluepay%\" AND os.logable = 1 AND o.date_add > DATE_SUB(NOW(), INTERVAL 90 DAY)','>=','30','0','time','7',0,'2019-11-18 05:19:26','2019-11-18 05:19:26'),(146,438,'sql','SELECT COUNT( id_module ) FROM PREFIX_module WHERE `name` like \"%payplug%\"','>=','1','0','hook','actionModuleInstallAfter',0,'2019-11-18 05:19:26','2019-11-18 05:22:27'),(147,439,'configuration','PAYPLUG_CONFIGURATION_OK','==','1','','time','1',0,'2019-11-18 05:19:26','2019-11-18 05:19:26'),(148,440,'sql','SELECT COUNT(*) FROM PREFIX_orders o LEFT JOIN PREFIX_order_state os ON os.id_order_state = o.current_state WHERE o.module like \"%payplug%\" AND os.logable = 1','>=','1','0','time','2',0,'2019-11-18 05:19:27','2019-11-18 05:19:27'),(149,441,'sql','SELECT SUM(o.total_paid) FROM PREFIX_orders o LEFT JOIN PREFIX_order_state os ON os.id_order_state = o.current_state WHERE o.module like \"%payplug%\" AND os.logable = 1 AND o.date_add > DATE_SUB(NOW(), INTERVAL 90 DAY)','>=','10000','0','time','7',0,'2019-11-18 05:19:27','2019-11-18 05:19:27'),(150,442,'sql','SELECT COUNT( id_module ) FROM PREFIX_module WHERE `name` like \"%affinityitems%\"','>=','1','0','hook','actionModuleInstallAfter',0,'2019-11-18 05:19:27','2019-11-18 05:22:27'),(151,443,'sql','SELECT COUNT(*) FROM PREFIX_configuration WHERE name LIKE \'AFFINITYITEMS_CONFIGURATION_OK\' AND value = \'1\'','==','1','0','time','1',0,'2019-11-18 05:19:27','2019-11-18 05:19:27'),(152,446,'sql','SELECT COUNT( id_module ) FROM PREFIX_module WHERE `name` like \"%dpdpoland%\"','>=','1','0','hook','actionModuleInstallAfter',0,'2019-11-18 05:19:27','2019-11-18 05:22:27'),(153,447,'configuration','DPDPOLAND_CONFIGURATION_OK','==','1','','time','1',0,'2019-11-18 05:19:27','2019-11-18 05:19:27'),(154,448,'sql','SELECT COUNT(*) FROM PREFIX_orders o LEFT JOIN PREFIX_order_state os ON os.id_order_state = o.current_state LEFT JOIN PREFIX_carrier c ON c.id_carrier = o.id_carrier WHERE c.name like \"%dpdpoland%\" AND os.logable = 1','>=','1','0','time','2',0,'2019-11-18 05:19:27','2019-11-18 05:19:27'),(155,449,'sql','SELECT COUNT(*) FROM PREFIX_orders o LEFT JOIN PREFIX_order_state os ON os.id_order_state = o.current_state LEFT JOIN PREFIX_carrier c ON c.id_carrier = o.id_carrier WHERE c.name like \"%dpdpoland%\" AND os.logable = 1 AND o.date_add > DATE_SUB(NOW(), INTERVAL 90 DAY)','>=','100','0','time','7',0,'2019-11-18 05:19:27','2019-11-18 05:19:27'),(156,450,'sql','SELECT COUNT( id_module ) FROM PREFIX_module WHERE `name` like \"%envoimoinscher%\"','>=','1','0','hook','actionModuleInstallAfter',0,'2019-11-18 05:19:27','2019-11-18 05:22:27'),(157,451,'sql','SELECT COUNT(*) FROM PREFIX_configuration WHERE (( name LIKE \'ENVOIMOINSCHER_CONFIGURATION_OK\') AND ( value = \'1\')) OR (( name LIKE \'EMC_ENV \') AND ( value != \'TEST\'))','==','2','0','time','1',0,'2019-11-18 05:19:27','2019-11-18 05:19:27'),(158,452,'sql','SELECT COUNT(*) FROM PREFIX_orders o LEFT JOIN PREFIX_order_state os ON os.id_order_state = o.current_state LEFT JOIN PREFIX_carrier c ON c.id_carrier = o.id_carrier WHERE c.name like \"%envoimoinscher%\" AND os.logable = 1','>=','1','0','time','2',0,'2019-11-18 05:19:27','2019-11-18 05:19:27'),(159,453,'sql','SELECT COUNT(*) FROM PREFIX_orders o LEFT JOIN PREFIX_order_state os ON os.id_order_state = o.current_state LEFT JOIN PREFIX_carrier c ON c.id_carrier = o.id_carrier WHERE c.name like \"%envoimoinscher%\" AND os.logable = 1 AND o.date_add > DATE_SUB(NOW(), INTERVAL 90 DAY)','>=','100','0','time','7',0,'2019-11-18 05:19:27','2019-11-18 05:19:27'),(160,454,'sql','SELECT COUNT( id_module ) FROM PREFIX_module WHERE `name` like \"%klikandpay%\"','>=','1','0','hook','actionModuleInstallAfter',0,'2019-11-18 05:19:27','2019-11-18 05:22:27'),(161,455,'configuration','KLIKANDPAY_CONFIGURATION_OK','==','1','','time','1',0,'2019-11-18 05:19:27','2019-11-18 05:19:27'),(162,456,'sql','SELECT COUNT(*) FROM PREFIX_orders o LEFT JOIN PREFIX_order_state os ON os.id_order_state = o.current_state WHERE o.module like \"%klikandpay%\" AND os.logable = 1','>=','1','0','time','2',0,'2019-11-18 05:19:27','2019-11-18 05:19:27'),(163,457,'sql','SELECT COUNT(*) FROM PREFIX_orders o LEFT JOIN PREFIX_order_state os ON os.id_order_state = o.current_state WHERE o.module like \"%klikandpay%\" AND os.logable = 1 AND o.date_add > DATE_SUB(NOW(), INTERVAL 90 DAY)','>=','30','0','time','7',0,'2019-11-18 05:19:27','2019-11-18 05:19:27'),(164,458,'sql','SELECT COUNT( id_module ) FROM PREFIX_module WHERE `name` like \"%clickline%\"','>=','1','0','hook','actionModuleInstallAfter',0,'2019-11-18 05:19:27','2019-11-18 05:22:27'),(165,459,'configuration','CLICKLINE_CONFIGURATION_OK','==','1','','time','1',0,'2019-11-18 05:19:27','2019-11-18 05:19:27'),(166,460,'sql','SELECT COUNT(*) FROM PREFIX_orders o LEFT JOIN PREFIX_order_state os ON os.id_order_state = o.current_state LEFT JOIN PREFIX_carrier c ON c.id_carrier = o.id_carrier WHERE c.name like \"%clickline%\" AND os.logable = 1','>=','1','0','time','2',0,'2019-11-18 05:19:27','2019-11-18 05:19:27'),(167,461,'sql','SELECT COUNT(*) FROM PREFIX_orders o LEFT JOIN PREFIX_order_state os ON os.id_order_state = o.current_state LEFT JOIN PREFIX_carrier c ON c.id_carrier = o.id_carrier WHERE c.name like \"%clickline%\" AND os.logable = 1 AND o.date_add > DATE_SUB(NOW(), INTERVAL 90 DAY)','>=','100','0','time','7',0,'2019-11-18 05:19:27','2019-11-18 05:19:27'),(168,462,'sql','SELECT COUNT( id_module ) FROM PREFIX_module WHERE `name` like \"%cdiscount%\"','>=','1','0','hook','actionModuleInstallAfter',0,'2019-11-18 05:19:27','2019-11-18 05:22:27'),(169,463,'sql','SELECT 1','!=','1','1','time','100',0,'2019-11-18 05:19:27','2019-11-18 05:19:27'),(170,464,'sql','SELECT COUNT(*) FROM PREFIX_orders o LEFT JOIN PREFIX_order_state os ON os.id_order_state = o.current_state WHERE o.module like \"%cdiscount%\" AND os.logable = 1','>=','1','0','time','2',0,'2019-11-18 05:19:27','2019-11-18 05:19:27'),(171,465,'sql','SELECT SUM(o.total_paid) FROM PREFIX_orders o LEFT JOIN PREFIX_order_state os ON os.id_order_state = o.current_state WHERE o.module like \"%cdiscount%\" AND os.logable = 1 AND o.date_add > DATE_SUB(NOW(), INTERVAL 365 DAY)','>=','500','0','time','7',0,'2019-11-18 05:19:27','2019-11-18 05:19:27'),(172,467,'sql','SELECT COUNT( id_module ) FROM PREFIX_module WHERE `name` like \"%erpillicopresta%\"','>=','1','0','hook','actionModuleInstallAfter',0,'2019-11-18 05:19:27','2019-11-18 05:22:27'),(173,468,'configuration','SELECT COUNT(*) FROM PREFIX_configuration WHERE (( name LIKE \'ERPILLICOPRESTA_CONFIGURATION_OK\') AND ( value = \'1\')) OR (( name LIKE \'ERP_LICENCE_VALIDITY \') AND ( value == \'1\')) OR (( name LIKE \'ERP_MONTH_FREE_ACTIVE \') AND ( value == \'0\'))','==','3','','time','1',0,'2019-11-18 05:19:27','2019-11-18 05:19:27'),(174,469,'sql','SELECT 1','!=','1','1','time','100',0,'2019-11-18 05:19:27','2019-11-18 05:19:27'),(175,470,'sql','SELECT 1','!=','1','1','time','100',0,'2019-11-18 05:19:27','2019-11-18 05:19:27'),(176,471,'sql','SELECT COUNT( id_module ) FROM PREFIX_module WHERE `name` like \"%netreviews%\"','>=','1','0','hook','actionModuleInstallAfter',0,'2019-11-18 05:19:27','2019-11-18 05:22:27'),(177,472,'sql','SELECT COUNT(*) FROM PREFIX_configuration WHERE (( name LIKE \'NETREVIEWS_CONFIGURATION_OK\') AND ( value = \'1\')) OR (( name LIKE \'AVISVERIFIES_URLCERTIFICAT \') AND ( value IS NOT LIKE \'%preprod%\'))','==','2','0','time','1',0,'2019-11-18 05:19:27','2019-11-18 05:19:27'),(178,473,'sql','SELECT 1','!=','1','1','time','100',0,'2019-11-18 05:19:27','2019-11-18 05:19:27'),(179,474,'sql','SELECT 1','!=','1','1','time','100',0,'2019-11-18 05:19:27','2019-11-18 05:19:27'),(180,475,'sql','SELECT COUNT( id_module ) FROM PREFIX_module WHERE `name` like \"%bluesnap%\"','>=','1','0','hook','actionModuleInstallAfter',0,'2019-11-18 05:19:27','2019-11-18 05:22:27'),(181,476,'sql','SELECT COUNT(*) FROM PREFIX_configuration WHERE (( name LIKE \'BLUESNAP_CONFIGURATION_OK\') AND ( value = \'1\')) OR (( name LIKE \'BLUESNAP_SANDBOX \') AND ( value NOT LIKE \'%sandbox%\'))','==','2','0','time','1',0,'2019-11-18 05:19:27','2019-11-18 05:19:27'),(182,477,'sql','SELECT COUNT(*) FROM PREFIX_orders o LEFT JOIN PREFIX_order_state os ON os.id_order_state = o.current_state WHERE o.module like \"%bluesnap%\" AND os.logable = 1','>=','1','0','time','2',0,'2019-11-18 05:19:27','2019-11-18 05:19:27'),(183,478,'sql','SELECT COUNT(*) FROM PREFIX_orders o LEFT JOIN PREFIX_order_state os ON os.id_order_state = o.current_state WHERE o.module like \"%bluesnap%\" AND os.logable = 1 AND o.date_add > DATE_SUB(NOW(), INTERVAL 90 DAY)','>=','30','0','time','7',0,'2019-11-18 05:19:27','2019-11-18 05:19:27'),(184,479,'sql','SELECT COUNT( id_module ) FROM PREFIX_module WHERE `name` like \"%desjardins%\"','>=','1','0','hook','actionModuleInstallAfter',0,'2019-11-18 05:19:27','2019-11-18 05:22:27'),(185,480,'sql','SELECT COUNT(*) FROM PREFIX_configuration WHERE (( name LIKE \'DESJARDINS_CONFIGURATION_OK\') AND ( value = \'1\')) OR (( name LIKE \'DESJARDINS_MODE \') AND ( value NOT LIKE \'%test%\'))','==','2','0','time','1',0,'2019-11-18 05:19:27','2019-11-18 05:19:27'),(186,481,'sql','SELECT COUNT(*) FROM PREFIX_orders o LEFT JOIN PREFIX_order_state os ON os.id_order_state = o.current_state WHERE o.module like \"%desjardins%\" AND os.logable = 1','>=','1','0','time','2',0,'2019-11-18 05:19:27','2019-11-18 05:19:27'),(187,482,'sql','SELECT COUNT(*) FROM PREFIX_orders o LEFT JOIN PREFIX_order_state os ON os.id_order_state = o.current_state WHERE o.module like \"%desjardins%\" AND os.logable = 1 AND o.date_add > DATE_SUB(NOW(), INTERVAL 90 DAY)','>=','30','0','time','7',0,'2019-11-18 05:19:27','2019-11-18 05:19:27'),(188,483,'sql','SELECT COUNT( id_module ) FROM PREFIX_module WHERE `name` like \"%firstdata%\"','>=','1','0','hook','actionModuleInstallAfter',0,'2019-11-18 05:19:27','2019-11-18 05:22:27'),(189,484,'configuration','FIRSTDATA_CONFIGURATION_OK','==','1','','time','1',0,'2019-11-18 05:19:27','2019-11-18 05:19:27'),(190,485,'sql','SELECT COUNT(*) FROM PREFIX_orders o LEFT JOIN PREFIX_order_state os ON os.id_order_state = o.current_state WHERE o.module like \"%firstdata%\" AND os.logable = 1','>=','1','0','time','2',0,'2019-11-18 05:19:27','2019-11-18 05:19:27'),(191,486,'sql','SELECT COUNT(*) FROM PREFIX_orders o LEFT JOIN PREFIX_order_state os ON os.id_order_state = o.current_state WHERE o.module like \"%firstdata%\" AND os.logable = 1 AND o.date_add > DATE_SUB(NOW(), INTERVAL 90 DAY)','>=','30','0','time','7',0,'2019-11-18 05:19:27','2019-11-18 05:19:27'),(192,487,'sql','SELECT COUNT( id_module ) FROM PREFIX_module WHERE `name` like \"%giveit%\"','>=','1','0','hook','actionModuleInstallAfter',0,'2019-11-18 05:19:27','2019-11-18 05:22:27'),(193,488,'sql','GIVEIT_CONFIGURATION_OK','>=','1','0','time','1',0,'2019-11-18 05:19:27','2019-11-18 05:19:27'),(194,489,'sql','SELECT 1','!=','1','1','time','365',0,'2019-11-18 05:19:27','2019-11-18 05:19:27'),(195,490,'sql','SELECT 1','!=','1','1','time','365',0,'2019-11-18 05:19:27','2019-11-18 05:19:27'),(196,491,'sql','SELECT COUNT( id_module ) FROM PREFIX_module WHERE `name` like \"%ganalytics%\"','>=','1','0','hook','actionModuleInstallAfter',0,'2019-11-18 05:19:27','2019-11-18 05:22:27'),(197,492,'configuration','GANALYTICS_CONFIGURATION_OK','==','1','','time','1',0,'2019-11-18 05:19:27','2019-11-18 05:19:27'),(198,493,'sql','SELECT 1','!=','1','1','time','1',0,'2019-11-18 05:19:27','2019-11-18 05:19:27'),(199,494,'sql','SELECT 1','!=','1','1','time','365',0,'2019-11-18 05:19:27','2019-11-18 05:19:27'),(200,496,'sql','SELECT COUNT( id_module ) FROM PREFIX_module WHERE `name` like \"%pagseguro%\"','>=','1','0','hook','actionModuleInstallAfter',0,'2019-11-18 05:19:27','2019-11-18 05:22:27'),(201,497,'configuration','PAGSEGURO_CONFIGURATION_OK','==','1','','time','1',0,'2019-11-18 05:19:27','2019-11-18 05:19:27'),(202,498,'sql','SELECT COUNT(*) FROM PREFIX_orders o LEFT JOIN PREFIX_order_state os ON os.id_order_state = o.current_state WHERE o.module like \"%pagseguro%\" AND os.logable = 1','>=','1','0','time','2',0,'2019-11-18 05:19:27','2019-11-18 05:19:27'),(203,499,'sql','SELECT COUNT(*) FROM PREFIX_orders o LEFT JOIN PREFIX_order_state os ON os.id_order_state = o.current_state WHERE o.module like \"%pagseguro%\" AND os.logable = 1 AND o.date_add > DATE_SUB(NOW(), INTERVAL 90 DAY)','>=','30','0','time','7',0,'2019-11-18 05:19:27','2019-11-18 05:19:27'),(204,500,'sql','SELECT COUNT( id_module ) FROM PREFIX_module WHERE `name` like \"%paypalmx%\"','>=','1','0','hook','actionModuleInstallAfter',0,'2019-11-18 05:19:27','2019-11-18 05:22:27'),(205,501,'sql','SELECT COUNT(*) FROM PREFIX_configuration WHERE (( name LIKE \'PAYPALMX_CONFIGURATION_OK\') AND ( value = \'1\')) OR (( name LIKE \'PAYPAL_MX_SANDBOX\') AND ( value = \'0\'))','==','2','0','time','1',0,'2019-11-18 05:19:27','2019-11-18 05:19:27'),(206,502,'sql','SELECT COUNT(*) FROM PREFIX_orders o LEFT JOIN PREFIX_order_state os ON os.id_order_state = o.current_state WHERE o.module like \"%paypalmx%\" AND os.logable = 1','>=','1','0','time','2',0,'2019-11-18 05:19:27','2019-11-18 05:19:27'),(207,503,'sql','SELECT COUNT(*) FROM PREFIX_orders o LEFT JOIN PREFIX_order_state os ON os.id_order_state = o.current_state WHERE o.module like \"%paypalmx%\" AND os.logable = 1 AND o.date_add > DATE_SUB(NOW(), INTERVAL 90 DAY)','>=','30','0','time','7',0,'2019-11-18 05:19:27','2019-11-18 05:19:27'),(208,505,'sql','SELECT COUNT( id_module ) FROM PREFIX_module WHERE `name` like \"%paypalusa%\"','==','1','0','hook','actionModuleInstallAfter',0,'2019-11-18 05:19:27','2019-11-18 05:22:27'),(209,506,'sql','SELECT COUNT(*) FROM PREFIX_configuration WHERE (( name LIKE \'PAYPALUSA_CONFIGURATION_OK\') AND ( value = \'1\')) OR (( name LIKE \'PAYPAL_USA_SANDBOX\') AND ( value = \'0\'))','==','2','0','time','1',0,'2019-11-18 05:19:27','2019-11-18 05:19:27'),(210,507,'sql','SELECT COUNT(*) FROM PREFIX_orders o LEFT JOIN PREFIX_order_state os ON os.id_order_state = o.current_state WHERE o.module like \"%paypalusa%\" AND os.logable = 1','>=','1','0','time','2',0,'2019-11-18 05:19:27','2019-11-18 05:19:27'),(211,508,'sql','SELECT COUNT(*) FROM PREFIX_orders o LEFT JOIN PREFIX_order_state os ON os.id_order_state = o.current_state WHERE o.module like \"%paypalmx%\" AND os.logable = 1 AND o.date_add > DATE_SUB(NOW(), INTERVAL 90 DAY)','>=','30','0','time','7',0,'2019-11-18 05:19:27','2019-11-18 05:19:27'),(212,509,'sql','SELECT COUNT( id_module ) FROM PREFIX_module WHERE `name` like \"%payulatam%\"','==','1','0','hook','actionModuleInstallAfter',0,'2019-11-18 05:19:27','2019-11-18 05:22:27'),(213,510,'sql','SELECT COUNT(*) FROM PREFIX_configuration WHERE (( name LIKE \'PAYULATAM_CONFIGURATION_OK\') AND ( value = \'1\')) OR (( name LIKE \'PAYU_LATAM_TEST\') AND ( value = \'1\'))','==','2','0','time','1',0,'2019-11-18 05:19:27','2019-11-18 05:19:27'),(214,511,'sql','SELECT COUNT(*) FROM PREFIX_orders o LEFT JOIN PREFIX_order_state os ON os.id_order_state = o.current_state WHERE o.module like \"%payulatam%\" AND os.logable = 1','>=','1','0','time','2',0,'2019-11-18 05:19:27','2019-11-18 05:19:27'),(215,512,'sql','SELECT COUNT(*) FROM PREFIX_orders o LEFT JOIN PREFIX_order_state os ON os.id_order_state = o.current_state WHERE o.module like \"%payulatam%\" AND os.logable = 1 AND o.date_add > DATE_SUB(NOW(), INTERVAL 90 DAY)','>=','30','0','time','7',0,'2019-11-18 05:19:27','2019-11-18 05:19:27'),(216,513,'sql','SELECT COUNT( id_module ) FROM PREFIX_module WHERE `name` like \"%prestastats%\"','==','1','0','hook','actionModuleInstallAfter',0,'2019-11-18 05:19:27','2019-11-18 05:22:27'),(217,514,'configuration','PRESTASTATS_CONFIGURATION_OK','==','1','','time','1',0,'2019-11-18 05:19:27','2019-11-18 05:19:27'),(218,515,'sql','SELECT 1','!=','1','1','time','365',0,'2019-11-18 05:19:27','2019-11-18 05:19:27'),(219,516,'sql','SELECT 1','!=','1','1','time','365',0,'2019-11-18 05:19:27','2019-11-18 05:19:27'),(220,517,'sql','SELECT COUNT( id_module ) FROM PREFIX_module WHERE `name` like \"%riskified%\"','==','1','0','hook','actionModuleInstallAfter',0,'2019-11-18 05:19:27','2019-11-18 05:22:27'),(221,518,'sql','SELECT COUNT(*) FROM PREFIX_configuration WHERE (( name LIKE \'RISKIFIED_CONFIGURATION_OK\') AND ( value = \'1\')) OR (( name LIKE \'RISKIFIED_MODE\') AND ( value = \'1\'))','==','2','0','time','1',0,'2019-11-18 05:19:27','2019-11-18 05:19:27'),(222,519,'sql','SELECT COUNT(*) FROM PREFIX_orders o LEFT JOIN PREFIX_order_state os ON os.id_order_state = o.current_state WHERE o.module like \"%riskified%\" AND os.logable = 1','>=','1','0','time','2',0,'2019-11-18 05:19:27','2019-11-18 05:19:27'),(223,520,'sql','SELECT COUNT(*) FROM PREFIX_orders o LEFT JOIN PREFIX_order_state os ON os.id_order_state = o.current_state WHERE o.module like \"%riskified%\" AND os.logable = 1 AND o.date_add > DATE_SUB(NOW(), INTERVAL 90 DAY)','>=','30','0','time','7',0,'2019-11-18 05:19:27','2019-11-18 05:19:27'),(224,521,'sql','SELECT COUNT( id_module ) FROM PREFIX_module WHERE `name` like \"%simplifycommerce%\"','==','1','0','hook','actionModuleInstallAfter',0,'2019-11-18 05:19:27','2019-11-18 05:22:27'),(225,522,'sql','SELECT COUNT(*) FROM PREFIX_configuration WHERE (( name LIKE \'SIMPLIFY_CONFIGURATION_OK\') AND ( value = \'1\')) OR (( name LIKE \'SIMPLIFY_MODE\') AND ( value = \'1\'))','==','2','0','time','1',0,'2019-11-18 05:19:27','2019-11-18 05:19:27'),(226,523,'sql','SELECT COUNT(*) FROM PREFIX_orders o LEFT JOIN PREFIX_order_state os ON os.id_order_state = o.current_state WHERE o.module like \"%simplifycommerce%\" AND os.logable = 1','>=','1','0','time','2',0,'2019-11-18 05:19:27','2019-11-18 05:19:27'),(227,524,'sql','SELECT COUNT(*) FROM PREFIX_orders o LEFT JOIN PREFIX_order_state os ON os.id_order_state = o.current_state WHERE o.module like \"%simplifycommerce%\" AND os.logable = 1 AND o.date_add > DATE_SUB(NOW(), INTERVAL 90 DAY)','>=','30','0','time','7',0,'2019-11-18 05:19:27','2019-11-18 05:19:27'),(228,525,'sql','SELECT COUNT( id_module ) FROM PREFIX_module WHERE `name` like \"%vtpayment%\"','==','1','0','hook','actionModuleInstallAfter',0,'2019-11-18 05:19:27','2019-11-18 05:22:27'),(229,526,'configuration','VTPAYMENT_CONFIGURATION_OK','==','1','','time','1',0,'2019-11-18 05:19:27','2019-11-18 05:19:27'),(230,527,'sql','SELECT COUNT(*) FROM PREFIX_orders o LEFT JOIN PREFIX_order_state os ON os.id_order_state = o.current_state WHERE o.module like \"%vtpayment%\" AND os.logable = 1','>=','1','0','time','2',0,'2019-11-18 05:19:27','2019-11-18 05:19:27'),(231,528,'sql','SELECT COUNT(*) FROM PREFIX_orders o LEFT JOIN PREFIX_order_state os ON os.id_order_state = o.current_state WHERE o.module like \"%vtpayment%\" AND os.logable = 1 AND o.date_add > DATE_SUB(NOW(), INTERVAL 90 DAY)','>=','30','0','time','7',0,'2019-11-18 05:19:27','2019-11-18 05:19:27'),(232,529,'sql','SELECT COUNT( id_module ) FROM PREFIX_module WHERE `name` like \"%yotpo%\"','==','1','0','hook','actionModuleInstallAfter',0,'2019-11-18 05:19:27','2019-11-18 05:22:27'),(233,530,'configuration','YOTPO_CONFIGURATION_OK','==','1','','time','1',0,'2019-11-18 05:19:27','2019-11-18 05:19:27'),(234,531,'sql','SELECT 1','!=','1','1','time','365',0,'2019-11-18 05:19:27','2019-11-18 05:19:27'),(235,532,'sql','SELECT 1','!=','1','1','time','365',0,'2019-11-18 05:19:27','2019-11-18 05:19:27'),(236,533,'sql','SELECT COUNT( id_module ) FROM PREFIX_module WHERE `name` like \"%yotpo%\"','==','1','0','hook','actionModuleInstallAfter',0,'2019-11-18 05:19:27','2019-11-18 05:22:27'),(237,534,'sql','SELECT COUNT(*) FROM PREFIX_configuration WHERE (( name LIKE \'YOUSTICERESOLUTIONSYSTEM_CONF_OK\') AND ( value = \'1\')) OR (( name LIKE \'YRS_SANDBOX\') AND ( value = \'0\'))','==','2','0','time','1',0,'2019-11-18 05:19:27','2019-11-18 05:19:27'),(238,535,'sql','SELECT 1','!=','1','1','time','365',0,'2019-11-18 05:19:27','2019-11-18 05:19:27'),(239,536,'sql','SELECT 1','!=','1','1','time','365',0,'2019-11-18 05:19:27','2019-11-18 05:19:27'),(240,537,'sql','SELECT COUNT( id_module ) FROM PREFIX_module WHERE `name` like \"%loyaltylion%\"','>=','1','0','hook','actionModuleInstallAfter',0,'2019-11-18 05:19:27','2019-11-18 05:22:27'),(241,538,'configuration','LOYALTYLION_CONFIGURATION_OK','==','1','','time','1',0,'2019-11-18 05:19:27','2019-11-18 05:19:27'),(242,539,'sql','SELECT 1','!=','1','1','time','365',0,'2019-11-18 05:19:27','2019-11-18 05:19:27'),(243,540,'sql','SELECT 1','!=','1','1','time','365',0,'2019-11-18 05:19:27','2019-11-18 05:19:27'),(244,542,'sql','SELECT \'{config} PS_VERSION_DB{/config}\' >= \'1.7.0.0\' AND < \'1.8.0.0\'','==','1','','time','1',0,'2019-11-18 05:19:27','2019-11-18 05:19:27');

--
